INSERT INTO `components` (`id`, `component_category_id`, `component_group_id`, `exclude_list_id`, `allergy_list_id`, `name`, `img`, `brand`, `type`, `measuringunit`, `purchaseunit`, `wastage`, `increase`, `decrease`, `minimum`, `cals`, `proteins`, `carbs`, `fats`, `cholosterol`, `sodium`, `fiber`, `sugar`, `vitaminc`, `vitamina`, `calcium`, `iron`, `box_quantity`, `quantity`, `price`, `status`, `created_at`, `updated_at`) VALUES
(1902, 15, 1, NULL, NULL, 'Cooked Savoy Cabbage', NULL, 'No Brand', 'fresh', 'gram', NULL, 0, 0, 0, 0, 0.24, 0.02, 0.05, 0, 0, 0, 0, 0, 0, 0, 0, 0, 0, 0, 0, 'show', '2022-11-02 09:01:24', '2022-11-02 09:01:24'),
(1903, 15, 1, NULL, NULL, 'Cooked Scallop Squash', NULL, 'No Brand', 'fresh', 'gram', NULL, 0, 0, 0, 0, 0.16, 0.01, 0.03, 0, 0, 0, 0, 0, 0, 0, 0, 0, 0, 0, 0, 'show', '2022-11-02 09:01:24', '2022-11-02 09:01:24'),
(1904, 15, 1, NULL, 10, 'Cooked Shiitake Mushrooms', NULL, 'No Brand', 'fresh', 'gram', NULL, 0, 0, 0, 0, 0.56, 0.02, 0.14, 0, 0, 0, 0, 0, 0, 0, 0, 0, 0, 0, 0, 'show', '2022-11-02 09:01:24', '2022-11-02 09:01:24'),
(1905, 15, 8, 3, 1, 'Cooked Soybean Sprouts', NULL, 'No Brand', 'fresh', 'gram', NULL, 0, 0, 0, 0, 0.81, 0.08, 0.07, 0.04, 0, 0, 0, 0, 0, 0, 0, 0, 0, 0, 0, 'show', '2022-11-02 09:01:24', '2022-11-02 09:01:24'),
(1906, 15, 1, NULL, NULL, 'Cooked Spaghetti Squash', NULL, 'No Brand', 'fresh', 'gram', NULL, 0, 0, 0, 0, 0.27, 0.01, 0.06, 0, 0, 0, 0, 0, 0, 0, 0, 0, 0, 0, 0, 'show', '2022-11-02 09:01:24', '2022-11-02 09:01:24'),
(1907, 15, 1, NULL, NULL, 'Cooked Swamp Cabbage', NULL, 'No Brand', 'fresh', 'gram', NULL, 0, 0, 0, 0, 0.2, 0.02, 0.04, 0, 0, 0, 0, 0, 0, 0, 0, 0, 0, 0, 0, 'show', '2022-11-02 09:01:24', '2022-11-02 09:01:24'),
(1908, 15, 1, NULL, NULL, 'Cooked Swiss Chard', NULL, 'No Brand', 'fresh', 'gram', NULL, 0, 0, 0, 0, 0.2, 0.02, 0.04, 0, 0, 0, 0, 0, 0, 0, 0, 0, 0, 0, 0, 'show', '2022-11-02 09:01:24', '2022-11-02 09:01:24'),
(1909, 15, 1, NULL, NULL, 'Cooked Tahitian Taro', NULL, 'No Brand', 'fresh', 'gram', NULL, 0, 0, 0, 0, 0.44, 0.04, 0.07, 0.01, 0, 0, 0, 0, 0, 0, 0, 0, 0, 0, 0, 'show', '2022-11-02 09:01:25', '2022-11-02 09:01:25'),
(1910, 15, 1, NULL, NULL, 'Cooked Taro', NULL, 'No Brand', 'fresh', 'gram', NULL, 0, 0, 0, 0, 1.42, 0.01, 0.35, 0, 0, 0, 0, 0, 0, 0, 0, 0, 0, 0, 0, 'show', '2022-11-02 09:01:25', '2022-11-02 09:01:25'),
(1911, 15, 1, 17, NULL, 'Cooked Tomatoes', NULL, 'No Brand', 'fresh', 'gram', NULL, 0, 0, 0, 0, 0.18, 0.01, 0.04, 0, 0, 0, 0, 0, 0, 0, 0, 0, 0, 0, 0, 'show', '2022-11-02 09:01:25', '2022-11-02 09:01:25'),
(1912, 15, 1, NULL, NULL, 'Cooked Turnips', NULL, 'No Brand', 'fresh', 'gram', NULL, 0, 0, 0, 0, 0.22, 0.01, 0.05, 0, 0, 0, 0, 0, 0, 0, 0, 0, 0, 0, 0, 'show', '2022-11-02 09:01:25', '2022-11-02 09:01:25'),
(1913, 15, 1, NULL, 10, 'Cooked White Button Mushrooms', NULL, 'No Brand', 'fresh', 'gram', NULL, 0, 0, 0, 0, 0.28, 0.02, 0.05, 0, 0, 0, 0, 0, 0, 0, 0, 0, 0, 0, 0, 'show', '2022-11-02 09:01:25', '2022-11-02 09:01:25'),
(1914, 15, 1, NULL, NULL, 'Cooked Winter Squash', NULL, 'No Brand', 'fresh', 'gram', NULL, 0, 0, 0, 0, 0.37, 0.01, 0.09, 0, 0, 0, 0, 0, 0, 0, 0, 0, 0, 0, 0, 'show', '2022-11-02 09:01:25', '2022-11-02 09:01:25'),
(1915, 15, 1, NULL, NULL, 'Cooked Yam', NULL, 'No Brand', 'fresh', 'gram', NULL, 0, 0, 0, 0, 1.16, 0.01, 0.27, 0, 0, 0, 0, 0, 0, 0, 0, 0, 0, 0, 0, 'show', '2022-11-02 09:01:25', '2022-11-02 09:01:25'),
(1916, 15, 8, 2, NULL, 'Cooked Yellow Snap Beans', NULL, 'No Brand', 'fresh', 'gram', NULL, 0, 0, 0, 0, 0.35, 0.02, 0.08, 0, 0, 0, 0, 0, 0, 0, 0, 0, 0, 0, 0, 'show', '2022-11-02 09:01:25', '2022-11-02 09:01:25'),
(1917, 15, 1, NULL, NULL, 'Cooked Yellow Sweet Corn', NULL, 'No Brand', 'fresh', 'gram', NULL, 0, 0, 0, 0, 0.96, 0.03, 0.21, 0.02, 0, 0, 0, 0, 0, 0, 0, 0, 0, 0, 0, 'show', '2022-11-02 09:01:25', '2022-11-02 09:01:25'),
(1918, 15, 1, 19, NULL, 'Cooked Zucchini', NULL, 'No Brand', 'fresh', 'gram', NULL, 0, 0, 0, 0, 0.15, 0.01, 0.03, 0, 0, 0, 0, 0, 0, 0, 0, 0, 0, 0, 0, 'show', '2022-11-02 09:01:25', '2022-11-02 09:01:25'),
(1919, 15, 1, NULL, NULL, 'Corn Fritter', NULL, 'No Brand', 'fresh', 'gram', NULL, 0, 0, 0, 0, 3.94, 0.08, 0.41, 0.23, 0, 0, 0, 0, 0, 0, 0, 0, 0, 0, 0, 'show', '2022-11-02 09:01:26', '2022-11-02 09:01:26'),
(1920, 15, 1, NULL, NULL, 'Corn Yellow Cooked From Fresh Made With Oil', NULL, 'No Brand', 'fresh', 'gram', NULL, 0, 0, 0, 0, 1.17, 0.03, 0.2, 0.04, 0, 0, 0, 0, 0, 0, 0, 0, 0, 0, 0, 'show', '2022-11-02 09:01:26', '2022-11-02 09:01:26'),
(1921, 15, 1, NULL, NULL, 'Cowpeas Leafy Tips Cooked Boiled Drained Without Salt', NULL, 'No Brand', 'fresh', 'gram', NULL, 0, 0, 0, 0, 0.22, 0.05, 0.03, 0, 0, 0, 0, 0, 0, 0, 0, 0, 0, 0, 0, 'show', '2022-11-02 09:01:26', '2022-11-02 09:01:26'),
(1922, 15, 1, NULL, NULL, 'Cowpeas Leafy Tips Raw', NULL, 'No Brand', 'fresh', 'gram', NULL, 0, 0, 0, 0, 0.29, 0.04, 0.05, 0, 0, 0, 0, 0, 0, 0, 0, 0, 0, 0, 0, 'show', '2022-11-02 09:01:26', '2022-11-02 09:01:26'),
(1923, 15, 1, NULL, NULL, 'Cowpeas Young Pods With Seeds Raw', NULL, 'No Brand', 'fresh', 'gram', NULL, 0, 0, 0, 0, 0.44, 0.03, 0.1, 0, 0, 0, 0, 0, 0, 0, 0, 0, 0, 0, 0, 'show', '2022-11-02 09:01:26', '2022-11-02 09:01:26'),
(1924, 15, 1, NULL, NULL, 'Cress Cooked From Fresh Made With Oil', NULL, 'No Brand', 'fresh', 'gram', NULL, 0, 0, 0, 0, 0.51, 0.02, 0.04, 0.04, 0, 0, 0, 0, 0, 0, 0, 0, 0, 0, 0, 'show', '2022-11-02 09:01:26', '2022-11-02 09:01:26'),
(1925, 15, 1, 18, NULL, 'Cucumber And Vegetable Namasu', NULL, 'No Brand', 'fresh', 'gram', NULL, 0, 0, 0, 0, 0.54, 0, 0.13, 0, 0, 0, 0, 0, 0, 0, 0, 0, 0, 0, 0, 'show', '2022-11-02 09:01:26', '2022-11-02 09:01:26'),
(1926, 15, 1, 18, NULL, 'Cucumber Cooked Made With Oil', NULL, 'No Brand', 'fresh', 'gram', NULL, 0, 0, 0, 0, 0.52, 0.01, 0.04, 0.04, 0, 0, 0, 0, 0, 0, 0, 0, 0, 0, 0, 'show', '2022-11-02 09:01:26', '2022-11-02 09:01:26'),
(1927, 15, 1, 18, NULL, 'Cucumber Peeled Raw', NULL, 'No Brand', 'fresh', 'gram', NULL, 0, 0, 0, 0, 0.1, 0.01, 0.02, 0, 0, 0, 0, 0, 0, 0, 0, 0, 0, 0, 0, 'show', '2022-11-02 09:01:26', '2022-11-02 09:01:26'),
(1928, 15, 1, 18, NULL, 'Cucumber Raw', NULL, 'No Brand', 'fresh', 'gram', NULL, 0, 0, 0, 0, 0.12, 0.01, 0.02, 0, 0, 0, 0, 0, 0, 0, 0, 0, 0, 0, 0, 'show', '2022-11-02 09:01:26', '2022-11-02 09:01:26'),
(1929, 15, 1, NULL, NULL, 'Dandelion Greens', NULL, 'No Brand', 'fresh', 'gram', NULL, 0, 0, 0, 0, 0.45, 0.03, 0.09, 0.01, 0, 0, 0, 0, 0, 0, 0, 0, 0, 0, 0, 'show', '2022-11-02 09:01:26', '2022-11-02 09:01:26'),
(1930, 15, 1, NULL, NULL, 'Dandelion Greens Cooked Made With Oil', NULL, 'No Brand', 'fresh', 'gram', NULL, 0, 0, 0, 0, 0.68, 0.02, 0.06, 0.05, 0, 0, 0, 0, 0, 0, 0, 0, 0, 0, 0, 'show', '2022-11-02 09:01:26', '2022-11-02 09:01:26'),
(1931, 15, 1, NULL, NULL, 'Dasheen Fried', NULL, 'No Brand', 'fresh', 'gram', NULL, 0, 0, 0, 0, 2.53, 0.01, 0.43, 0.09, 0, 0, 0, 0, 0, 0, 0, 0, 0, 0, 0, 'show', '2022-11-02 09:01:27', '2022-11-02 09:01:27'),
(1932, 15, 1, NULL, NULL, 'Dock Cooked Boiled Drained Without Salt', NULL, 'No Brand', 'fresh', 'gram', NULL, 0, 0, 0, 0, 0.2, 0.02, 0.03, 0.01, 0, 0, 0, 0, 0, 0, 0, 0, 0, 0, 0, 'show', '2022-11-02 09:01:27', '2022-11-02 09:01:27'),
(1933, 15, 1, NULL, 10, 'Dried Fungi Cloud Ears', NULL, 'No Brand', 'fresh', 'gram', NULL, 0, 0, 0, 0, 2.84, 0.09, 0.73, 0.01, 0, 0, 0, 0, 0, 0, 0, 0, 0, 0, 0, 'show', '2022-11-02 09:01:27', '2022-11-02 09:01:27'),
(1934, 15, 1, NULL, NULL, 'Dried Pasilla Peppers', NULL, 'No Brand', 'fresh', 'gram', NULL, 0, 0, 0, 0, 3.45, 0.12, 0.51, 0.16, 0, 0, 0, 0, 0, 0, 0, 0, 0, 0, 0, 'show', '2022-11-02 09:01:27', '2022-11-02 09:01:27'),
(1935, 15, 1, NULL, 10, 'Dried Shiitake Mushrooms', NULL, 'No Brand', 'fresh', 'gram', NULL, 0, 0, 0, 0, 2.96, 0.1, 0.75, 0.01, 0, 0, 0, 0, 0, 0, 0, 0, 0, 0, 0, 'show', '2022-11-02 09:01:27', '2022-11-02 09:01:27'),
(1936, 15, 1, NULL, NULL, 'Dried Spirulina Seaweed', NULL, 'No Brand', 'fresh', 'gram', NULL, 0, 0, 0, 0, 2.9, 0.57, 0.24, 0.08, 0, 0, 0, 0, 0, 0, 0, 0, 0, 0, 0, 'show', '2022-11-02 09:01:27', '2022-11-02 09:01:27'),
(1937, 15, 1, NULL, NULL, 'Drumstick Leaves Raw', NULL, 'No Brand', 'fresh', 'gram', NULL, 0, 0, 0, 0, 0.64, 0.09, 0.08, 0.01, 0, 0, 0, 0, 0, 0, 0, 0, 0, 0, 0, 'show', '2022-11-02 09:01:27', '2022-11-02 09:01:27'),
(1938, 15, 1, NULL, NULL, 'Drumstick Pods Raw', NULL, 'No Brand', 'fresh', 'gram', NULL, 0, 0, 0, 0, 0.37, 0.02, 0.09, 0, 0, 0, 0, 0, 0, 0, 0, 0, 0, 0, 0, 'show', '2022-11-02 09:01:27', '2022-11-02 09:01:27'),
(1939, 15, 1, NULL, NULL, 'Egg Curry', NULL, 'No Brand', 'fresh', 'gram', NULL, 0, 0, 0, 0, 0.78, 0.03, 0.07, 0.04, 0, 0, 0, 0, 0, 0, 0, 0, 0, 0, 0, 'show', '2022-11-02 09:01:27', '2022-11-02 09:01:27'),
(1940, 15, 1, 22, NULL, 'Eggplant Pickled', NULL, 'No Brand', 'fresh', 'gram', NULL, 0, 0, 0, 0, 0.49, 0.01, 0.1, 0.01, 0, 0, 0, 0, 0, 0, 0, 0, 0, 0, 0, 'show', '2022-11-02 09:01:27', '2022-11-02 09:01:27'),
(1941, 15, 1, NULL, NULL, 'Endive', NULL, 'No Brand', 'fresh', 'gram', NULL, 0, 0, 0, 0, 0.17, 0.01, 0.03, 0, 0, 0, 0, 0, 0, 0, 0, 0, 0, 0, 0, 'show', '2022-11-02 09:01:27', '2022-11-02 09:01:27'),
(1942, 15, 1, NULL, NULL, 'Epazote Raw', NULL, 'No Brand', 'fresh', 'gram', NULL, 0, 0, 0, 0, 0.32, 0, 0.07, 0.01, 0, 0, 0, 0, 0, 0, 0, 0, 0, 0, 0, 'show', '2022-11-02 09:01:27', '2022-11-02 09:01:27'),
(1943, 15, 1, NULL, NULL, 'Eppaw Raw', NULL, 'No Brand', 'fresh', 'gram', NULL, 0, 0, 0, 0, 1.5, 0.05, 0.32, 0.02, 0, 0, 0, 0, 0, 0, 0, 0, 0, 0, 0, 'show', '2022-11-02 09:01:27', '2022-11-02 09:01:27'),
(1944, 15, 1, NULL, NULL, 'Escarole Cooked Made With Oil', NULL, 'No Brand', 'fresh', 'gram', NULL, 0, 0, 0, 0, 0.47, 0.01, 0.03, 0.03, 0, 0, 0, 0, 0, 0, 0, 0, 0, 0, 0, 'show', '2022-11-02 09:01:27', '2022-11-02 09:01:27'),
(1945, 15, 1, NULL, NULL, 'Escarole Creamed', NULL, 'No Brand', 'fresh', 'gram', NULL, 0, 0, 0, 0, 0.8, 0.02, 0.06, 0.05, 0, 0, 0, 0, 0, 0, 0, 0, 0, 0, 0, 'show', '2022-11-02 09:01:28', '2022-11-02 09:01:28'),
(1946, 15, 1, NULL, NULL, 'Fennel', NULL, 'No Brand', 'fresh', 'gram', NULL, 0, 0, 0, 0, 0.31, 0.01, 0.07, 0, 0, 0, 0, 0, 0, 0, 0, 0, 0, 0, 0, 'show', '2022-11-02 09:01:28', '2022-11-02 09:01:28'),
(1947, 15, 1, NULL, NULL, 'Fennel Bulb Cooked Made With Oil', NULL, 'No Brand', 'fresh', 'gram', NULL, 0, 0, 0, 0, 0.91, 0.02, 0.11, 0.05, 0, 0, 0, 0, 0, 0, 0, 0, 0, 0, 0, 'show', '2022-11-02 09:01:28', '2022-11-02 09:01:28'),
(1948, 15, 1, NULL, NULL, 'Fiddlehead Ferns', NULL, 'No Brand', 'fresh', 'gram', NULL, 0, 0, 0, 0, 0.34, 0.05, 0.06, 0, 0, 0, 0, 0, 0, 0, 0, 0, 0, 0, 0, 'show', '2022-11-02 09:01:28', '2022-11-02 09:01:28'),
(1949, 15, 1, NULL, NULL, 'Fireweed Leaves Raw', NULL, 'No Brand', 'fresh', 'gram', NULL, 0, 0, 0, 0, 1.03, 0.05, 0.19, 0.03, 0, 0, 0, 0, 0, 0, 0, 0, 0, 0, 0, 'show', '2022-11-02 09:01:28', '2022-11-02 09:01:28'),
(1950, 15, 1, 23, NULL, 'Freeze-Dried Parsley', NULL, 'No Brand', 'fresh', 'gram', NULL, 0, 0, 0, 0, 2.71, 0.31, 0.42, 0.05, 0, 0, 0, 0, 0, 0, 0, 0, 0, 0, 0, 'show', '2022-11-02 09:01:28', '2022-11-02 09:01:28'),
(1951, 15, 1, NULL, NULL, 'Fufu', NULL, 'No Brand', 'fresh', 'gram', NULL, 0, 0, 0, 0, 1.56, 0.01, 0.32, 0.03, 0, 0, 0, 0, 0, 0, 0, 0, 0, 0, 0, 'show', '2022-11-02 09:01:28', '2022-11-02 09:01:28'),
(1952, 15, 1, NULL, NULL, 'Gourd Dishcloth (Towelgourd) Cooked Boiled Drained Without Salt', NULL, 'No Brand', 'fresh', 'gram', NULL, 0, 0, 0, 0, 0.56, 0.01, 0.14, 0, 0, 0, 0, 0, 0, 0, 0, 0, 0, 0, 0, 'show', '2022-11-02 09:01:28', '2022-11-02 09:01:28'),
(1953, 15, 1, NULL, NULL, 'Gourd Dishcloth (Towelgourd) Raw', NULL, 'No Brand', 'fresh', 'gram', NULL, 0, 0, 0, 0, 0.2, 0.01, 0.04, 0, 0, 0, 0, 0, 0, 0, 0, 0, 0, 0, 0, 'show', '2022-11-02 09:01:28', '2022-11-02 09:01:28'),
(1954, 15, 1, NULL, NULL, 'Gourd White-Flowered (Calabash) Cooked Boiled Drained Without Salt', NULL, 'No Brand', 'fresh', 'gram', NULL, 0, 0, 0, 0, 0.15, 0.01, 0.04, 0, 0, 0, 0, 0, 0, 0, 0, 0, 0, 0, 0, 'show', '2022-11-02 09:01:28', '2022-11-02 09:01:28'),
(1955, 15, 1, NULL, NULL, 'Gourd White-Flowered (Calabash) Raw', NULL, 'No Brand', 'fresh', 'gram', NULL, 0, 0, 0, 0, 0.14, 0.01, 0.03, 0, 0, 0, 0, 0, 0, 0, 0, 0, 0, 0, 0, 'show', '2022-11-02 09:01:28', '2022-11-02 09:01:28'),
(1956, 15, 1, NULL, NULL, 'Grape Leaves Raw', NULL, 'No Brand', 'fresh', 'gram', NULL, 0, 0, 0, 0, 0.93, 0.06, 0.17, 0.02, 0, 0, 0, 0, 0, 0, 0, 0, 0, 0, 0, 'show', '2022-11-02 09:01:28', '2022-11-02 09:01:28'),
(1957, 15, 1, NULL, NULL, 'Green Banana Cooked In Salt Water', NULL, 'No Brand', 'fresh', 'gram', NULL, 0, 0, 0, 0, 0.88, 0.01, 0.23, 0, 0, 0, 0, 0, 0, 0, 0, 0, 0, 0, 0, 'show', '2022-11-02 09:01:28', '2022-11-02 09:01:28'),
(1958, 15, 1, 21, NULL, 'Green Bell Peppers', NULL, 'No Brand', 'fresh', 'gram', NULL, 0, 0, 0, 0, 0.2, 0.01, 0.05, 0, 0, 0, 0, 0, 0, 0, 0, 0, 0, 0, 0, 'show', '2022-11-02 09:01:29', '2022-11-02 09:01:29'),
(1959, 15, 1, NULL, NULL, 'Green Chili Peppers', NULL, 'No Brand', 'fresh', 'gram', NULL, 0, 0, 0, 0, 0.21, 0.01, 0.05, 0, 0, 0, 0, 0, 0, 0, 0, 0, 0, 0, 0, 'show', '2022-11-02 09:01:29', '2022-11-02 09:01:29'),
(1960, 15, 1, NULL, NULL, 'Green Plantains Boiled', NULL, 'No Brand', 'fresh', 'gram', NULL, 0, 0, 0, 0, 1.16, 0.01, 0.31, 0, 0, 0, 0, 0, 0, 0, 0, 0, 0, 0, 0, 'show', '2022-11-02 09:01:29', '2022-11-02 09:01:29'),
(1961, 15, 8, 2, NULL, 'Green Snap Beans (Raw)', NULL, 'No Brand', 'fresh', 'gram', NULL, 0, 0, 0, 0, 0.31, 0.02, 0.07, 0, 0, 0, 0, 0, 0, 0, 0, 0, 0, 0, 0, 'show', '2022-11-02 09:01:29', '2022-11-02 09:01:29'),
(1962, 15, 1, NULL, NULL, 'Greens Cooked From Fresh Made With Oil', NULL, 'No Brand', 'fresh', 'gram', NULL, 0, 0, 0, 0, 0.52, 0.02, 0.05, 0.03, 0, 0, 0, 0, 0, 0, 0, 0, 0, 0, 0, 'show', '2022-11-02 09:01:29', '2022-11-02 09:01:29'),
(1963, 15, 1, NULL, NULL, 'Hearts Of Palm Raw', NULL, 'No Brand', 'fresh', 'gram', NULL, 0, 0, 0, 0, 1.15, 0.03, 0.26, 0, 0, 0, 0, 0, 0, 0, 0, 0, 0, 0, 0, 'show', '2022-11-02 09:01:29', '2022-11-02 09:01:29'),
(1964, 15, 1, NULL, 3, 'Homemade Mashed Potatoes With Milk And Butter', NULL, 'No Brand', 'fresh', 'gram', NULL, 0, 0, 0, 0, 1.13, 0.02, 0.17, 0.04, 0, 0, 0, 0, 0, 0, 0, 0, 0, 0, 0, 'show', '2022-11-02 09:01:29', '2022-11-02 09:01:29'),
(1965, 15, 1, NULL, NULL, 'Hot Dog Relish', NULL, 'No Brand', 'fresh', 'gram', NULL, 0, 0, 0, 0, 0.91, 0.02, 0.23, 0, 0, 0, 0, 0, 0, 0, 0, 0, 0, 0, 0, 'show', '2022-11-02 09:01:29', '2022-11-02 09:01:29'),
(1966, 15, 1, NULL, NULL, 'Hot Green Chili Peppers', NULL, 'No Brand', 'fresh', 'gram', NULL, 0, 0, 0, 0, 0.4, 0.02, 0.09, 0, 0, 0, 0, 0, 0, 0, 0, 0, 0, 0, 0, 'show', '2022-11-02 09:01:29', '2022-11-02 09:01:29'),
(1967, 15, 1, NULL, NULL, 'Hubbard Squash', NULL, 'No Brand', 'fresh', 'gram', NULL, 0, 0, 0, 0, 0.4, 0.02, 0.09, 0.01, 0, 0, 0, 0, 0, 0, 0, 0, 0, 0, 0, 'show', '2022-11-02 09:01:29', '2022-11-02 09:01:29'),
(1968, 15, 1, NULL, NULL, 'Hungarian Peppers', NULL, 'No Brand', 'fresh', 'gram', NULL, 0, 0, 0, 0, 0.29, 0.01, 0.07, 0, 0, 0, 0, 0, 0, 0, 0, 0, 0, 0, 0, 'show', '2022-11-02 09:01:30', '2022-11-02 09:01:30'),
(1969, 15, 8, 2, NULL, 'Hyacinth-Beans Immature Seeds Cooked Boiled Drained Without Salt', NULL, 'No Brand', 'fresh', 'gram', NULL, 0, 0, 0, 0, 0.5, 0.03, 0.09, 0, 0, 0, 0, 0, 0, 0, 0, 0, 0, 0, 0, 'show', '2022-11-02 09:01:30', '2022-11-02 09:01:30'),
(1970, 15, 8, 2, NULL, 'Hyacinth-Beans Immature Seeds Raw', NULL, 'No Brand', 'fresh', 'gram', NULL, 0, 0, 0, 0, 0.46, 0.02, 0.09, 0, 0, 0, 0, 0, 0, 0, 0, 0, 0, 0, 0, 'show', '2022-11-02 09:01:30', '2022-11-02 09:01:30'),
(1971, 15, 1, NULL, NULL, 'Irishmoss Seaweed', NULL, 'No Brand', 'fresh', 'gram', NULL, 0, 0, 0, 0, 0.49, 0.02, 0.12, 0, 0, 0, 0, 0, 0, 0, 0, 0, 0, 0, 0, 'show', '2022-11-02 09:01:30', '2022-11-02 09:01:30'),
(1972, 15, 1, NULL, NULL, 'Jai Monk`s Food', NULL, 'No Brand', 'fresh', 'gram', NULL, 0, 0, 0, 0, 0.89, 0.05, 0.15, 0.02, 0, 0, 0, 0, 0, 0, 0, 0, 0, 0, 0, 'show', '2022-11-02 09:01:30', '2022-11-02 09:01:30'),
(1973, 15, 1, NULL, NULL, 'Jalapeno Peppers', NULL, 'No Brand', 'fresh', 'gram', NULL, 0, 0, 0, 0, 0.29, 0.01, 0.07, 0, 0, 0, 0, 0, 0, 0, 0, 0, 0, 0, 0, 'show', '2022-11-02 09:01:30', '2022-11-02 09:01:30'),
(1974, 15, 1, NULL, NULL, 'Jerusalem-Artichokes Raw', NULL, 'No Brand', 'fresh', 'gram', NULL, 0, 0, 0, 0, 0.73, 0.02, 0.17, 0, 0, 0, 0, 0, 0, 0, 0, 0, 0, 0, 0, 'show', '2022-11-02 09:01:30', '2022-11-02 09:01:30'),
(1975, 15, 1, NULL, NULL, 'Jews Ear', NULL, 'No Brand', 'fresh', 'gram', NULL, 0, 0, 0, 0, 0.25, 0, 0.07, 0, 0, 0, 0, 0, 0, 0, 0, 0, 0, 0, 0, 'show', '2022-11-02 09:01:30', '2022-11-02 09:01:30'),
(1976, 15, 1, NULL, NULL, 'Jute Potherb (Molokhiya) (Cooked)', NULL, 'No Brand', 'fresh', 'gram', NULL, 0, 0, 0, 0, 0.37, 0.04, 0.07, 0, 0, 0, 0, 0, 0, 0, 0, 0, 0, 0, 0, 'show', '2022-11-02 09:01:30', '2022-11-02 09:01:30'),
(1977, 15, 1, NULL, NULL, 'Jute Potherb Raw', NULL, 'No Brand', 'fresh', 'gram', NULL, 0, 0, 0, 0, 0.34, 0.05, 0.06, 0, 0, 0, 0, 0, 0, 0, 0, 0, 0, 0, 0, 'show', '2022-11-02 09:01:30', '2022-11-02 09:01:30'),
(1978, 15, 1, NULL, NULL, 'Kale Cooked From Fresh Made With Oil', NULL, 'No Brand', 'fresh', 'gram', NULL, 0, 0, 0, 0, 0.57, 0.02, 0.05, 0.04, 0, 0, 0, 0, 0, 0, 0, 0, 0, 0, 0, 'show', '2022-11-02 09:01:30', '2022-11-02 09:01:30'),
(1979, 15, 1, NULL, NULL, 'Kanpyo', NULL, 'No Brand', 'fresh', 'gram', NULL, 0, 0, 0, 0, 2.58, 0.09, 0.65, 0.01, 0, 0, 0, 0, 0, 0, 0, 0, 0, 0, 0, 'show', '2022-11-02 09:01:30', '2022-11-02 09:01:30'),
(1980, 15, 1, NULL, NULL, 'Kelp Seaweed', NULL, 'No Brand', 'fresh', 'gram', NULL, 0, 0, 0, 0, 0.43, 0.02, 0.1, 0.01, 0, 0, 0, 0, 0, 0, 0, 0, 0, 0, 0, 'show', '2022-11-02 09:01:30', '2022-11-02 09:01:30'),
(1981, 15, 8, 2, NULL, 'Kidney Bean Sprouts', NULL, 'No Brand', 'fresh', 'gram', NULL, 0, 0, 0, 0, 0.29, 0.04, 0.04, 0.01, 0, 0, 0, 0, 0, 0, 0, 0, 0, 0, 0, 'show', '2022-11-02 09:01:31', '2022-11-02 09:01:31'),
(1982, 15, 1, NULL, NULL, 'Kohlrabi', NULL, 'No Brand', 'fresh', 'gram', NULL, 0, 0, 0, 0, 0.27, 0.02, 0.06, 0, 0, 0, 0, 0, 0, 0, 0, 0, 0, 0, 0, 'show', '2022-11-02 09:01:31', '2022-11-02 09:01:31'),
(1983, 15, 1, NULL, NULL, 'Kohlrabi Creamed', NULL, 'No Brand', 'fresh', 'gram', NULL, 0, 0, 0, 0, 0.8, 0.03, 0.08, 0.05, 0, 0, 0, 0, 0, 0, 0, 0, 0, 0, 0, 'show', '2022-11-02 09:01:31', '2022-11-02 09:01:31'),
(1984, 15, 1, NULL, NULL, 'Lambsquarter Cooked Made With Oil', NULL, 'No Brand', 'fresh', 'gram', NULL, 0, 0, 0, 0, 0.53, 0.03, 0.05, 0.03, 0, 0, 0, 0, 0, 0, 0, 0, 0, 0, 0, 'show', '2022-11-02 09:01:31', '2022-11-02 09:01:31'),
(1985, 15, 1, NULL, NULL, 'Lambsquarters Cooked Boiled Drained Without Salt', NULL, 'No Brand', 'fresh', 'gram', NULL, 0, 0, 0, 0, 0.32, 0.03, 0.05, 0.01, 0, 0, 0, 0, 0, 0, 0, 0, 0, 0, 0, 'show', '2022-11-02 09:01:31', '2022-11-02 09:01:31'),
(1986, 15, 1, NULL, NULL, 'Lambsquarters Raw', NULL, 'No Brand', 'fresh', 'gram', NULL, 0, 0, 0, 0, 0.43, 0.04, 0.07, 0.01, 0, 0, 0, 0, 0, 0, 0, 0, 0, 0, 0, 'show', '2022-11-02 09:01:31', '2022-11-02 09:01:31'),
(1987, 15, 1, NULL, NULL, 'Laver Seaweed', NULL, 'No Brand', 'fresh', 'gram', NULL, 0, 0, 0, 0, 0.35, 0.06, 0.05, 0, 0, 0, 0, 0, 0, 0, 0, 0, 0, 0, 0, 'show', '2022-11-02 09:01:31', '2022-11-02 09:01:31'),
(1988, 15, 1, NULL, NULL, 'Leeks (Bulb And Lower-Leaf Portion) Freeze-Dried', NULL, 'No Brand', 'fresh', 'gram', NULL, 0, 0, 0, 0, 3.21, 0.15, 0.75, 0.02, 0, 0, 0, 0, 0, 0, 0, 0, 0, 0, 0, 'show', '2022-11-02 09:01:31', '2022-11-02 09:01:31'),
(1989, 15, 1, NULL, NULL, 'Lentil Sprouts', NULL, 'No Brand', 'fresh', 'gram', NULL, 0, 0, 0, 0, 1.06, 0.09, 0.22, 0.01, 0, 0, 0, 0, 0, 0, 0, 0, 0, 0, 0, 'show', '2022-11-02 09:01:31', '2022-11-02 09:01:31'),
(1990, 15, 1, NULL, NULL, 'Lettuce Wilted With Bacon Dressing', NULL, 'No Brand', 'fresh', 'gram', NULL, 0, 0, 0, 0, 0.81, 0.03, 0.02, 0.07, 0, 0, 0, 0, 0, 0, 0, 0, 0, 0, 0, 'show', '2022-11-02 09:01:31', '2022-11-02 09:01:31'),
(1991, 15, 8, 2, NULL, 'Lima Beans Immature Seeds Raw', NULL, 'No Brand', 'fresh', 'gram', NULL, 0, 0, 0, 0, 1.13, 0.07, 0.2, 0.01, 0, 0, 0, 0, 0, 0, 0, 0, 0, 0, 0, 'show', '2022-11-02 09:01:31', '2022-11-02 09:01:31'),
(1992, 15, 1, NULL, NULL, 'Lotus Root', NULL, 'No Brand', 'fresh', 'gram', NULL, 0, 0, 0, 0, 0.74, 0.03, 0.17, 0, 0, 0, 0, 0, 0, 0, 0, 0, 0, 0, 0, 'show', '2022-11-02 09:01:31', '2022-11-02 09:01:31'),
(1993, 15, 1, 18, NULL, 'Low Sodium Sour Pickles', NULL, 'No Brand', 'fresh', 'gram', NULL, 0, 0, 0, 0, 0.11, 0, 0.02, 0, 0, 0, 0, 0, 0, 0, 0, 0, 0, 0, 0, 'show', '2022-11-02 09:01:31', '2022-11-02 09:01:31'),
(1994, 15, 1, 18, NULL, 'Low Sodium Sweet Pickles', NULL, 'No Brand', 'fresh', 'gram', NULL, 0, 0, 0, 0, 1.22, 0, 0.34, 0, 0, 0, 0, 0, 0, 0, 0, 0, 0, 0, 0, 'show', '2022-11-02 09:01:31', '2022-11-02 09:01:31'),
(1995, 15, 1, NULL, 10, 'Maitake Mushrooms', NULL, 'No Brand', 'fresh', 'gram', NULL, 0, 0, 0, 0, 0.31, 0.02, 0.07, 0, 0, 0, 0, 0, 0, 0, 0, 0, 0, 0, 0, 'show', '2022-11-02 09:01:31', '2022-11-02 09:01:31'),
(1996, 15, 1, NULL, 10, 'Morel Mushrooms', NULL, 'No Brand', 'fresh', 'gram', NULL, 0, 0, 0, 0, 0.31, 0.03, 0.05, 0.01, 0, 0, 0, 0, 0, 0, 0, 0, 0, 0, 0, 'show', '2022-11-02 09:01:31', '2022-11-02 09:01:31'),
(1997, 15, 1, NULL, NULL, 'Mountain Yam Hawaii Raw', NULL, 'No Brand', 'fresh', 'gram', NULL, 0, 0, 0, 0, 0.67, 0.01, 0.16, 0, 0, 0, 0, 0, 0, 0, 0, 0, 0, 0, 0, 'show', '2022-11-02 09:01:32', '2022-11-02 09:01:32'),
(1998, 15, 1, NULL, 10, 'Mushroom Asian Cooked From Dried', NULL, 'No Brand', 'fresh', 'gram', NULL, 0, 0, 0, 0, 0.56, 0.02, 0.14, 0, 0, 0, 0, 0, 0, 0, 0, 0, 0, 0, 0, 'show', '2022-11-02 09:01:32', '2022-11-02 09:01:32'),
(1999, 15, 1, NULL, 10, 'Mushrooms Batter-Dipped Fried', NULL, 'No Brand', 'fresh', 'gram', NULL, 0, 0, 0, 0, 1.22, 0.03, 0.15, 0.06, 0, 0, 0, 0, 0, 0, 0, 0, 0, 0, 0, 'show', '2022-11-02 09:01:32', '2022-11-02 09:01:32'),
(2000, 15, 1, NULL, 10, 'Mushrooms Cooked From Fresh Made With Oil', NULL, 'No Brand', 'fresh', 'gram', NULL, 0, 0, 0, 0, 0.52, 0.02, 0.05, 0.03, 0, 0, 0, 0, 0, 0, 0, 0, 0, 0, 0, 'show', '2022-11-02 09:01:32', '2022-11-02 09:01:32'),
(2001, 15, 1, NULL, 10, 'Mushrooms From Fresh Creamed', NULL, 'No Brand', 'fresh', 'gram', NULL, 0, 0, 0, 0, 0.81, 0.03, 0.07, 0.05, 0, 0, 0, 0, 0, 0, 0, 0, 0, 0, 0, 'show', '2022-11-02 09:01:32', '2022-11-02 09:01:32'),
(2002, 15, 1, NULL, 10, 'Mushrooms Stuffed', NULL, 'No Brand', 'fresh', 'gram', NULL, 0, 0, 0, 0, 2.8, 0.11, 0.27, 0.15, 0, 0, 0, 0, 0, 0, 0, 0, 0, 0, 0, 'show', '2022-11-02 09:01:32', '2022-11-02 09:01:32'),
(2003, 15, 1, NULL, 10, 'Mushrooms White Microwaved', NULL, 'No Brand', 'fresh', 'gram', NULL, 0, 0, 0, 0, 0.35, 0.04, 0.06, 0, 0, 0, 0, 0, 0, 0, 0, 0, 0, 0, 0, 'show', '2022-11-02 09:01:32', '2022-11-02 09:01:32'),
(2004, 15, 1, NULL, NULL, 'Mustard Greens', NULL, 'No Brand', 'fresh', 'gram', NULL, 0, 0, 0, 0, 0.27, 0.03, 0.05, 0, 0, 0, 0, 0, 0, 0, 0, 0, 0, 0, 0, 'show', '2022-11-02 09:01:32', '2022-11-02 09:01:32'),
(2005, 15, 1, NULL, NULL, 'Mustard Greens Cooked From Fresh Made With Oil', NULL, 'No Brand', 'fresh', 'gram', NULL, 0, 0, 0, 0, 0.53, 0.02, 0.04, 0.04, 0, 0, 0, 0, 0, 0, 0, 0, 0, 0, 0, 'show', '2022-11-02 09:01:32', '2022-11-02 09:01:32'),
(2006, 15, 1, NULL, NULL, 'Mustard Spinach', NULL, 'No Brand', 'fresh', 'gram', NULL, 0, 0, 0, 0, 0.22, 0.02, 0.04, 0, 0, 0, 0, 0, 0, 0, 0, 0, 0, 0, 0, 'show', '2022-11-02 09:01:32', '2022-11-02 09:01:32'),
(2007, 15, 1, NULL, NULL, 'Nopales', NULL, 'No Brand', 'fresh', 'gram', NULL, 0, 0, 0, 0, 0.16, 0.01, 0.03, 0, 0, 0, 0, 0, 0, 0, 0, 0, 0, 0, 0, 'show', '2022-11-02 09:01:32', '2022-11-02 09:01:32'),
(2008, 15, 1, NULL, NULL, 'Okra', NULL, 'No Brand', 'fresh', 'gram', NULL, 0, 0, 0, 0, 0.33, 0.02, 0.07, 0, 0, 0, 0, 0, 0, 0, 0, 0, 0, 0, 0, 'show', '2022-11-02 09:01:32', '2022-11-02 09:01:32'),
(2009, 15, 1, NULL, NULL, 'Okra Batter-Dipped Fried', NULL, 'No Brand', 'fresh', 'gram', NULL, 0, 0, 0, 0, 1.94, 0.05, 0.25, 0.09, 0, 0, 0, 0, 0, 0, 0, 0, 0, 0, 0, 'show', '2022-11-02 09:01:33', '2022-11-02 09:01:33'),
(2010, 15, 1, NULL, NULL, 'Okra Cooked From Fresh Made With Oil', NULL, 'No Brand', 'fresh', 'gram', NULL, 0, 0, 0, 0, 0.46, 0.02, 0.04, 0.03, 0, 0, 0, 0, 0, 0, 0, 0, 0, 0, 0, 'show', '2022-11-02 09:01:33', '2022-11-02 09:01:33'),
(2011, 15, 1, 20, NULL, 'Onions Cooked From Fresh Made With Oil', NULL, 'No Brand', 'fresh', 'gram', NULL, 0, 0, 0, 0, 0.62, 0.01, 0.1, 0.02, 0, 0, 0, 0, 0, 0, 0, 0, 0, 0, 0, 'show', '2022-11-02 09:01:33', '2022-11-02 09:01:33'),
(2012, 15, 1, 20, 3, 'Onions From Fresh Creamed', NULL, 'No Brand', 'fresh', 'gram', NULL, 0, 0, 0, 0, 0.82, 0.02, 0.1, 0.04, 0, 0, 0, 0, 0, 0, 0, 0, 0, 0, 0, 'show', '2022-11-02 09:01:33', '2022-11-02 09:01:33'),
(2013, 15, 1, 20, NULL, 'Onions Pearl Cooked From Fresh', NULL, 'No Brand', 'fresh', 'gram', NULL, 0, 0, 0, 0, 0.44, 0.01, 0.1, 0, 0, 0, 0, 0, 0, 0, 0, 0, 0, 0, 0, 'show', '2022-11-02 09:01:33', '2022-11-02 09:01:33'),
(2014, 15, 1, 20, NULL, 'Onions Welsh Raw', NULL, 'No Brand', 'fresh', 'gram', NULL, 0, 0, 0, 0, 0.34, 0.02, 0.07, 0, 0, 0, 0, 0, 0, 0, 0, 0, 0, 0, 0, 'show', '2022-11-02 09:01:33', '2022-11-02 09:01:33'),
(2015, 15, 1, 20, NULL, 'Onions Young Green Tops Only', NULL, 'No Brand', 'fresh', 'gram', NULL, 0, 0, 0, 0, 0.27, 0.01, 0.06, 0, 0, 0, 0, 0, 0, 0, 0, 0, 0, 0, 0, 'show', '2022-11-02 09:01:33', '2022-11-02 09:01:33'),
(2016, 15, 1, NULL, NULL, 'Oriental Radishes', NULL, 'No Brand', 'fresh', 'gram', NULL, 0, 0, 0, 0, 0.18, 0.01, 0.04, 0, 0, 0, 0, 0, 0, 0, 0, 0, 0, 0, 0, 'show', '2022-11-02 09:01:33', '2022-11-02 09:01:33'),
(2017, 15, 1, NULL, NULL, 'Palak Paneer', NULL, 'No Brand', 'fresh', 'gram', NULL, 0, 0, 0, 0, 0.96, 0.05, 0.04, 0.07, 0, 0, 0, 0, 0, 0, 0, 0, 0, 0, 0, 'show', '2022-11-02 09:01:33', '2022-11-02 09:01:33'),
(2018, 15, 1, NULL, NULL, 'Parsnips', NULL, 'No Brand', 'fresh', 'gram', NULL, 0, 0, 0, 0, 0.75, 0.01, 0.18, 0, 0, 0, 0, 0, 0, 0, 0, 0, 0, 0, 0, 'show', '2022-11-02 09:01:33', '2022-11-02 09:01:33'),
(2019, 15, 1, NULL, NULL, 'Parsnips Cooked Made With Oil', NULL, 'No Brand', 'fresh', 'gram', NULL, 0, 0, 0, 0, 0.93, 0.01, 0.16, 0.03, 0, 0, 0, 0, 0, 0, 0, 0, 0, 0, 0, 'show', '2022-11-02 09:01:34', '2022-11-02 09:01:34'),
(2020, 15, 1, NULL, NULL, 'Parsnips Creamed', NULL, 'No Brand', 'fresh', 'gram', NULL, 0, 0, 0, 0, 1.05, 0.02, 0.14, 0.05, 0, 0, 0, 0, 0, 0, 0, 0, 0, 0, 0, 'show', '2022-11-02 09:01:34', '2022-11-02 09:01:34'),
(2021, 15, 1, NULL, NULL, 'Pea Sprouts', NULL, 'No Brand', 'fresh', 'gram', NULL, 0, 0, 0, 0, 1.24, 0.09, 0.27, 0.01, 0, 0, 0, 0, 0, 0, 0, 0, 0, 0, 0, 'show', '2022-11-02 09:01:34', '2022-11-02 09:01:34'),
(2022, 15, 1, NULL, NULL, 'Peas', NULL, 'No Brand', 'fresh', 'gram', NULL, 0, 0, 0, 0, 0.81, 0.05, 0.14, 0, 0, 0, 0, 0, 0, 0, 0, 0, 0, 0, 0, 'show', '2022-11-02 09:01:34', '2022-11-02 09:01:34'),
(2023, 15, 1, NULL, NULL, 'Peas From Fresh Creamed', NULL, 'No Brand', 'fresh', 'gram', NULL, 0, 0, 0, 0, 1.11, 0.05, 0.13, 0.05, 0, 0, 0, 0, 0, 0, 0, 0, 0, 0, 0, 'show', '2022-11-02 09:01:34', '2022-11-02 09:01:34'),
(2024, 15, 1, NULL, NULL, 'Peas Green Cooked From Fresh Made With Oil', NULL, 'No Brand', 'fresh', 'gram', NULL, 0, 0, 0, 0, 1.05, 0.05, 0.15, 0.03, 0, 0, 0, 0, 0, 0, 0, 0, 0, 0, 0, 'show', '2022-11-02 09:01:34', '2022-11-02 09:01:34'),
(2025, 15, 1, NULL, NULL, 'Pepeao Dried', NULL, 'No Brand', 'fresh', 'gram', NULL, 0, 0, 0, 0, 2.98, 0.05, 0.81, 0, 0, 0, 0, 0, 0, 0, 0, 0, 0, 0, 0, 'show', '2022-11-02 09:01:34', '2022-11-02 09:01:34'),
(2026, 15, 1, NULL, NULL, 'Pepper Raw Nfs', NULL, 'No Brand', 'fresh', 'gram', NULL, 0, 0, 0, 0, 0.24, 0.01, 0.05, 0, 0, 0, 0, 0, 0, 0, 0, 0, 0, 0, 0, 'show', '2022-11-02 09:01:34', '2022-11-02 09:01:34'),
(2027, 15, 1, NULL, NULL, 'Pepper Sweet Red Raw', NULL, 'No Brand', 'fresh', 'gram', NULL, 0, 0, 0, 0, 0.31, 0.01, 0.06, 0, 0, 0, 0, 0, 0, 0, 0, 0, 0, 0, 0, 'show', '2022-11-02 09:01:34', '2022-11-02 09:01:34'),
(2028, 15, 1, NULL, NULL, 'Peppers Green Cooked Made With Oil', NULL, 'No Brand', 'fresh', 'gram', NULL, 0, 0, 0, 0, 0.55, 0.01, 0.06, 0.03, 0, 0, 0, 0, 0, 0, 0, 0, 0, 0, 0, 'show', '2022-11-02 09:01:34', '2022-11-02 09:01:34'),
(2029, 15, 1, NULL, NULL, 'Peppers Red Cooked Made With Oil', NULL, 'No Brand', 'fresh', 'gram', NULL, 0, 0, 0, 0, 0.55, 0.01, 0.06, 0.03, 0, 0, 0, 0, 0, 0, 0, 0, 0, 0, 0, 'show', '2022-11-02 09:01:34', '2022-11-02 09:01:34'),
(2030, 15, 1, NULL, NULL, 'Peppers Sweet Red Freeze-Dried', NULL, 'No Brand', 'fresh', 'gram', NULL, 0, 0, 0, 0, 3.14, 0.18, 0.69, 0.03, 0, 0, 0, 0, 0, 0, 0, 0, 0, 0, 0, 'show', '2022-11-02 09:01:34', '2022-11-02 09:01:34'),
(2031, 15, 1, NULL, NULL, 'Pickle Relish Hamburger', NULL, 'No Brand', 'fresh', 'gram', NULL, 0, 0, 0, 0, 1.29, 0.01, 0.34, 0.01, 0, 0, 0, 0, 0, 0, 0, 0, 0, 0, 0, 'show', '2022-11-02 09:01:34', '2022-11-02 09:01:34'),
(2032, 15, 1, 20, NULL, 'Pickles Chowchow With Cauliflower Onion Mustard Sweet', NULL, 'No Brand', 'fresh', 'gram', NULL, 0, 0, 0, 0, 1.21, 0.02, 0.27, 0.01, 0, 0, 0, 0, 0, 0, 0, 0, 0, 0, 0, 'show', '2022-11-02 09:01:34', '2022-11-02 09:01:34'),
(2033, 15, 1, NULL, NULL, 'Pigeonpeas Immature Seeds Raw', NULL, 'No Brand', 'fresh', 'gram', NULL, 0, 0, 0, 0, 1.36, 0.07, 0.24, 0.02, 0, 0, 0, 0, 0, 0, 0, 0, 0, 0, 0, 'show', '2022-11-02 09:01:35', '2022-11-02 09:01:35'),
(2034, 15, 1, NULL, NULL, 'Pinacbet', NULL, 'No Brand', 'fresh', 'gram', NULL, 0, 0, 0, 0, 0.45, 0.01, 0.05, 0.03, 0, 0, 0, 0, 0, 0, 0, 0, 0, 0, 0, 'show', '2022-11-02 09:01:35', '2022-11-02 09:01:35'),
(2035, 15, 1, NULL, NULL, 'Plantain Ripe Rolled In Flour Fried', NULL, 'No Brand', 'fresh', 'gram', NULL, 0, 0, 0, 0, 2.45, 0.02, 0.36, 0.12, 0, 0, 0, 0, 0, 0, 0, 0, 0, 0, 0, 'show', '2022-11-02 09:01:35', '2022-11-02 09:01:35'),
(2036, 15, 1, NULL, NULL, 'Poi', NULL, 'No Brand', 'fresh', 'gram', NULL, 0, 0, 0, 0, 1.12, 0, 0.27, 0, 0, 0, 0, 0, 0, 0, 0, 0, 0, 0, 0, 'show', '2022-11-02 09:01:35', '2022-11-02 09:01:35'),
(2037, 15, 1, NULL, NULL, 'Poke Greens Cooked Made With Oil', NULL, 'No Brand', 'fresh', 'gram', NULL, 0, 0, 0, 0, 0.43, 0.02, 0.03, 0.03, 0, 0, 0, 0, 0, 0, 0, 0, 0, 0, 0, 'show', '2022-11-02 09:01:35', '2022-11-02 09:01:35'),
(2038, 15, 1, NULL, NULL, 'Pokeberry Shoots (Poke) Cooked Boiled Drained Without Salt', NULL, 'No Brand', 'fresh', 'gram', NULL, 0, 0, 0, 0, 0.2, 0.02, 0.03, 0, 0, 0, 0, 0, 0, 0, 0, 0, 0, 0, 0, 'show', '2022-11-02 09:01:35', '2022-11-02 09:01:35'),
(2039, 15, 1, NULL, NULL, 'Pokeberry Shoots (Poke) Raw', NULL, 'No Brand', 'fresh', 'gram', NULL, 0, 0, 0, 0, 0.23, 0.03, 0.04, 0, 0, 0, 0, 0, 0, 0, 0, 0, 0, 0, 0, 'show', '2022-11-02 09:01:35', '2022-11-02 09:01:35'),
(2040, 15, 1, NULL, 10, 'Portobellos (Exposed To Sunlight Or Uv)', NULL, 'No Brand', 'fresh', 'gram', NULL, 0, 0, 0, 0, 0.29, 0.03, 0.04, 0.01, 0, 0, 0, 0, 0, 0, 0, 0, 0, 0, 0, 'show', '2022-11-02 09:01:35', '2022-11-02 09:01:35'),
(2041, 15, 1, NULL, NULL, 'Potato Boiled Nfs', NULL, 'No Brand', 'fresh', 'gram', NULL, 0, 0, 0, 0, 1.25, 0.02, 0.2, 0.04, 0, 0, 0, 0, 0, 0, 0, 0, 0, 0, 0, 'show', '2022-11-02 09:01:35', '2022-11-02 09:01:35'),
(2042, 15, 1, NULL, NULL, 'Potato Boiled Ready-To-Heat', NULL, 'No Brand', 'fresh', 'gram', NULL, 0, 0, 0, 0, 1.25, 0.02, 0.2, 0.04, 0, 0, 0, 0, 0, 0, 0, 0, 0, 0, 0, 'show', '2022-11-02 09:01:35', '2022-11-02 09:01:35'),
(2043, 15, 1, NULL, NULL, 'Potato Flour', NULL, 'No Brand', 'fresh', 'gram', NULL, 0, 0, 0, 0, 3.57, 0.07, 0.83, 0, 0, 0, 0, 0, 0, 0, 0, 0, 0, 0, 0, 'show', '2022-11-02 09:01:35', '2022-11-02 09:01:35'),
(2044, 15, 1, NULL, NULL, 'Potato Nfs', NULL, 'No Brand', 'fresh', 'gram', NULL, 0, 0, 0, 0, 1.25, 0.02, 0.2, 0.04, 0, 0, 0, 0, 0, 0, 0, 0, 0, 0, 0, 'show', '2022-11-02 09:01:35', '2022-11-02 09:01:35'),
(2045, 15, 1, NULL, NULL, 'Potato Roasted Nfs', NULL, 'No Brand', 'fresh', 'gram', NULL, 0, 0, 0, 0, 1.25, 0.02, 0.2, 0.04, 0, 0, 0, 0, 0, 0, 0, 0, 0, 0, 0, 'show', '2022-11-02 09:01:35', '2022-11-02 09:01:35'),
(2046, 15, 1, NULL, NULL, 'Potatoes Baked Skin Without Salt', NULL, 'No Brand', 'fresh', 'gram', NULL, 0, 0, 0, 0, 1.98, 0.04, 0.46, 0, 0, 0, 0, 0, 0, 0, 0, 0, 0, 0, 0, 'show', '2022-11-02 09:01:36', '2022-11-02 09:01:36'),
(2047, 15, 1, NULL, NULL, 'Potatoes Boiled Cooked In Skin Skin Without Salt', NULL, 'No Brand', 'fresh', 'gram', NULL, 0, 0, 0, 0, 0.78, 0.03, 0.17, 0, 0, 0, 0, 0, 0, 0, 0, 0, 0, 0, 0, 'show', '2022-11-02 09:01:36', '2022-11-02 09:01:36'),
(2048, 15, 1, NULL, NULL, 'Potatoes Boiled Cooked Without Skin Flesh Without Salt', NULL, 'No Brand', 'fresh', 'gram', NULL, 0, 0, 0, 0, 0.86, 0.02, 0.2, 0, 0, 0, 0, 0, 0, 0, 0, 0, 0, 0, 0, 'show', '2022-11-02 09:01:36', '2022-11-02 09:01:36'),
(2049, 15, 1, NULL, NULL, 'Potatoes Flesh And Skin Raw', NULL, 'No Brand', 'fresh', 'gram', NULL, 0, 0, 0, 0, 0.77, 0.02, 0.17, 0, 0, 0, 0, 0, 0, 0, 0, 0, 0, 0, 0, 'show', '2022-11-02 09:01:36', '2022-11-02 09:01:36'),
(2050, 15, 1, NULL, NULL, 'Potatoes Hash Brown Refrigerated Prepared Pan-Fried In Canola Oil', NULL, 'No Brand', 'fresh', 'gram', NULL, 0, 0, 0, 0, 2.42, 0.03, 0.34, 0.1, 0, 0, 0, 0, 0, 0, 0, 0, 0, 0, 0, 'show', '2022-11-02 09:01:36', '2022-11-02 09:01:36'),
(2051, 15, 1, NULL, NULL, 'Potatoes Hash Brown Refrigerated Unprepared', NULL, 'No Brand', 'fresh', 'gram', NULL, 0, 0, 0, 0, 0.84, 0.02, 0.19, 0, 0, 0, 0, 0, 0, 0, 0, 0, 0, 0, 0, 'show', '2022-11-02 09:01:36', '2022-11-02 09:01:36'),
(2052, 15, 1, NULL, NULL, 'Potatoes Mashed Home-Prepared Whole Milk Added', NULL, 'No Brand', 'fresh', 'gram', NULL, 0, 0, 0, 0, 0.83, 0.02, 0.18, 0.01, 0, 0, 0, 0, 0, 0, 0, 0, 0, 0, 0, 'show', '2022-11-02 09:01:36', '2022-11-02 09:01:36'),
(2053, 15, 1, NULL, NULL, 'Potatoes Mashed Ready-To-Eat', NULL, 'No Brand', 'fresh', 'gram', NULL, 0, 0, 0, 0, 1.06, 0.02, 0.13, 0.05, 0, 0, 0, 0, 0, 0, 0, 0, 0, 0, 0, 'show', '2022-11-02 09:01:36', '2022-11-02 09:01:36'),
(2054, 15, 1, NULL, NULL, 'Potatoes Obrien Home-Prepared', NULL, 'No Brand', 'fresh', 'gram', NULL, 0, 0, 0, 0, 0.81, 0.02, 0.15, 0.01, 0, 0, 0, 0, 0, 0, 0, 0, 0, 0, 0, 'show', '2022-11-02 09:01:36', '2022-11-02 09:01:36'),
(2055, 15, 1, NULL, NULL, 'Potatoes Raw Skin', NULL, 'No Brand', 'fresh', 'gram', NULL, 0, 0, 0, 0, 0.58, 0.03, 0.12, 0, 0, 0, 0, 0, 0, 0, 0, 0, 0, 0, 0, 'show', '2022-11-02 09:01:36', '2022-11-02 09:01:36'),
(2056, 15, 1, NULL, NULL, 'Potatoes Red Flesh And Skin Raw', NULL, 'No Brand', 'fresh', 'gram', NULL, 0, 0, 0, 0, 0.7, 0.02, 0.16, 0, 0, 0, 0, 0, 0, 0, 0, 0, 0, 0, 0, 'show', '2022-11-02 09:01:36', '2022-11-02 09:01:36'),
(2057, 15, 1, NULL, NULL, 'Potatoes Russet Flesh And Skin Raw', NULL, 'No Brand', 'fresh', 'gram', NULL, 0, 0, 0, 0, 0.79, 0.02, 0.18, 0, 0, 0, 0, 0, 0, 0, 0, 0, 0, 0, 0, 'show', '2022-11-02 09:01:36', '2022-11-02 09:01:36'),
(2058, 15, 1, NULL, NULL, 'Potatoes Scalloped Dry Mix Prepared With Water Whole Milk And Butter', NULL, 'No Brand', 'fresh', 'gram', NULL, 0, 0, 0, 0, 0.93, 0.02, 0.13, 0.04, 0, 0, 0, 0, 0, 0, 0, 0, 0, 0, 0, 'show', '2022-11-02 09:01:36', '2022-11-02 09:01:36'),
(2059, 15, 1, NULL, NULL, 'Potatoes Scalloped Dry Mix Unprepared', NULL, 'No Brand', 'fresh', 'gram', NULL, 0, 0, 0, 0, 3.58, 0.08, 0.74, 0.05, 0, 0, 0, 0, 0, 0, 0, 0, 0, 0, 0, 'show', '2022-11-02 09:01:36', '2022-11-02 09:01:36'),
(2060, 15, 1, NULL, NULL, 'Potatoes Scalloped Home-Prepared With Butter', NULL, 'No Brand', 'fresh', 'gram', NULL, 0, 0, 0, 0, 0.88, 0.03, 0.11, 0.04, 0, 0, 0, 0, 0, 0, 0, 0, 0, 0, 0, 'show', '2022-11-02 09:01:36', '2022-11-02 09:01:36'),
(2061, 15, 1, NULL, NULL, 'Potatoes White Flesh And Skin Raw', NULL, 'No Brand', 'fresh', 'gram', NULL, 0, 0, 0, 0, 0.69, 0.02, 0.16, 0, 0, 0, 0, 0, 0, 0, 0, 0, 0, 0, 0, 'show', '2022-11-02 09:01:36', '2022-11-02 09:01:36'),
(2062, 15, 1, NULL, NULL, 'Pumpkin Cooked From Fresh Made With Oil', NULL, 'No Brand', 'fresh', 'gram', NULL, 0, 0, 0, 0, 0.36, 0.01, 0.05, 0.02, 0, 0, 0, 0, 0, 0, 0, 0, 0, 0, 0, 'show', '2022-11-02 09:01:37', '2022-11-02 09:01:37'),
(2063, 15, 1, NULL, NULL, 'Pumpkin Flowers', NULL, 'No Brand', 'fresh', 'gram', NULL, 0, 0, 0, 0, 0.15, 0.01, 0.03, 0, 0, 0, 0, 0, 0, 0, 0, 0, 0, 0, 0, 'show', '2022-11-02 09:01:37', '2022-11-02 09:01:37'),
(2064, 15, 1, NULL, NULL, 'Pumpkin Leaves', NULL, 'No Brand', 'fresh', 'gram', NULL, 0, 0, 0, 0, 0.19, 0.03, 0.02, 0, 0, 0, 0, 0, 0, 0, 0, 0, 0, 0, 0, 'show', '2022-11-02 09:01:37', '2022-11-02 09:01:37'),
(2065, 15, 1, NULL, NULL, 'Pumpkin Leaves (Cooked)', NULL, 'No Brand', 'fresh', 'gram', NULL, 0, 0, 0, 0, 0.21, 0.03, 0.03, 0, 0, 0, 0, 0, 0, 0, 0, 0, 0, 0, 0, 'show', '2022-11-02 09:01:37', '2022-11-02 09:01:37'),
(2066, 15, 1, NULL, NULL, 'Purslane', NULL, 'No Brand', 'fresh', 'gram', NULL, 0, 0, 0, 0, 0.2, 0.02, 0.03, 0, 0, 0, 0, 0, 0, 0, 0, 0, 0, 0, 0, 'show', '2022-11-02 09:01:37', '2022-11-02 09:01:37'),
(2067, 15, 1, NULL, NULL, 'Radicchio', NULL, 'No Brand', 'fresh', 'gram', NULL, 0, 0, 0, 0, 0.23, 0.01, 0.04, 0, 0, 0, 0, 0, 0, 0, 0, 0, 0, 0, 0, 'show', '2022-11-02 09:01:37', '2022-11-02 09:01:37'),
(2068, 15, 1, NULL, NULL, 'Radishes Oriental Dried', NULL, 'No Brand', 'fresh', 'gram', NULL, 0, 0, 0, 0, 2.71, 0.08, 0.63, 0.01, 0, 0, 0, 0, 0, 0, 0, 0, 0, 0, 0, 'show', '2022-11-02 09:01:37', '2022-11-02 09:01:37'),
(2069, 15, 1, NULL, NULL, 'Ratatouille', NULL, 'No Brand', 'fresh', 'gram', NULL, 0, 0, 0, 0, 0.65, 0.01, 0.06, 0.05, 0, 0, 0, 0, 0, 0, 0, 0, 0, 0, 0, 'show', '2022-11-02 09:01:37', '2022-11-02 09:01:37'),
(2070, 15, 1, NULL, NULL, 'Red Chili Peppers', NULL, 'No Brand', 'fresh', 'gram', NULL, 0, 0, 0, 0, 0.4, 0.02, 0.09, 0, 0, 0, 0, 0, 0, 0, 0, 0, 0, 0, 0, 'show', '2022-11-02 09:01:37', '2022-11-02 09:01:37'),
(2071, 15, 1, NULL, NULL, 'Romaine Lettuce Raw', NULL, 'No Brand', 'fresh', 'gram', NULL, 0, 0, 0, 0, 0.19, 0.01, 0.04, 0, 0, 0, 0, 0, 0, 0, 0, 0, 0, 0, 0, 'show', '2022-11-02 09:01:37', '2022-11-02 09:01:37'),
(2072, 15, 1, NULL, NULL, 'Rutabaga Cooked Made With Oil', NULL, 'No Brand', 'fresh', 'gram', NULL, 0, 0, 0, 0, 0.52, 0.01, 0.07, 0.03, 0, 0, 0, 0, 0, 0, 0, 0, 0, 0, 0, 'show', '2022-11-02 09:01:38', '2022-11-02 09:01:38'),
(2073, 15, 1, NULL, NULL, 'Salsify Cooked Boiled Drained Without Salt', NULL, 'No Brand', 'fresh', 'gram', NULL, 0, 0, 0, 0, 0.68, 0.03, 0.15, 0, 0, 0, 0, 0, 0, 0, 0, 0, 0, 0, 0, 'show', '2022-11-02 09:01:38', '2022-11-02 09:01:38'),
(2074, 15, 1, NULL, NULL, 'Sauerkraut', NULL, 'No Brand', 'fresh', 'gram', NULL, 0, 0, 0, 0, 0.19, 0.01, 0.04, 0, 0, 0, 0, 0, 0, 0, 0, 0, 0, 0, 0, 'show', '2022-11-02 09:01:38', '2022-11-02 09:01:38'),
(2075, 15, 1, NULL, NULL, 'Scallop Squash', NULL, 'No Brand', 'fresh', 'gram', NULL, 0, 0, 0, 0, 0.18, 0.01, 0.04, 0, 0, 0, 0, 0, 0, 0, 0, 0, 0, 0, 0, 'show', '2022-11-02 09:01:38', '2022-11-02 09:01:38'),
(2076, 15, 1, NULL, NULL, 'Seaweed Agar Raw', NULL, 'No Brand', 'fresh', 'gram', NULL, 0, 0, 0, 0, 0.26, 0.01, 0.07, 0, 0, 0, 0, 0, 0, 0, 0, 0, 0, 0, 0, 'show', '2022-11-02 09:01:38', '2022-11-02 09:01:38'),
(2077, 15, 1, NULL, NULL, 'Seaweed Canadian Cultivated Emi-Tsunomata Dry', NULL, 'No Brand', 'fresh', 'gram', NULL, 0, 0, 0, 0, 2.59, 0.15, 0.46, 0.01, 0, 0, 0, 0, 0, 0, 0, 0, 0, 0, 0, 'show', '2022-11-02 09:01:39', '2022-11-02 09:01:39'),
(2078, 15, 1, NULL, NULL, 'Seaweed Raw', NULL, 'No Brand', 'fresh', 'gram', NULL, 0, 0, 0, 0, 0.38, 0.02, 0.08, 0, 0, 0, 0, 0, 0, 0, 0, 0, 0, 0, 0, 'show', '2022-11-02 09:01:39', '2022-11-02 09:01:39'),
(2079, 15, 1, NULL, NULL, 'Serrano Peppers', NULL, 'No Brand', 'fresh', 'gram', NULL, 0, 0, 0, 0, 0.32, 0.02, 0.07, 0, 0, 0, 0, 0, 0, 0, 0, 0, 0, 0, 0, 'show', '2022-11-02 09:01:39', '2022-11-02 09:01:39'),
(2080, 15, 1, NULL, NULL, 'Sesbania Flower Cooked Steamed Without Salt', NULL, 'No Brand', 'fresh', 'gram', NULL, 0, 0, 0, 0, 0.22, 0.01, 0.05, 0, 0, 0, 0, 0, 0, 0, 0, 0, 0, 0, 0, 'show', '2022-11-02 09:01:39', '2022-11-02 09:01:39'),
(2081, 15, 1, NULL, NULL, 'Sesbania Flower Raw', NULL, 'No Brand', 'fresh', 'gram', NULL, 0, 0, 0, 0, 0.27, 0.01, 0.07, 0, 0, 0, 0, 0, 0, 0, 0, 0, 0, 0, 0, 'show', '2022-11-02 09:01:39', '2022-11-02 09:01:39'),
(2082, 15, 1, NULL, NULL, 'Snowpea Cooked From Fresh Made With Oil', NULL, 'No Brand', 'fresh', 'gram', NULL, 0, 0, 0, 0, 0.65, 0.03, 0.07, 0.03, 0, 0, 0, 0, 0, 0, 0, 0, 0, 0, 0, 'show', '2022-11-02 09:01:39', '2022-11-02 09:01:39'),
(2083, 15, 1, 18, NULL, 'Sour Pickled Cucumber', NULL, 'No Brand', 'fresh', 'gram', NULL, 0, 0, 0, 0, 0.11, 0, 0.02, 0, 0, 0, 0, 0, 0, 0, 0, 0, 0, 0, 0, 'show', '2022-11-02 09:01:39', '2022-11-02 09:01:39'),
(2084, 15, 1, NULL, NULL, 'Spaghetti Squash', NULL, 'No Brand', 'fresh', 'gram', NULL, 0, 0, 0, 0, 0.31, 0.01, 0.07, 0.01, 0, 0, 0, 0, 0, 0, 0, 0, 0, 0, 0, 'show', '2022-11-02 09:01:39', '2022-11-02 09:01:39'),
(2085, 15, 1, NULL, 3, 'Spinach And Cheese Casserole', NULL, 'No Brand', 'fresh', 'gram', NULL, 0, 0, 0, 0, 1.25, 0.07, 0.1, 0.07, 0, 0, 0, 0, 0, 0, 0, 0, 0, 0, 0, 'show', '2022-11-02 09:01:39', '2022-11-02 09:01:39'),
(2086, 15, 1, NULL, 3, 'Spinach From Fresh Creamed', NULL, 'No Brand', 'fresh', 'gram', NULL, 0, 0, 0, 0, 0.74, 0.03, 0.06, 0.05, 0, 0, 0, 0, 0, 0, 0, 0, 0, 0, 0, 'show', '2022-11-02 09:01:40', '2022-11-02 09:01:40'),
(2087, 15, 1, NULL, 13, 'Spinach Souffle', NULL, 'No Brand', 'fresh', 'gram', NULL, 0, 0, 0, 0, 1.72, 0.08, 0.06, 0.13, 0, 0, 0, 0, 0, 0, 0, 0, 0, 0, 0, 'show', '2022-11-02 09:01:40', '2022-11-02 09:01:40'),
(2088, 15, 1, NULL, NULL, 'Spirulina', NULL, 'No Brand', 'fresh', 'gram', NULL, 0, 0, 0, 0, 0.26, 0.06, 0.02, 0, 0, 0, 0, 0, 0, 0, 0, 0, 0, 0, 0, 'show', '2022-11-02 09:01:40', '2022-11-02 09:01:40'),
(2089, 15, 1, NULL, 2, 'Squash Fritter Or Cake', NULL, 'No Brand', 'fresh', 'gram', NULL, 0, 0, 0, 0, 3.59, 0.07, 0.36, 0.21, 0, 0, 0, 0, 0, 0, 0, 0, 0, 0, 0, 'show', '2022-11-02 09:01:40', '2022-11-02 09:01:40'),
(2090, 15, 1, 17, 3, 'Squash Summer Casserole With Tomato And Cheese', NULL, 'No Brand', 'fresh', 'gram', NULL, 0, 0, 0, 0, 0.83, 0.03, 0.09, 0.04, 0, 0, 0, 0, 0, 0, 0, 0, 0, 0, 0, 'show', '2022-11-02 09:01:40', '2022-11-02 09:01:40'),
(2091, 15, 1, 19, NULL, 'Squash Zucchini Baby Raw', NULL, 'No Brand', 'fresh', 'gram', NULL, 0, 0, 0, 0, 0.21, 0.03, 0.03, 0, 0, 0, 0, 0, 0, 0, 0, 0, 0, 0, 0, 'show', '2022-11-02 09:01:40', '2022-11-02 09:01:40'),
(2092, 15, 1, 17, NULL, 'Stewed Tomatoes', NULL, 'No Brand', 'fresh', 'gram', NULL, 0, 0, 0, 0, 0.79, 0.02, 0.13, 0.03, 0, 0, 0, 0, 0, 0, 0, 0, 0, 0, 0, 'show', '2022-11-02 09:01:40', '2022-11-02 09:01:40'),
(2093, 15, 1, 12, NULL, 'Stuffed Pepper With Meat', NULL, 'No Brand', 'fresh', 'gram', NULL, 0, 0, 0, 0, 1.93, 0.09, 0.04, 0.16, 0, 0, 0, 0, 0, 0, 0, 0, 0, 0, 0, 'show', '2022-11-02 09:01:40', '2022-11-02 09:01:40'),
(2094, 15, 1, NULL, NULL, 'Stuffed Pepper With Rice Meatless', NULL, 'No Brand', 'fresh', 'gram', NULL, 0, 0, 0, 0, 1.61, 0.04, 0.12, 0.11, 0, 0, 0, 0, 0, 0, 0, 0, 0, 0, 0, 'show', '2022-11-02 09:01:40', '2022-11-02 09:01:40'),
(2095, 15, 1, NULL, NULL, 'Stuffed Tomato With Rice And Meat', NULL, 'No Brand', 'fresh', 'gram', NULL, 0, 0, 0, 0, 0.98, 0.05, 0.1, 0.04, 0, 0, 0, 0, 0, 0, 0, 0, 0, 0, 0, 'show', '2022-11-02 09:01:40', '2022-11-02 09:01:40'),
(2096, 15, 1, 17, NULL, 'Stuffed Tomato With Rice Meatless', NULL, 'No Brand', 'fresh', 'gram', NULL, 0, 0, 0, 0, 0.76, 0.02, 0.13, 0.02, 0, 0, 0, 0, 0, 0, 0, 0, 0, 0, 0, 'show', '2022-11-02 09:01:40', '2022-11-02 09:01:40'),
(2097, 15, 1, NULL, NULL, 'Succotash', NULL, 'No Brand', 'fresh', 'gram', NULL, 0, 0, 0, 0, 1.15, 0.05, 0.24, 0.01, 0, 0, 0, 0, 0, 0, 0, 0, 0, 0, 0, 'show', '2022-11-02 09:01:40', '2022-11-02 09:01:40'),
(2098, 15, 1, NULL, NULL, 'Succotash (Corn And Limas) Raw', NULL, 'No Brand', 'fresh', 'gram', NULL, 0, 0, 0, 0, 0.99, 0.05, 0.2, 0.01, 0, 0, 0, 0, 0, 0, 0, 0, 0, 0, 0, 'show', '2022-11-02 09:01:40', '2022-11-02 09:01:40'),
(2099, 15, 1, NULL, NULL, 'Sun-Dried Hot Chile Peppers', NULL, 'No Brand', 'fresh', 'gram', NULL, 0, 0, 0, 0, 3.24, 0.11, 0.7, 0.06, 0, 0, 0, 0, 0, 0, 0, 0, 0, 0, 0, 'show', '2022-11-02 09:01:41', '2022-11-02 09:01:41'),
(2100, 15, 1, NULL, NULL, 'Swamp Cabbage', NULL, 'No Brand', 'fresh', 'gram', NULL, 0, 0, 0, 0, 0.19, 0.03, 0.03, 0, 0, 0, 0, 0, 0, 0, 0, 0, 0, 0, 0, 'show', '2022-11-02 09:01:41', '2022-11-02 09:01:41'),
(2101, 15, 1, 20, NULL, 'Sweet Onions', NULL, 'No Brand', 'fresh', 'gram', NULL, 0, 0, 0, 0, 0.32, 0.01, 0.08, 0, 0, 0, 0, 0, 0, 0, 0, 0, 0, 0, 0, 'show', '2022-11-02 09:01:41', '2022-11-02 09:01:41'),
(2102, 15, 1, 18, NULL, 'Sweet Pickled Cucumbers', NULL, 'No Brand', 'fresh', 'gram', NULL, 0, 0, 0, 0, 0.91, 0.01, 0.21, 0, 0, 0, 0, 0, 0, 0, 0, 0, 0, 0, 0, 'show', '2022-11-02 09:01:41', '2022-11-02 09:01:41'),
(2103, 15, 1, NULL, NULL, 'Sweet Pickled Relish', NULL, 'No Brand', 'fresh', 'gram', NULL, 0, 0, 0, 0, 1.3, 0, 0.35, 0, 0, 0, 0, 0, 0, 0, 0, 0, 0, 0, 0, 'show', '2022-11-02 09:01:41', '2022-11-02 09:01:41'),
(2104, 15, 1, NULL, NULL, 'Sweet Potato Boiled Made With Oil', NULL, 'No Brand', 'fresh', 'gram', NULL, 0, 0, 0, 0, 1.14, 0.01, 0.17, 0.05, 0, 0, 0, 0, 0, 0, 0, 0, 0, 0, 0, 'show', '2022-11-02 09:01:41', '2022-11-02 09:01:41'),
(2105, 15, 1, NULL, NULL, 'Sweet Potato Casserole Or Mashed', NULL, 'No Brand', 'fresh', 'gram', NULL, 0, 0, 0, 0, 0.92, 0.02, 0.17, 0.02, 0, 0, 0, 0, 0, 0, 0, 0, 0, 0, 0, 'show', '2022-11-02 09:01:41', '2022-11-02 09:01:41'),
(2106, 15, 1, NULL, NULL, 'Sweet Potato Cooked Candied Home-Prepared', NULL, 'No Brand', 'fresh', 'gram', NULL, 0, 0, 0, 0, 1.64, 0.01, 0.32, 0.04, 0, 0, 0, 0, 0, 0, 0, 0, 0, 0, 0, 'show', '2022-11-02 09:01:41', '2022-11-02 09:01:41'),
(2107, 15, 1, NULL, NULL, 'Sweet Potato Fries From Fresh Baked', NULL, 'No Brand', 'fresh', 'gram', NULL, 0, 0, 0, 0, 1.62, 0.02, 0.19, 0.09, 0, 0, 0, 0, 0, 0, 0, 0, 0, 0, 0, 'show', '2022-11-02 09:01:41', '2022-11-02 09:01:41'),
(2108, 15, 1, NULL, NULL, 'Sweet Potato Fries From Fresh Fried', NULL, 'No Brand', 'fresh', 'gram', NULL, 0, 0, 0, 0, 1.93, 0.02, 0.18, 0.13, 0, 0, 0, 0, 0, 0, 0, 0, 0, 0, 0, 'show', '2022-11-02 09:01:41', '2022-11-02 09:01:41'),
(2109, 15, 1, NULL, NULL, 'Sweet Potato Leaves Raw', NULL, 'No Brand', 'fresh', 'gram', NULL, 0, 0, 0, 0, 0.42, 0.02, 0.09, 0.01, 0, 0, 0, 0, 0, 0, 0, 0, 0, 0, 0, 'show', '2022-11-02 09:01:41', '2022-11-02 09:01:41'),
(2110, 15, 1, NULL, NULL, 'Sweet Potato Nfs', NULL, 'No Brand', 'fresh', 'gram', NULL, 0, 0, 0, 0, 1.08, 0.01, 0.17, 0.04, 0, 0, 0, 0, 0, 0, 0, 0, 0, 0, 0, 'show', '2022-11-02 09:01:41', '2022-11-02 09:01:41'),
(2111, 15, 1, NULL, NULL, 'Sweet Potato Yellow Puerto Rican Cooked', NULL, 'No Brand', 'fresh', 'gram', NULL, 0, 0, 0, 0, 0.76, 0.01, 0.18, 0, 0, 0, 0, 0, 0, 0, 0, 0, 0, 0, 0, 'show', '2022-11-02 09:01:42', '2022-11-02 09:01:42'),
(2112, 15, 1, 21, NULL, 'Sweet Red Bell Peppers', NULL, 'No Brand', 'fresh', 'gram', NULL, 0, 0, 0, 0, 0.26, 0.01, 0.06, 0, 0, 0, 0, 0, 0, 0, 0, 0, 0, 0, 0, 'show', '2022-11-02 09:01:42', '2022-11-02 09:01:42'),
(2113, 15, 1, NULL, NULL, 'Sweet Yellow Peppers', NULL, 'No Brand', 'fresh', 'gram', NULL, 0, 0, 0, 0, 0.27, 0.01, 0.06, 0, 0, 0, 0, 0, 0, 0, 0, 0, 0, 0, 0, 'show', '2022-11-02 09:01:42', '2022-11-02 09:01:42'),
(2114, 15, 1, NULL, NULL, 'Swiss Chard', NULL, 'No Brand', 'fresh', 'gram', NULL, 0, 0, 0, 0, 0.19, 0.02, 0.04, 0, 0, 0, 0, 0, 0, 0, 0, 0, 0, 0, 0, 'show', '2022-11-02 09:01:42', '2022-11-02 09:01:42'),
(2115, 15, 1, NULL, NULL, 'Tahitian Taro', NULL, 'No Brand', 'fresh', 'gram', NULL, 0, 0, 0, 0, 0.44, 0.03, 0.07, 0.01, 0, 0, 0, 0, 0, 0, 0, 0, 0, 0, 0, 'show', '2022-11-02 09:01:42', '2022-11-02 09:01:42'),
(2116, 15, 1, NULL, NULL, 'Taro', NULL, 'No Brand', 'fresh', 'gram', NULL, 0, 0, 0, 0, 1.12, 0.02, 0.26, 0, 0, 0, 0, 0, 0, 0, 0, 0, 0, 0, 0, 'show', '2022-11-02 09:01:42', '2022-11-02 09:01:42'),
(2117, 15, 1, NULL, NULL, 'Taro Baked', NULL, 'No Brand', 'fresh', 'gram', NULL, 0, 0, 0, 0, 1.44, 0.02, 0.34, 0, 0, 0, 0, 0, 0, 0, 0, 0, 0, 0, 0, 'show', '2022-11-02 09:01:42', '2022-11-02 09:01:42'),
(2118, 15, 1, NULL, NULL, 'Taro Leaves Cooked Steamed Without Salt', NULL, 'No Brand', 'fresh', 'gram', NULL, 0, 0, 0, 0, 0.24, 0.03, 0.04, 0, 0, 0, 0, 0, 0, 0, 0, 0, 0, 0, 0, 'show', '2022-11-02 09:01:42', '2022-11-02 09:01:42'),
(2119, 15, 1, NULL, NULL, 'Taro Leaves Raw', NULL, 'No Brand', 'fresh', 'gram', NULL, 0, 0, 0, 0, 0.42, 0.05, 0.07, 0.01, 0, 0, 0, 0, 0, 0, 0, 0, 0, 0, 0, 'show', '2022-11-02 09:01:42', '2022-11-02 09:01:42'),
(2120, 15, 1, NULL, NULL, 'Taro Shoots Cooked Without Salt', NULL, 'No Brand', 'fresh', 'gram', NULL, 0, 0, 0, 0, 0.14, 0.01, 0.03, 0, 0, 0, 0, 0, 0, 0, 0, 0, 0, 0, 0, 'show', '2022-11-02 09:01:42', '2022-11-02 09:01:42'),
(2121, 15, 1, 17, NULL, 'Tomatillos', NULL, 'No Brand', 'fresh', 'gram', NULL, 0, 0, 0, 0, 0.32, 0.01, 0.06, 0.01, 0, 0, 0, 0, 0, 0, 0, 0, 0, 0, 0, 'show', '2022-11-02 09:01:42', '2022-11-02 09:01:42'),
(2122, 15, 1, 17, NULL, 'Tomato Aspic', NULL, 'No Brand', 'fresh', 'gram', NULL, 0, 0, 0, 0, 0.28, 0.03, 0.05, 0, 0, 0, 0, 0, 0, 0, 0, 0, 0, 0, 0, 'show', '2022-11-02 09:01:42', '2022-11-02 09:01:42'),
(2123, 15, 1, 17, NULL, 'Tomato Juice Canned Without Salt Added', NULL, 'No Brand', 'fresh', 'gram', NULL, 0, 0, 0, 0, 0.17, 0.01, 0.04, 0, 0, 0, 0, 0, 0, 0, 0, 0, 0, 0, 0, 'show', '2022-11-02 09:01:42', '2022-11-02 09:01:42'),
(2124, 15, 1, 17, NULL, 'Tomato Powder', NULL, 'No Brand', 'fresh', 'gram', NULL, 0, 0, 0, 0, 3.02, 0.13, 0.75, 0, 0, 0, 0, 0, 0, 0, 0, 0, 0, 0, 0, 'show', '2022-11-02 09:01:42', '2022-11-02 09:01:42'),
(2125, 15, 1, 17, NULL, 'Tomato Products Canned Sauce', NULL, 'No Brand', 'fresh', 'gram', NULL, 0, 0, 0, 0, 0.24, 0.01, 0.05, 0, 0, 0, 0, 0, 0, 0, 0, 0, 0, 0, 0, 'show', '2022-11-02 09:01:42', '2022-11-02 09:01:42'),
(2126, 15, 1, 17, NULL, 'Tomato With Corn And Okra Cooked Made With Oil', NULL, 'No Brand', 'fresh', 'gram', NULL, 0, 0, 0, 0, 0.52, 0.02, 0.07, 0.03, 0, 0, 0, 0, 0, 0, 0, 0, 0, 0, 0, 'show', '2022-11-02 09:01:42', '2022-11-02 09:01:42'),
(2127, 15, 1, 17, NULL, 'Tomatoes Cooked From Fresh Ns As To Method', NULL, 'No Brand', 'fresh', 'gram', NULL, 0, 0, 0, 0, 0.18, 0.01, 0.04, 0, 0, 0, 0, 0, 0, 0, 0, 0, 0, 0, 0, 'show', '2022-11-02 09:01:42', '2022-11-02 09:01:42'),
(2128, 15, 1, 17, NULL, 'Tomatoes From Fresh Scalloped', NULL, 'No Brand', 'fresh', 'gram', NULL, 0, 0, 0, 0, 0.85, 0.02, 0.1, 0.04, 0, 0, 0, 0, 0, 0, 0, 0, 0, 0, 0, 'show', '2022-11-02 09:01:43', '2022-11-02 09:01:43'),
(2129, 15, 1, 17, NULL, 'Tomatoes Green Cooked From Fresh', NULL, 'No Brand', 'fresh', 'gram', NULL, 0, 0, 0, 0, 2.02, 0.03, 0.13, 0.16, 0, 0, 0, 0, 0, 0, 0, 0, 0, 0, 0, 'show', '2022-11-02 09:01:43', '2022-11-02 09:01:43'),
(2130, 15, 1, 17, NULL, 'Tomatoes Orange Raw', NULL, 'No Brand', 'fresh', 'gram', NULL, 0, 0, 0, 0, 0.16, 0.01, 0.03, 0, 0, 0, 0, 0, 0, 0, 0, 0, 0, 0, 0, 'show', '2022-11-02 09:01:43', '2022-11-02 09:01:43'),
(2131, 15, 1, 17, NULL, 'Tomatoes Red From Fresh Fried', NULL, 'No Brand', 'fresh', 'gram', NULL, 0, 0, 0, 0, 1.69, 0.03, 0.11, 0.13, 0, 0, 0, 0, 0, 0, 0, 0, 0, 0, 0, 'show', '2022-11-02 09:01:43', '2022-11-02 09:01:43');
INSERT INTO `components` (`id`, `component_category_id`, `component_group_id`, `exclude_list_id`, `allergy_list_id`, `name`, `img`, `brand`, `type`, `measuringunit`, `purchaseunit`, `wastage`, `increase`, `decrease`, `minimum`, `cals`, `proteins`, `carbs`, `fats`, `cholosterol`, `sodium`, `fiber`, `sugar`, `vitaminc`, `vitamina`, `calcium`, `iron`, `box_quantity`, `quantity`, `price`, `status`, `created_at`, `updated_at`) VALUES
(2132, 15, 1, 17, NULL, 'Tomatoes Sun-Dried Packed In Oil Drained', NULL, 'No Brand', 'fresh', 'gram', NULL, 0, 0, 0, 0, 2.13, 0.05, 0.23, 0.14, 0, 0, 0, 0, 0, 0, 0, 0, 0, 0, 0, 'show', '2022-11-02 09:01:43', '2022-11-02 09:01:43'),
(2133, 15, 1, NULL, NULL, 'Tree Fern Cooked Without Salt', NULL, 'No Brand', 'fresh', 'gram', NULL, 0, 0, 0, 0, 0.4, 0, 0.11, 0, 0, 0, 0, 0, 0, 0, 0, 0, 0, 0, 0, 'show', '2022-11-02 09:01:43', '2022-11-02 09:01:43'),
(2134, 15, 1, NULL, NULL, 'Turnip Cooked From Fresh Made With Oil', NULL, 'No Brand', 'fresh', 'gram', NULL, 0, 0, 0, 0, 0.46, 0.01, 0.05, 0.03, 0, 0, 0, 0, 0, 0, 0, 0, 0, 0, 0, 'show', '2022-11-02 09:01:43', '2022-11-02 09:01:43'),
(2135, 15, 1, NULL, NULL, 'Turnip Greens', NULL, 'No Brand', 'fresh', 'gram', NULL, 0, 0, 0, 0, 0.32, 0.02, 0.07, 0, 0, 0, 0, 0, 0, 0, 0, 0, 0, 0, 0, 'show', '2022-11-02 09:01:43', '2022-11-02 09:01:43'),
(2136, 15, 1, NULL, NULL, 'Turnip Greens Cooked From Fresh Made With Oil', NULL, 'No Brand', 'fresh', 'gram', NULL, 0, 0, 0, 0, 0.46, 0.01, 0.04, 0.03, 0, 0, 0, 0, 0, 0, 0, 0, 0, 0, 0, 'show', '2022-11-02 09:01:43', '2022-11-02 09:01:43'),
(2137, 15, 1, NULL, NULL, 'Turnips', NULL, 'No Brand', 'fresh', 'gram', NULL, 0, 0, 0, 0, 0.28, 0.01, 0.06, 0, 0, 0, 0, 0, 0, 0, 0, 0, 0, 0, 0, 'show', '2022-11-02 09:01:43', '2022-11-02 09:01:43'),
(2138, 15, 1, NULL, 3, 'Turnips From Fresh Creamed', NULL, 'No Brand', 'fresh', 'gram', NULL, 0, 0, 0, 0, 0.77, 0.02, 0.07, 0.05, 0, 0, 0, 0, 0, 0, 0, 0, 0, 0, 0, 'show', '2022-11-02 09:01:43', '2022-11-02 09:01:43'),
(2139, 15, 1, NULL, NULL, 'Vegetable Curry', NULL, 'No Brand', 'fresh', 'gram', NULL, 0, 0, 0, 0, 0.67, 0.02, 0.09, 0.03, 0, 0, 0, 0, 0, 0, 0, 0, 0, 0, 0, 'show', '2022-11-02 09:01:43', '2022-11-02 09:01:43'),
(2140, 15, 1, NULL, NULL, 'Vegetable Juice Bolthouse Farms Daily Greens', NULL, 'No Brand', 'fresh', 'gram', NULL, 0, 0, 0, 0, 0.31, 0, 0.08, 0, 0, 0, 0, 0, 0, 0, 0, 0, 0, 0, 0, 'show', '2022-11-02 09:01:44', '2022-11-02 09:01:44'),
(2141, 15, 1, NULL, NULL, 'Vegetable Stew Without Meat', NULL, 'No Brand', 'fresh', 'gram', NULL, 0, 0, 0, 0, 0.56, 0.03, 0.1, 0.01, 0, 0, 0, 0, 0, 0, 0, 0, 0, 0, 0, 'show', '2022-11-02 09:01:44', '2022-11-02 09:01:44'),
(2142, 15, 1, NULL, NULL, 'Vegetable Tempura', NULL, 'No Brand', 'fresh', 'gram', NULL, 0, 0, 0, 0, 2.34, 0.04, 0.2, 0.16, 0, 0, 0, 0, 0, 0, 0, 0, 0, 0, 0, 'show', '2022-11-02 09:01:44', '2022-11-02 09:01:44'),
(2143, 15, 1, NULL, NULL, 'Vinespinach', NULL, 'No Brand', 'fresh', 'gram', NULL, 0, 0, 0, 0, 0.19, 0.02, 0.03, 0, 0, 0, 0, 0, 0, 0, 0, 0, 0, 0, 0, 'show', '2022-11-02 09:01:44', '2022-11-02 09:01:44'),
(2144, 15, 1, NULL, NULL, 'Wasabi Root', NULL, 'No Brand', 'fresh', 'gram', NULL, 0, 0, 0, 0, 1.09, 0.05, 0.24, 0.01, 0, 0, 0, 0, 0, 0, 0, 0, 0, 0, 0, 'show', '2022-11-02 09:01:44', '2022-11-02 09:01:44'),
(2145, 15, 1, 14, 6, 'Waterchestnuts Chinese (Matai) Raw', NULL, 'No Brand', 'fresh', 'gram', NULL, 0, 0, 0, 0, 0.97, 0.01, 0.24, 0, 0, 0, 0, 0, 0, 0, 0, 0, 0, 0, 0, 'show', '2022-11-02 09:01:44', '2022-11-02 09:01:44'),
(2146, 15, 1, NULL, NULL, 'Waxgourd (Chinese Preserving Melon) Raw', NULL, 'No Brand', 'fresh', 'gram', NULL, 0, 0, 0, 0, 0.13, 0, 0.03, 0, 0, 0, 0, 0, 0, 0, 0, 0, 0, 0, 0, 'show', '2022-11-02 09:01:44', '2022-11-02 09:01:44'),
(2147, 15, 8, 2, NULL, 'Winged Bean Leaves Raw', NULL, 'No Brand', 'fresh', 'gram', NULL, 0, 0, 0, 0, 0.74, 0.06, 0.14, 0.01, 0, 0, 0, 0, 0, 0, 0, 0, 0, 0, 0, 'show', '2022-11-02 09:01:44', '2022-11-02 09:01:44'),
(2148, 15, 8, 2, NULL, 'Winged Bean Tuber Raw', NULL, 'No Brand', 'fresh', 'gram', NULL, 0, 0, 0, 0, 1.48, 0.12, 0.28, 0.01, 0, 0, 0, 0, 0, 0, 0, 0, 0, 0, 0, 'show', '2022-11-02 09:01:44', '2022-11-02 09:01:44'),
(2149, 15, 8, 2, NULL, 'Winged Beans Immature Seeds Raw', NULL, 'No Brand', 'fresh', 'gram', NULL, 0, 0, 0, 0, 0.49, 0.07, 0.04, 0.01, 0, 0, 0, 0, 0, 0, 0, 0, 0, 0, 0, 'show', '2022-11-02 09:01:45', '2022-11-02 09:01:45'),
(2150, 15, 1, NULL, NULL, 'Winter Melon Cooked', NULL, 'No Brand', 'fresh', 'gram', NULL, 0, 0, 0, 0, 0.14, 0, 0.03, 0, 0, 0, 0, 0, 0, 0, 0, 0, 0, 0, 0, 'show', '2022-11-02 09:01:45', '2022-11-02 09:01:45'),
(2151, 15, 1, NULL, NULL, 'Winter Squash', NULL, 'No Brand', 'fresh', 'gram', NULL, 0, 0, 0, 0, 0.34, 0.01, 0.09, 0, 0, 0, 0, 0, 0, 0, 0, 0, 0, 0, 0, 'show', '2022-11-02 09:01:45', '2022-11-02 09:01:45'),
(2152, 15, 1, NULL, NULL, 'Witloof Chicory', NULL, 'No Brand', 'fresh', 'gram', NULL, 0, 0, 0, 0, 0.17, 0.01, 0.04, 0, 0, 0, 0, 0, 0, 0, 0, 0, 0, 0, 0, 'show', '2022-11-02 09:01:45', '2022-11-02 09:01:45'),
(2153, 15, 1, NULL, NULL, 'Yam', NULL, 'No Brand', 'fresh', 'gram', NULL, 0, 0, 0, 0, 1.18, 0.02, 0.28, 0, 0, 0, 0, 0, 0, 0, 0, 0, 0, 0, 0, 'show', '2022-11-02 09:01:45', '2022-11-02 09:01:45'),
(2154, 15, 1, NULL, NULL, 'Yam Cooked Puerto Rican', NULL, 'No Brand', 'fresh', 'gram', NULL, 0, 0, 0, 0, 1.15, 0.01, 0.27, 0, 0, 0, 0, 0, 0, 0, 0, 0, 0, 0, 0, 'show', '2022-11-02 09:01:45', '2022-11-02 09:01:45'),
(2155, 15, 8, 2, NULL, 'Yambean (Jicama) Cooked Boiled Drained Without Salt', NULL, 'No Brand', 'fresh', 'gram', NULL, 0, 0, 0, 0, 0.38, 0.01, 0.09, 0, 0, 0, 0, 0, 0, 0, 0, 0, 0, 0, 0, 'show', '2022-11-02 09:01:45', '2022-11-02 09:01:45'),
(2156, 15, 8, 2, NULL, 'Yambean (Jicama) Raw', NULL, 'No Brand', 'fresh', 'gram', NULL, 0, 0, 0, 0, 0.38, 0.01, 0.09, 0, 0, 0, 0, 0, 0, 0, 0, 0, 0, 0, 0, 'show', '2022-11-02 09:01:45', '2022-11-02 09:01:45'),
(2157, 15, 8, 2, NULL, 'Yardlong Bean Cooked Boiled Drained Without Salt', NULL, 'No Brand', 'fresh', 'gram', NULL, 0, 0, 0, 0, 0.47, 0.03, 0.09, 0, 0, 0, 0, 0, 0, 0, 0, 0, 0, 0, 0, 'show', '2022-11-02 09:01:45', '2022-11-02 09:01:45'),
(2158, 15, 8, 2, NULL, 'Yardlong Bean Raw', NULL, 'No Brand', 'fresh', 'gram', NULL, 0, 0, 0, 0, 0.47, 0.03, 0.08, 0, 0, 0, 0, 0, 0, 0, 0, 0, 0, 0, 0, 'show', '2022-11-02 09:01:45', '2022-11-02 09:01:45'),
(2159, 15, 1, NULL, NULL, 'Yautia', NULL, 'No Brand', 'fresh', 'gram', NULL, 0, 0, 0, 0, 0.98, 0.01, 0.24, 0, 0, 0, 0, 0, 0, 0, 0, 0, 0, 0, 0, 'show', '2022-11-02 09:01:45', '2022-11-02 09:01:45'),
(2160, 15, 8, 2, NULL, 'Yellow Snap Beans', NULL, 'No Brand', 'fresh', 'gram', NULL, 0, 0, 0, 0, 0.31, 0.02, 0.07, 0, 0, 0, 0, 0, 0, 0, 0, 0, 0, 0, 0, 'show', '2022-11-02 09:01:45', '2022-11-02 09:01:45'),
(2161, 15, 1, 17, NULL, 'Yellow Tomatoes', NULL, 'No Brand', 'fresh', 'gram', NULL, 0, 0, 0, 0, 0.15, 0.01, 0.03, 0, 0, 0, 0, 0, 0, 0, 0, 0, 0, 0, 0, 'show', '2022-11-02 09:01:45', '2022-11-02 09:01:45'),
(2162, 15, 1, NULL, NULL, 'Yuca Fries', NULL, 'No Brand', 'fresh', 'gram', NULL, 0, 0, 0, 0, 2.67, 0.01, 0.35, 0.14, 0, 0, 0, 0, 0, 0, 0, 0, 0, 0, 0, 'show', '2022-11-02 09:01:45', '2022-11-02 09:01:45'),
(2163, 15, 1, NULL, NULL, 'Snowpeas', NULL, 'No Brand', 'fresh', 'gram', NULL, 0, 0, 0, 0, 0.42, 0.03, 0.08, 0, 0, 0, 0, 0, 0, 0, 0, 0, 0, 0, 0, 'show', '2022-11-02 09:01:45', '2022-11-02 09:01:45'),
(2164, 15, 1, NULL, NULL, 'Nori sheets', NULL, 'No Brand', 'fresh', 'gram', NULL, 0, 0, 0, 0, 0.38, 0.02, 0.08, 0, 0, 0, 0, 0, 0, 0, 0, 0, 0, 0, 0, 'show', '2022-11-02 09:01:45', '2022-11-02 09:01:45'),
(2165, 15, 1, NULL, NULL, 'Seaweed', NULL, 'No Brand', 'fresh', 'gram', NULL, 0, 0, 0, 0, 0.38, 0.02, 0.08, 0, 0, 0, 0, 0, 0, 0, 0, 0, 0, 0, 0, 'show', '2022-11-02 09:01:46', '2022-11-02 09:01:46'),
(2166, 1, 2, NULL, NULL, 'Baguette, Brown', NULL, 'No Brand', 'fresh', 'gram', NULL, 0, 0, 0, 0, 2.5, 0.0962, 0.5, 0.0096, 0, 0, 0, 0, 0, 0, 0, 0, 0, 0, 0, 'show', '2022-11-02 09:02:48', '2022-11-02 09:02:48'),
(2167, 1, 2, NULL, NULL, 'Baguette, White', NULL, 'No Brand', 'fresh', 'gram', NULL, 0, 0, 0, 0, 2.5, 0.0962, 0.5, 0.0096, 0, 0, 0, 0, 0, 0, 0, 0, 0, 0, 0, 'show', '2022-11-02 09:02:48', '2022-11-02 09:02:48'),
(2168, 1, 1, NULL, NULL, 'Baking Soda', NULL, 'No Brand', 'fresh', 'gram', NULL, 0, 0, 0, 0, 0, 0, 0, 0, 0, 0, 0, 0, 0, 0, 0, 0, 0, 0, 0, 'show', '2022-11-02 09:02:48', '2022-11-02 09:02:48'),
(2169, 1, 2, NULL, NULL, 'Bread, Arabic Brown, Large', NULL, 'No Brand', 'fresh', 'gram', NULL, 0, 0, 0, 0, 2.62, 0.098, 0.558, 0.017, 0, 0, 0, 0, 0, 0, 0, 0, 0, 0, 0, 'show', '2022-11-02 09:02:48', '2022-11-02 09:02:48'),
(2170, 1, 2, NULL, NULL, 'Bread, Arabic Brown, Small', NULL, 'No Brand', 'fresh', 'gram', NULL, 0, 0, 0, 0, 2.62, 0.098, 0.558, 0.017, 0, 0, 0, 0, 0, 0, 0, 0, 0, 0, 0, 'show', '2022-11-02 09:02:48', '2022-11-02 09:02:48'),
(2171, 1, 2, NULL, NULL, 'Bread, Arabic White, Large', NULL, 'No Brand', 'fresh', 'gram', NULL, 0, 0, 0, 0, 2.75, 0.091, 0.557, 0.012, 0, 0, 0, 0, 0, 0, 0, 0, 0, 0, 0, 'show', '2022-11-02 09:02:49', '2022-11-02 09:02:49'),
(2172, 1, 2, NULL, NULL, 'Bread, Arabic White, Small', NULL, 'No Brand', 'fresh', 'gram', NULL, 0, 0, 0, 0, 2.75, 0.091, 0.557, 0.012, 0, 0, 0, 0, 0, 0, 0, 0, 0, 0, 0, 'show', '2022-11-02 09:02:49', '2022-11-02 09:02:49'),
(2173, 1, 2, NULL, NULL, 'Bread, Brioche', NULL, 'No Brand', 'fresh', 'gram', NULL, 0, 0, 0, 0, 2.73, 0.068, 0.454, 0.068, 0, 0, 0, 0, 0, 0, 0, 0, 0, 0, 0, 'show', '2022-11-02 09:02:49', '2022-11-02 09:02:49'),
(2174, 1, 2, NULL, NULL, 'Bread, Brioche Rolls', NULL, 'No Brand', 'fresh', 'gram', NULL, 0, 0, 0, 0, 3.6, 0.12, 0.52, 0.1, 0, 0, 0, 0, 0, 0, 0, 0, 0, 0, 0, 'show', '2022-11-02 09:02:49', '2022-11-02 09:02:49'),
(2175, 1, 2, NULL, NULL, 'Bread, Brown', NULL, 'No Brand', 'fresh', 'gram', NULL, 0, 0, 0, 0, 2.52, 0.124, 0.427, 0.035, 0, 0, 0, 0, 0, 0, 0, 0, 0, 0, 0, 'show', '2022-11-02 09:02:49', '2022-11-02 09:02:49'),
(2176, 1, 2, NULL, NULL, 'Bread, Ciabatta', NULL, 'No Brand', 'fresh', 'gram', NULL, 0, 0, 0, 0, 2.1, 0.07, 0.421, 0.008, 0, 0, 0, 0, 0, 0, 0, 0, 0, 0, 0, 'show', '2022-11-02 09:02:49', '2022-11-02 09:02:49'),
(2177, 1, 2, NULL, NULL, 'Bread, Ciabatta, Gluten Free', NULL, 'No Brand', 'fresh', 'gram', NULL, 0, 0, 0, 0, 2.1, 0.07, 0.421, 0.008, 0, 0, 0, 0, 0, 0, 0, 0, 0, 0, 0, 'show', '2022-11-02 09:02:49', '2022-11-02 09:02:49'),
(2178, 1, 2, NULL, NULL, 'Bread, Country Batard', NULL, 'No Brand', 'fresh', 'gram', NULL, 0, 0, 0, 0, 2.63, 0.07, 0.526, 0, 0, 0, 0, 0, 0, 0, 0, 0, 0, 0, 0, 'show', '2022-11-02 09:02:49', '2022-11-02 09:02:49'),
(2179, 1, 2, NULL, NULL, 'Bread, Dark Granary', NULL, 'No Brand', 'fresh', 'gram', NULL, 0, 0, 0, 0, 2.62, 0.098, 0.558, 0.017, 0, 0, 0, 0, 0, 0, 0, 0, 0, 0, 0, 'show', '2022-11-02 09:02:49', '2022-11-02 09:02:49'),
(2180, 1, 2, NULL, NULL, 'Bread, Markouk', NULL, 'No Brand', 'fresh', 'gram', NULL, 0, 0, 0, 0, 2.62, 0.098, 0.558, 0.017, 0, 0, 0, 0, 0, 0, 0, 0, 0, 0, 0, 'show', '2022-11-02 09:02:50', '2022-11-02 09:02:50'),
(2181, 1, 2, NULL, NULL, 'Bread, Multigrain', NULL, 'No Brand', 'fresh', 'gram', NULL, 0, 0, 0, 0, 2.65, 0.133, 0.43, 0.042, 0, 0, 0, 0, 0, 0, 0, 0, 0, 0, 0, 'show', '2022-11-02 09:02:50', '2022-11-02 09:02:50'),
(2182, 1, 2, NULL, NULL, 'Bread, Sourdough, Brown', NULL, 'No Brand', 'fresh', 'gram', NULL, 0, 0, 0, 0, 2.72, 0.107, 0.518, 0.024, 0, 0, 0, 0, 0, 0, 0, 0, 0, 0, 0, 'show', '2022-11-02 09:02:50', '2022-11-02 09:02:50'),
(2183, 1, 2, NULL, NULL, 'Bread, Sourdough, White', NULL, 'No Brand', 'fresh', 'gram', NULL, 0, 0, 0, 0, 2.72, 0.107, 0.518, 0.024, 0, 0, 0, 0, 0, 0, 0, 0, 0, 0, 0, 'show', '2022-11-02 09:02:50', '2022-11-02 09:02:50'),
(2184, 1, 2, NULL, NULL, 'Bread, White', NULL, 'No Brand', 'fresh', 'gram', NULL, 0, 0, 0, 0, 2.7, 0.094, 0.492, 0.035, 0, 0, 0, 0, 0, 0, 0, 0, 0, 0, 0, 'show', '2022-11-02 09:02:50', '2022-11-02 09:02:50'),
(2185, 1, 2, NULL, NULL, 'Bread, White Granary', NULL, 'No Brand', 'fresh', 'gram', NULL, 0, 0, 0, 0, 2.75, 0.091, 0.557, 0.012, 0, 0, 0, 0, 0, 0, 0, 0, 0, 0, 0, 'show', '2022-11-02 09:02:50', '2022-11-02 09:02:50'),
(2186, 1, 2, NULL, NULL, 'Bread, Whole Meal', NULL, 'No Brand', 'fresh', 'gram', NULL, 0, 0, 0, 0, 2.65, 0.133, 0.43, 0.042, 0, 0, 0, 0, 0, 0, 0, 0, 0, 0, 0, 'show', '2022-11-02 09:02:50', '2022-11-02 09:02:50'),
(2187, 1, 2, NULL, NULL, 'Brown Rice Cracker', NULL, 'No Brand', 'fresh', 'gram', NULL, 0, 0, 0, 0, 4, 0.1, 0.733, 0.066, 0, 0, 0, 0, 0, 0, 0, 0, 0, 0, 0, 'show', '2022-11-02 09:02:50', '2022-11-02 09:02:50'),
(2188, 1, 2, NULL, NULL, 'Burger Bun, 60g', NULL, 'No Brand', 'fresh', 'gram', NULL, 0, 0, 0, 0, 2.79, 0.097, 0.501, 0.039, 0, 0, 0, 0, 0, 0, 0, 0, 0, 0, 0, 'show', '2022-11-02 09:02:50', '2022-11-02 09:02:50'),
(2189, 1, 2, NULL, NULL, 'Burger Bun, Whole Wheat, 60g', NULL, 'No Brand', 'fresh', 'gram', NULL, 0, 0, 0, 0, 2.57, 0.0001, 0.432, 0.0308, 0, 0, 0, 0, 0, 0, 0, 0, 0, 0, 0, 'show', '2022-11-02 09:02:50', '2022-11-02 09:02:50'),
(2190, 1, 1, NULL, NULL, 'Filo Pastry', NULL, 'No Brand', 'fresh', 'gram', NULL, 0, 0, 0, 0, 2.4, 0.075, 0.475, 0.2, 0, 0, 0, 0, 0, 0, 0, 0, 0, 0, 0, 'show', '2022-11-02 09:02:50', '2022-11-02 09:02:50'),
(2191, 1, 1, NULL, NULL, 'Flour, All Purpose, Gluten Free', NULL, 'No Brand', 'fresh', 'gram', NULL, 0, 0, 0, 0, 3.3333, 0.0333, 0.7667, 0, 0, 0, 0, 0, 0, 0, 0, 0, 0, 0, 0, 'show', '2022-11-02 09:02:51', '2022-11-02 09:02:51'),
(2192, 1, 1, NULL, NULL, 'Flour, Coconut', NULL, 'No Brand', 'fresh', 'gram', NULL, 0, 0, 0, 0, 4.427, 0.174, 0.593, 0.14, 0, 0, 0, 0, 0, 0, 0, 0, 0, 0, 0, 'show', '2022-11-02 09:02:51', '2022-11-02 09:02:51'),
(2193, 1, 1, NULL, NULL, 'Gluten Free Bread Mix', NULL, 'No Brand', 'fresh', 'gram', NULL, 0, 0, 0, 0, 3.6364, 0.0303, 0.8485, 0.0303, 0, 0, 0, 0, 0, 0, 0, 0, 0, 0, 0, 'show', '2022-11-02 09:02:51', '2022-11-02 09:02:51'),
(2194, 1, 2, NULL, NULL, 'Gyoza Wrap', NULL, 'No Brand', 'fresh', 'gram', NULL, 0, 0, 0, 0, 2.91, 0.098, 0.579, 0.015, 0, 0, 0, 0, 0, 0, 0, 0, 0, 0, 0, 'show', '2022-11-02 09:02:51', '2022-11-02 09:02:51'),
(2195, 1, 2, NULL, NULL, 'Marie biscuit, gluten free', NULL, 'No Brand', 'fresh', 'gram', NULL, 0, 0, 0, 0, 4.06, 0.0705, 0.7054, 0.1058, 0, 0, 0, 0, 0, 0, 0, 0, 0, 0, 0, 'show', '2022-11-02 09:02:51', '2022-11-02 09:02:51'),
(2196, 1, 2, NULL, NULL, 'Marie biscuit, whole wheat', NULL, 'No Brand', 'fresh', 'gram', NULL, 0, 0, 0, 0, 4.06, 0.0705, 0.7054, 0.1058, 0, 0, 0, 0, 0, 0, 0, 0, 0, 0, 0, 'show', '2022-11-02 09:02:51', '2022-11-02 09:02:51'),
(2197, 1, 2, NULL, NULL, 'Protein Bread, 1 Flat Round 60g', NULL, 'No Brand', 'fresh', 'gram', NULL, 0, 0, 0, 0, 2.66, 0.279, 0.107, 0.111, 0, 0, 0, 0, 0, 0, 0, 0, 0, 0, 0, 'show', '2022-11-02 09:02:51', '2022-11-02 09:02:51'),
(2198, 1, 2, NULL, NULL, 'Protein Bread, 1 Slice 40g', NULL, 'No Brand', 'fresh', 'gram', NULL, 0, 0, 0, 0, 2.66, 0.279, 0.107, 0.111, 0, 0, 0, 0, 0, 0, 0, 0, 0, 0, 0, 'show', '2022-11-02 09:02:51', '2022-11-02 09:02:51'),
(2199, 1, 2, NULL, NULL, 'Puff Pastry, Gluten Free', NULL, 'No Brand', 'fresh', 'gram', NULL, 0, 0, 0, 0, 4, 0, 0.35, 0.3, 0, 0, 0, 0, 0, 0, 0, 0, 0, 0, 0, 'show', '2022-11-02 09:02:51', '2022-11-02 09:02:51'),
(2200, 1, 2, NULL, NULL, 'Tortilla, Corn Gluten Free 6\"', NULL, 'No Brand', 'fresh', 'gram', NULL, 0, 0, 0, 0, 2.8125, 0.0313, 0.5313, 0.0781, 0, 0, 0, 0, 0, 0, 0, 0, 0, 0, 0, 'show', '2022-11-02 09:02:51', '2022-11-02 09:02:51'),
(2201, 1, 2, NULL, NULL, 'Tortilla, Flour 10\"', NULL, 'No Brand', 'fresh', 'gram', NULL, 0, 0, 0, 0, 3, 0.0857, 0.5, 0.0714, 0, 0, 0, 0, 0, 0, 0, 0, 0, 0, 0, 'show', '2022-11-02 09:02:51', '2022-11-02 09:02:51'),
(2202, 1, 2, NULL, NULL, 'Tortilla, Flour 12\"', NULL, 'No Brand', 'fresh', 'gram', NULL, 0, 0, 0, 0, 2.9552, 0.0858, 0.4957, 0.0763, 0, 0, 0, 0, 0, 0, 0, 0, 0, 0, 0, 'show', '2022-11-02 09:02:51', '2022-11-02 09:02:51'),
(2203, 1, 2, NULL, NULL, 'Tortilla, Flour 6\"', NULL, 'No Brand', 'fresh', 'gram', NULL, 0, 0, 0, 0, 2.1556, 0.0392, 0.4311, 0.0294, 0, 0, 0, 0, 0, 0, 0, 0, 0, 0, 0, 'show', '2022-11-02 09:02:51', '2022-11-02 09:02:51'),
(2204, 1, 2, NULL, NULL, 'Tortilla, Whole Wheat 10\"', NULL, 'No Brand', 'fresh', 'gram', NULL, 0, 0, 0, 0, 3.1, 0.0976, 0.4589, 0.0976, 0, 0, 0, 0, 0, 0, 0, 0, 0, 0, 0, 'show', '2022-11-02 09:02:51', '2022-11-02 09:02:51'),
(2205, 1, 2, NULL, NULL, 'Tortilla, Whole Wheat 12\"', NULL, 'No Brand', 'fresh', 'gram', NULL, 0, 0, 0, 0, 3.1, 0.0976, 0.4589, 0.0976, 0, 0, 0, 0, 0, 0, 0, 0, 0, 0, 0, 'show', '2022-11-02 09:02:51', '2022-11-02 09:02:51'),
(2206, 1, 2, NULL, NULL, 'Tortilla, Whole Wheat 6\"', NULL, 'No Brand', 'fresh', 'gram', NULL, 0, 0, 0, 0, 2.8378, 0.0811, 0.527, 0.0473, 0, 0, 0, 0, 0, 0, 0, 0, 0, 0, 0, 'show', '2022-11-02 09:02:51', '2022-11-02 09:02:51'),
(2207, 2, 3, NULL, NULL, 'Chickpeas, Dry', NULL, 'No Brand', 'fresh', 'gram', NULL, 0, 0, 0, 0, 3.78, 0.204, 0.625, 0.06, 0, 0, 0, 0, 0, 0, 0, 0, 0, 0, 0, 'show', '2022-11-02 09:02:51', '2022-11-02 09:02:51'),
(2208, 2, 1, NULL, NULL, 'Dal, Channa', NULL, 'No Brand', 'fresh', 'gram', NULL, 0, 0, 0, 0, 3.52, 0.2463, 0.6335, 0.0106, 0, 0, 0, 0, 0, 0, 0, 0, 0, 0, 0, 'show', '2022-11-02 09:02:51', '2022-11-02 09:02:51'),
(2209, 2, 1, NULL, NULL, 'Dal, Masoor, Red Lentil', NULL, 'No Brand', 'fresh', 'gram', NULL, 0, 0, 0, 0, 3.58, 0.2391, 0.631, 0.0217, 0, 0, 0, 0, 0, 0, 0, 0, 0, 0, 0, 'show', '2022-11-02 09:02:51', '2022-11-02 09:02:51'),
(2210, 2, 1, NULL, NULL, 'Dal, Toor', NULL, 'No Brand', 'fresh', 'gram', NULL, 0, 0, 0, 0, 3.43, 0.217, 0.627, 0.014, 0, 0, 0, 0, 0, 0, 0, 0, 0, 0, 0, 'show', '2022-11-02 09:02:52', '2022-11-02 09:02:52'),
(2211, 2, 1, NULL, NULL, 'Dal, Urid, Peeled', NULL, 'No Brand', 'fresh', 'gram', NULL, 0, 0, 0, 0, 3.77, 0.288, 0.667, 0.0111, 0, 0, 0, 0, 0, 0, 0, 0, 0, 0, 0, 'show', '2022-11-02 09:02:52', '2022-11-02 09:02:52'),
(2212, 2, 1, NULL, NULL, 'Dal, Urid, Whole', NULL, 'No Brand', 'fresh', 'gram', NULL, 0, 0, 0, 0, 3.77, 0.288, 0.667, 0.0111, 0, 0, 0, 0, 0, 0, 0, 0, 0, 0, 0, 'show', '2022-11-02 09:02:52', '2022-11-02 09:02:52'),
(2213, 2, 8, NULL, NULL, 'Pigeon peas, canned', NULL, 'No Brand', 'fresh', 'gram', NULL, 0, 0, 0, 0, 1.11, 0.059, 0.194, 0.013, 0, 0, 0, 0, 0, 0, 0, 0, 0, 0, 0, 'show', '2022-11-02 09:02:52', '2022-11-02 09:02:52'),
(2214, 2, 3, NULL, NULL, 'Soy mince (TVP)', NULL, 'No Brand', 'fresh', 'gram', NULL, 0, 0, 0, 0, 2.7, 0.46, 0.32, 0.03, 0, 0, 0, 0, 0, 0, 0, 0, 0, 0, 0, 'show', '2022-11-02 09:02:52', '2022-11-02 09:02:52'),
(2215, 2, 3, NULL, NULL, 'Soy Yoghurt', NULL, 'No Brand', 'fresh', 'gram', NULL, 0, 0, 0, 0, 0.66, 0.026, 0.096, 0.017, 0, 0, 0, 0, 0, 0, 0, 0, 0, 0, 0, 'show', '2022-11-02 09:02:52', '2022-11-02 09:02:52'),
(2216, 2, 3, 3, 1, 'Soya Chunks (TVP)', NULL, 'No Brand', 'fresh', 'gram', NULL, 0, 0, 0, 0, 3.27, 0.514, 0.339, 0.0122, 0, 0, 0, 0, 0, 0, 0, 0, 0, 0, 0, 'show', '2022-11-02 09:02:52', '2022-11-02 09:02:52'),
(2217, 2, 3, NULL, NULL, 'Sugar snap peas', NULL, 'No Brand', 'fresh', 'gram', NULL, 0, 0, 0, 0, 0.47, 0.0116, 0.104, 0, 0, 0, 0, 0, 0, 0, 0, 0, 0, 0, 0, 'show', '2022-11-02 09:02:52', '2022-11-02 09:02:52'),
(2218, 3, 4, NULL, 3, 'Cheese, Halloumi, Low Fat', NULL, 'No Brand', 'fresh', 'gram', NULL, 0, 0, 0, 0, 2.52, 0.23, 0.02, 0.17, 0, 0, 0, 0, 0, 0, 0, 0, 0, 0, 0, 'show', '2022-11-02 09:02:52', '2022-11-02 09:02:52'),
(2219, 3, 4, NULL, 3, 'Cheese, Akawi', NULL, 'No Brand', 'fresh', 'gram', NULL, 0, 0, 0, 0, 2.82, 0.21, 0, 0.246, 0, 0, 0, 0, 0, 0, 0, 0, 0, 0, 0, 'show', '2022-11-02 09:02:52', '2022-11-02 09:02:52'),
(2220, 3, 4, NULL, 3, 'Cheese, Cheddar, Low Fat', NULL, 'No Brand', 'fresh', 'gram', NULL, 0, 0, 0, 0, 1.73, 0.243, 0.019, 0.09, 0, 0, 0, 0, 0, 0, 0, 0, 0, 0, 0, 'show', '2022-11-02 09:02:52', '2022-11-02 09:02:52'),
(2221, 3, 4, NULL, 3, 'Cheese, Cottage, Low Fat', NULL, 'No Brand', 'fresh', 'gram', NULL, 0, 0, 0, 0, 0.84, 0.11, 0.043, 0.023, 0, 0, 0, 0, 0, 0, 0, 0, 0, 0, 0, 'show', '2022-11-02 09:02:52', '2022-11-02 09:02:52'),
(2222, 3, 4, NULL, 3, 'Cheese, Halloumi', NULL, 'No Brand', 'fresh', 'gram', NULL, 0, 0, 0, 0, 3.33, 0.212, 0, 0.272, 0, 0, 0, 0, 0, 0, 0, 0, 0, 0, 0, 'show', '2022-11-02 09:02:52', '2022-11-02 09:02:52'),
(2223, 3, 4, NULL, 3, 'Cheese, Mozzarella', NULL, 'No Brand', 'fresh', 'gram', NULL, 0, 0, 0, 0, 2.98, 0.237, 0.044, 0.204, 0, 0, 0, 0, 0, 0, 0, 0, 0, 0, 0, 'show', '2022-11-02 09:02:52', '2022-11-02 09:02:52'),
(2224, 3, 4, NULL, 3, 'Cheese, Mozzarella, Low Fat', NULL, 'No Brand', 'fresh', 'gram', NULL, 0, 0, 0, 0, 2.98, 0.237, 0.044, 0.204, 0, 0, 0, 0, 0, 0, 0, 0, 0, 0, 0, 'show', '2022-11-02 09:02:52', '2022-11-02 09:02:52'),
(2225, 3, 4, NULL, 3, 'Feta Cheese, Lite', NULL, 'No Brand', 'fresh', 'gram', NULL, 0, 0, 0, 0, 1.2346, 0.2469, 0.0353, 0, 0, 0, 0, 0, 0, 0, 0, 0, 0, 0, 0, 'show', '2022-11-02 09:02:52', '2022-11-02 09:02:52'),
(2226, 3, 4, NULL, NULL, 'Feta Cheese, Vegan', NULL, 'No Brand', 'fresh', 'gram', NULL, 0, 0, 0, 0, 3.1746, 0, 0.1058, 0.2822, 0, 0, 0, 0, 0, 0, 0, 0, 0, 0, 0, 'show', '2022-11-02 09:02:53', '2022-11-02 09:02:53'),
(2227, 3, 4, NULL, NULL, 'Laban, Full Fat', NULL, 'No Brand', 'fresh', 'gram', NULL, 0, 0, 0, 0, 0.79, 0.032, 0.047, 0.053, 0, 0, 0, 0, 0, 0, 0, 0, 0, 0, 0, 'show', '2022-11-02 09:02:53', '2022-11-02 09:02:53'),
(2228, 3, 4, NULL, NULL, 'Laban, Lowfat', NULL, 'No Brand', 'fresh', 'gram', NULL, 0, 0, 0, 0, 0.42, 0.032, 0.05, 0.011, 0, 0, 0, 0, 0, 0, 0, 0, 0, 0, 0, 'show', '2022-11-02 09:02:53', '2022-11-02 09:02:53'),
(2229, 3, 4, NULL, NULL, 'Labneh, low fat', NULL, 'No Brand', 'fresh', 'gram', NULL, 0, 0, 0, 0, 0.845, 0.096, 0.054, 0.027, 0, 0, 0, 0, 0, 0, 0, 0, 0, 0, 0, 'show', '2022-11-02 09:02:53', '2022-11-02 09:02:53'),
(2230, 3, 4, NULL, NULL, 'Mozzarella Balls, Fresh', NULL, 'No Brand', 'fresh', 'gram', NULL, 0, 0, 0, 0, 2.46, 0.176, 0.035, 0.176, 0, 0, 0, 0, 0, 0, 0, 0, 0, 0, 0, 'show', '2022-11-02 09:02:53', '2022-11-02 09:02:53'),
(2231, 3, 4, NULL, NULL, 'Mozzarella, Vegan', NULL, 'No Brand', 'fresh', 'gram', NULL, 0, 0, 0, 0, 1.8, 0.024, 0.096, 0.145, 0, 0, 0, 0, 0, 0, 0, 0, 0, 0, 0, 'show', '2022-11-02 09:02:53', '2022-11-02 09:02:53'),
(2232, 3, 4, NULL, 3, 'Paneer', NULL, 'No Brand', 'fresh', 'gram', NULL, 0, 0, 0, 0, 2.96, 0.2, 0.045, 0.22, 0, 0, 0, 0, 0, 0, 0, 0, 0, 0, 0, 'show', '2022-11-02 09:02:53', '2022-11-02 09:02:53'),
(2233, 3, 4, NULL, 3, 'Ricotta Cheese, Low Fat', NULL, 'No Brand', 'fresh', 'gram', NULL, 0, 0, 0, 0, 0.96, 0.112, 0.048, 0.048, 0, 0, 0, 0, 0, 0, 0, 0, 0, 0, 0, 'show', '2022-11-02 09:02:53', '2022-11-02 09:02:53'),
(2234, 4, 5, NULL, NULL, 'Butter, Vegan', NULL, 'No Brand', 'fresh', 'gram', NULL, 0, 0, 0, 0, 5.79, 0.0017, 0.008, 0.65, 0, 0, 0, 0, 0, 0, 0, 0, 0, 0, 0, 'show', '2022-11-02 09:02:53', '2022-11-02 09:02:53'),
(2235, 4, 1, NULL, NULL, 'Coconut Flakes', NULL, 'No Brand', 'fresh', 'gram', NULL, 0, 0, 0, 0, 4.67, 0, 0.533, 0.233, 0, 0, 0, 0, 0, 0, 0, 0, 0, 0, 0, 'show', '2022-11-02 09:02:53', '2022-11-02 09:02:53'),
(2236, 4, 1, NULL, NULL, 'Japanese Mayonnaise', NULL, 'No Brand', 'fresh', 'gram', NULL, 0, 0, 0, 0, 6.8933, 0.0267, 0.0133, 0.7533, 0, 0, 0, 0, 0, 0, 0, 0, 0, 0, 0, 'show', '2022-11-02 09:02:53', '2022-11-02 09:02:53'),
(2237, 4, 5, NULL, NULL, 'Sesame Oil, Toasted', NULL, 'No Brand', 'fresh', 'gram', NULL, 0, 0, 0, 0, 8.57, 0, 0, 1, 0, 0, 0, 0, 0, 0, 0, 0, 0, 0, 0, 'show', '2022-11-02 09:02:53', '2022-11-02 09:02:53'),
(2238, 4, 5, NULL, NULL, 'Sunflower Oil', NULL, 'No Brand', 'fresh', 'gram', NULL, 0, 0, 0, 0, 8.84, 0, 0, 1, 0, 0, 0, 0, 0, 0, 0, 0, 0, 0, 0, 'show', '2022-11-02 09:02:53', '2022-11-02 09:02:53'),
(2239, 5, 3, 5, 4, 'Cod Fish, Fillet', NULL, 'No Brand', 'fresh', 'gram', NULL, 0, 0, 0, 0, 0.82, 0.1781, 0, 0.0067, 0, 0, 0, 0, 0, 0, 0, 0, 0, 0, 0, 'show', '2022-11-02 09:02:53', '2022-11-02 09:02:53'),
(2240, 5, 3, 27, 5, 'Shrimps, PD Tail-Off', NULL, 'No Brand', 'fresh', 'gram', NULL, 0, 0, 0, 0, 0.71, 0.136, 0.009, 0.0101, 0, 0, 0, 0, 0, 0, 0, 0, 0, 0, 0, 'show', '2022-11-02 09:02:53', '2022-11-02 09:02:53'),
(2241, 5, 3, 27, 5, 'Shrimps, PD Tail-On', NULL, 'No Brand', 'fresh', 'gram', NULL, 0, 0, 0, 0, 0.71, 0.136, 0.009, 0.0101, 0, 0, 0, 0, 0, 0, 0, 0, 0, 0, 0, 'show', '2022-11-02 09:02:53', '2022-11-02 09:02:53'),
(2242, 6, 6, NULL, NULL, 'Acai Berry Frozen', NULL, 'No Brand', 'fresh', 'gram', NULL, 0, 0, 0, 0, 0.75, 0.01, 0.04, 0.06, 0, 0, 0, 0, 0, 0, 0, 0, 0, 0, 0, 'show', '2022-11-02 09:02:54', '2022-11-02 09:02:54'),
(2243, 6, 6, NULL, NULL, 'Barberries, Dried', NULL, 'No Brand', 'fresh', 'gram', NULL, 0, 0, 0, 0, 3.25, 0, 0.825, 0, 0, 0, 0, 0, 0, 0, 0, 0, 0, 0, 0, 'show', '2022-11-02 09:02:54', '2022-11-02 09:02:54'),
(2244, 6, 6, NULL, NULL, 'Goji Berry', NULL, 'No Brand', 'fresh', 'gram', NULL, 0, 0, 0, 0, 3.3333, 0.1111, 0.8889, 0, 0, 0, 0, 0, 0, 0, 0, 0, 0, 0, 0, 'show', '2022-11-02 09:02:54', '2022-11-02 09:02:54'),
(2245, 6, 6, NULL, NULL, 'Mandarine', NULL, 'No Brand', 'fresh', 'gram', NULL, 0, 0, 0, 0, 0.62, 0, 0.1504, 0, 0, 0, 0, 0, 0, 0, 0, 0, 0, 0, 0, 'show', '2022-11-02 09:02:54', '2022-11-02 09:02:54'),
(2246, 6, 6, NULL, NULL, 'Mango, Alfonso Fresh (seasonal)', NULL, 'No Brand', 'fresh', 'gram', NULL, 0, 0, 0, 0, 0.6, 0.0082, 0.1498, 0.0038, 0, 0, 0, 0, 0, 0, 0, 0, 0, 0, 0, 'show', '2022-11-02 09:02:54', '2022-11-02 09:02:54'),
(2247, 6, 6, NULL, NULL, 'Mango, fresh, ripe', NULL, 'No Brand', 'fresh', 'gram', NULL, 0, 0, 0, 0, 0.6, 0.0082, 0.1498, 0.0038, 0, 0, 0, 0, 0, 0, 0, 0, 0, 0, 0, 'show', '2022-11-02 09:02:54', '2022-11-02 09:02:54'),
(2248, 6, 6, NULL, NULL, 'Papaya, Ripe', NULL, 'No Brand', 'fresh', 'gram', NULL, 0, 0, 0, 0, 0.43, 0.0047, 0.108, 0.0026, 0, 0, 0, 0, 0, 0, 0, 0, 0, 0, 0, 'show', '2022-11-02 09:02:54', '2022-11-02 09:02:54'),
(2249, 6, 6, NULL, NULL, 'Pineapple Juice, Fresh', NULL, 'No Brand', 'fresh', 'gram', NULL, 0, 0, 0, 0, 0.53, 0.0036, 0.128, 0.0012, 0, 0, 0, 0, 0, 0, 0, 0, 0, 0, 0, 'show', '2022-11-02 09:02:54', '2022-11-02 09:02:54'),
(2250, 6, 6, NULL, NULL, 'Raspberry, Fresh', NULL, 'No Brand', 'fresh', 'gram', NULL, 0, 0, 0, 0, 0.52, 0.012, 0.12, 0.007, 0, 0, 0, 0, 0, 0, 0, 0, 0, 0, 0, 'show', '2022-11-02 09:02:54', '2022-11-02 09:02:54'),
(2251, 6, 6, NULL, NULL, 'Raspberry, Frozen', NULL, 'No Brand', 'fresh', 'gram', NULL, 0, 0, 0, 0, 0.4, 0.04, 0.023, 0.003, 0, 0, 0, 0, 0, 0, 0, 0, 0, 0, 0, 'show', '2022-11-02 09:02:54', '2022-11-02 09:02:54'),
(2252, 7, 2, NULL, NULL, 'All Bran Cereal', NULL, 'No Brand', 'fresh', 'gram', NULL, 0, 0, 0, 0, 2.59, 0.13, 0.74, 0.05, 0, 0, 0, 0, 0, 0, 0, 0, 0, 0, 0, 'show', '2022-11-02 09:02:54', '2022-11-02 09:02:54'),
(2253, 7, 2, NULL, NULL, 'All Purpose Rice Crumbs GF', NULL, 'No Brand', 'fresh', 'gram', NULL, 0, 0, 0, 0, 3.84, 0.07, 0.77, 0.02, 0, 0, 0, 0, 0, 0, 0, 0, 0, 0, 0, 'show', '2022-11-02 09:02:54', '2022-11-02 09:02:54'),
(2254, 7, 2, NULL, NULL, 'Basmati Rice, Brown, Dry', NULL, 'No Brand', 'fresh', 'gram', NULL, 0, 0, 0, 0, 3.55, 0.088, 0.777, 0.033, 0, 0, 0, 0, 0, 0, 0, 0, 0, 0, 0, 'show', '2022-11-02 09:02:54', '2022-11-02 09:02:54'),
(2255, 7, 2, NULL, NULL, 'Basmati Rice, White, Dry', NULL, 'No Brand', 'fresh', 'gram', NULL, 0, 0, 0, 0, 3.55, 0.066, 0.8, 0.011, 0, 0, 0, 0, 0, 0, 0, 0, 0, 0, 0, 'show', '2022-11-02 09:02:54', '2022-11-02 09:02:54'),
(2256, 7, 2, NULL, NULL, 'Buckwheat Flour', NULL, 'No Brand', 'fresh', 'gram', NULL, 0, 0, 0, 0, 3.78, 0.108, 0.783, 0.013, 0, 0, 0, 0, 0, 0, 0, 0, 0, 0, 0, 'show', '2022-11-02 09:02:54', '2022-11-02 09:02:54'),
(2257, 7, 2, NULL, NULL, 'Buckwheat, Cooked', NULL, 'No Brand', 'fresh', 'gram', NULL, 0, 0, 0, 0, 0.92, 0.033, 0.198, 0.006, 0, 0, 0, 0, 0, 0, 0, 0, 0, 0, 0, 'show', '2022-11-02 09:02:55', '2022-11-02 09:02:55'),
(2258, 7, 2, NULL, NULL, 'Bulgur, Coarse', NULL, 'No Brand', 'fresh', 'gram', NULL, 0, 0, 0, 0, 3.42, 0.122, 0.758, 0.013, 0, 0, 0, 0, 0, 0, 0, 0, 0, 0, 0, 'show', '2022-11-02 09:02:55', '2022-11-02 09:02:55'),
(2259, 7, 2, NULL, NULL, 'Bulgur, Fine', NULL, 'No Brand', 'fresh', 'gram', NULL, 0, 0, 0, 0, 3.42, 0.122, 0.758, 0.013, 0, 0, 0, 0, 0, 0, 0, 0, 0, 0, 0, 'show', '2022-11-02 09:02:55', '2022-11-02 09:02:55'),
(2260, 7, 2, NULL, NULL, 'Bulgur, Medium Coarse', NULL, 'No Brand', 'fresh', 'gram', NULL, 0, 0, 0, 0, 3.42, 0.122, 0.758, 0.013, 0, 0, 0, 0, 0, 0, 0, 0, 0, 0, 0, 'show', '2022-11-02 09:02:55', '2022-11-02 09:02:55'),
(2261, 7, 2, NULL, NULL, 'Bulgur, Red', NULL, 'No Brand', 'fresh', 'gram', NULL, 0, 0, 0, 0, 3.55, 0.088, 0.777, 0.011, 0, 0, 0, 0, 0, 0, 0, 0, 0, 0, 0, 'show', '2022-11-02 09:02:55', '2022-11-02 09:02:55'),
(2262, 7, 2, NULL, NULL, 'Corn Flakes', NULL, 'No Brand', 'fresh', 'gram', NULL, 0, 0, 0, 0, 3.57, 0.075, 0.841, 0.004, 0, 0, 0, 0, 0, 0, 0, 0, 0, 0, 0, 'show', '2022-11-02 09:02:55', '2022-11-02 09:02:55'),
(2263, 7, 2, NULL, NULL, 'Corn Flakes, Gluten Free', NULL, 'No Brand', 'fresh', 'gram', NULL, 0, 0, 0, 0, 3.95, 0.0698, 0.8372, 0.0349, 0, 0, 0, 0, 0, 0, 0, 0, 0, 0, 0, 'show', '2022-11-02 09:02:55', '2022-11-02 09:02:55'),
(2264, 7, 2, NULL, NULL, 'Corn Kernels, Canned', NULL, 'No Brand', 'fresh', 'gram', NULL, 0, 0, 0, 0, 0.67, 0.0229, 0.1439, 0.0122, 0, 0, 0, 0, 0, 0, 0, 0, 0, 0, 0, 'show', '2022-11-02 09:02:55', '2022-11-02 09:02:55'),
(2265, 7, 2, NULL, NULL, 'Crackers, Ryvita', NULL, 'No Brand', 'fresh', 'gram', NULL, 0, 0, 0, 0, 3.66, 0.079, 0.822, 0.013, 0, 0, 0, 0, 0, 0, 0, 0, 0, 0, 0, 'show', '2022-11-02 09:02:55', '2022-11-02 09:02:55'),
(2266, 7, 2, NULL, NULL, 'Elbow macaroni', NULL, 'No Brand', 'fresh', 'gram', NULL, 0, 0, 0, 0, 3.5714, 0.125, 0.75, 0.0179, 0, 0, 0, 0, 0, 0, 0, 0, 0, 0, 0, 'show', '2022-11-02 09:02:56', '2022-11-02 09:02:56'),
(2267, 7, 2, NULL, NULL, 'Elbow macaroni, Gluten Free', NULL, 'No Brand', 'fresh', 'gram', NULL, 0, 0, 0, 0, 3.5714, 0.125, 0.75, 0.0179, 0, 0, 0, 0, 0, 0, 0, 0, 0, 0, 0, 'show', '2022-11-02 09:02:56', '2022-11-02 09:02:56'),
(2268, 7, 2, NULL, NULL, 'Fettuccine, gluten free', NULL, 'No Brand', 'fresh', 'gram', NULL, 0, 0, 0, 0, 3.351, 0.1058, 0.3704, 0.194, 0, 0, 0, 0, 0, 0, 0, 0, 0, 0, 0, 'show', '2022-11-02 09:02:56', '2022-11-02 09:02:56'),
(2269, 7, 2, NULL, NULL, 'Fettuccine, whole wheat', NULL, 'No Brand', 'fresh', 'gram', NULL, 0, 0, 0, 0, 2.8219, 0.1235, 0.5115, 0.0088, 0, 0, 0, 0, 0, 0, 0, 0, 0, 0, 0, 'show', '2022-11-02 09:02:56', '2022-11-02 09:02:56'),
(2270, 7, 2, NULL, NULL, 'Freekeh', NULL, 'No Brand', 'fresh', 'gram', NULL, 0, 0, 0, 0, 3.25, 0.15, 0.7, 0.025, 0, 0, 0, 0, 0, 0, 0, 0, 0, 0, 0, 'show', '2022-11-02 09:02:56', '2022-11-02 09:02:56'),
(2271, 7, 2, NULL, NULL, 'Granola, Gluten Free', NULL, 'No Brand', 'fresh', 'gram', NULL, 0, 0, 0, 0, 2.71, 0.1042, 0.375, 0.1042, 0, 0, 0, 0, 0, 0, 0, 0, 0, 0, 0, 'show', '2022-11-02 09:02:56', '2022-11-02 09:02:56'),
(2272, 7, 2, NULL, NULL, 'Jasmine Rice, Dry', NULL, 'No Brand', 'fresh', 'gram', NULL, 0, 0, 0, 0, 3.5556, 0.0667, 0.7778, 0, 0, 0, 0, 0, 0, 0, 0, 0, 0, 0, 0, 'show', '2022-11-02 09:02:56', '2022-11-02 09:02:56'),
(2273, 7, 2, NULL, NULL, 'Korean Glass Noodles', NULL, 'No Brand', 'fresh', 'gram', NULL, 0, 0, 0, 0, 1.219, 0.071, 0.1834, 0.0249, 0, 0, 0, 0, 0, 0, 0, 0, 0, 0, 0, 'show', '2022-11-02 09:02:56', '2022-11-02 09:02:56'),
(2274, 7, 2, NULL, NULL, 'Oat Flour, Gluten Free', NULL, 'No Brand', 'fresh', 'gram', NULL, 0, 0, 0, 0, 3.79, 0.131, 0.677, 0.065, 0, 0, 0, 0, 0, 0, 0, 0, 0, 0, 0, 'show', '2022-11-02 09:02:56', '2022-11-02 09:02:56'),
(2275, 7, 2, NULL, NULL, 'Oats, Rolled Gluten Free', NULL, 'No Brand', 'fresh', 'gram', NULL, 0, 0, 0, 0, 3.79, 0.131, 0.677, 0.065, 0, 0, 0, 0, 0, 0, 0, 0, 0, 0, 0, 'show', '2022-11-02 09:02:56', '2022-11-02 09:02:56'),
(2276, 7, 2, NULL, NULL, 'Pasta, Lasagna Sheets', NULL, 'No Brand', 'fresh', 'gram', NULL, 0, 0, 0, 0, 3.71, 0.13, 0.746, 0.015, 0, 0, 0, 0, 0, 0, 0, 0, 0, 0, 0, 'show', '2022-11-02 09:02:56', '2022-11-02 09:02:56'),
(2277, 7, 2, NULL, NULL, 'Pasta, Lasagna Sheets, Gluten Free', NULL, 'No Brand', 'fresh', 'gram', NULL, 0, 0, 0, 0, 3.66, 0.07, 0.804, 0.021, 0, 0, 0, 0, 0, 0, 0, 0, 0, 0, 0, 'show', '2022-11-02 09:02:56', '2022-11-02 09:02:56'),
(2278, 7, 2, NULL, NULL, 'Pasta, Penne', NULL, 'No Brand', 'fresh', 'gram', NULL, 0, 0, 0, 0, 3.71, 0.13, 0.746, 0.015, 0, 0, 0, 0, 0, 0, 0, 0, 0, 0, 0, 'show', '2022-11-02 09:02:56', '2022-11-02 09:02:56'),
(2279, 7, 2, NULL, NULL, 'Pasta, Penne, Gluten Free', NULL, 'No Brand', 'fresh', 'gram', NULL, 0, 0, 0, 0, 3.52, 0.07, 0.776, 0.0265, 0, 0, 0, 0, 0, 0, 0, 0, 0, 0, 0, 'show', '2022-11-02 09:02:56', '2022-11-02 09:02:56'),
(2280, 7, 2, NULL, NULL, 'Pasta, Spaghetti, Gluten Free', NULL, 'No Brand', 'fresh', 'gram', NULL, 0, 0, 0, 0, 3.52, 0.07, 0.776, 0.0265, 0, 0, 0, 0, 0, 0, 0, 0, 0, 0, 0, 'show', '2022-11-02 09:02:56', '2022-11-02 09:02:56'),
(2281, 7, 2, NULL, NULL, 'Pasta, Spaghetti, N.11', NULL, 'No Brand', 'fresh', 'gram', NULL, 0, 0, 0, 0, 3.71, 0.13, 0.746, 0.015, 0, 0, 0, 0, 0, 0, 0, 0, 0, 0, 0, 'show', '2022-11-02 09:02:57', '2022-11-02 09:02:57'),
(2282, 7, 2, NULL, NULL, 'Pearl couscous (moghrabieh)', NULL, 'No Brand', 'fresh', 'gram', NULL, 0, 0, 0, 0, 3.77, 0.13, 0.8, 0, 0, 0, 0, 0, 0, 0, 0, 0, 0, 0, 0, 'show', '2022-11-02 09:02:57', '2022-11-02 09:02:57'),
(2283, 7, 2, NULL, NULL, 'Popcorn Kernel', NULL, 'No Brand', 'fresh', 'gram', NULL, 0, 0, 0, 0, 3, 0.1, 0.725, 0.037, 0, 0, 0, 0, 0, 0, 0, 0, 0, 0, 0, 'show', '2022-11-02 09:02:57', '2022-11-02 09:02:57'),
(2284, 7, 2, NULL, NULL, 'Rice Cake', NULL, 'No Brand', 'fresh', 'gram', NULL, 0, 0, 0, 0, 3.87, 0.082, 0.815, 0.028, 0, 0, 0, 0, 0, 0, 0, 0, 0, 0, 0, 'show', '2022-11-02 09:02:57', '2022-11-02 09:02:57'),
(2285, 7, 2, NULL, NULL, 'Rice Krispies', NULL, 'No Brand', 'fresh', 'gram', NULL, 0, 0, 0, 0, 3.81, 0.067, 0.855, 0.02, 0, 0, 0, 0, 0, 0, 0, 0, 0, 0, 0, 'show', '2022-11-02 09:02:57', '2022-11-02 09:02:57'),
(2286, 7, 2, NULL, NULL, 'Rice Sticks Bihon', NULL, 'No Brand', 'fresh', 'gram', NULL, 0, 0, 0, 0, 3.52, 0.052, 0.793, 0.0176, 0, 0, 0, 0, 0, 0, 0, 0, 0, 0, 0, 'show', '2022-11-02 09:02:57', '2022-11-02 09:02:57'),
(2287, 7, 2, NULL, NULL, 'Rice, Sushi Short Grain', NULL, 'No Brand', 'fresh', 'gram', NULL, 0, 0, 0, 0, 3.58, 0.065, 0.79, 0.0052, 0, 0, 0, 0, 0, 0, 0, 0, 0, 0, 0, 'show', '2022-11-02 09:02:57', '2022-11-02 09:02:57'),
(2288, 7, 2, NULL, NULL, 'Rolled Oats', NULL, 'No Brand', 'fresh', 'gram', NULL, 0, 0, 0, 0, 3.95, 0.125, 0.687, 0.062, 0, 0, 0, 0, 0, 0, 0, 0, 0, 0, 0, 'show', '2022-11-02 09:02:57', '2022-11-02 09:02:57'),
(2289, 7, 2, NULL, NULL, 'Saffron Powder', NULL, 'No Brand', 'fresh', 'gram', NULL, 0, 0, 0, 0, 3.1, 0.114, 0.653, 0.058, 0, 0, 0, 0, 0, 0, 0, 0, 0, 0, 0, 'show', '2022-11-02 09:02:57', '2022-11-02 09:02:57'),
(2290, 7, 2, NULL, NULL, 'Sage, Dried', NULL, 'No Brand', 'fresh', 'gram', NULL, 0, 0, 0, 0, 4.05, 0.105, 0.606, 0.134, 0, 0, 0, 0, 0, 0, 0, 0, 0, 0, 0, 'show', '2022-11-02 09:02:57', '2022-11-02 09:02:57'),
(2291, 7, 2, NULL, NULL, 'Sage, Fresh', NULL, 'No Brand', 'fresh', 'gram', NULL, 0, 0, 0, 0, 1.19, 0.039, 0.156, 0.046, 0, 0, 0, 0, 0, 0, 0, 0, 0, 0, 0, 'show', '2022-11-02 09:02:57', '2022-11-02 09:02:57'),
(2292, 7, 2, NULL, NULL, 'Seasoning, Adobo (Puerto Rican)', NULL, 'No Brand', 'fresh', 'gram', NULL, 0, 0, 0, 0, 1.01, 0.028, 0.123, 0.063, 0, 0, 0, 0, 0, 0, 0, 0, 0, 0, 0, 'show', '2022-11-02 09:02:57', '2022-11-02 09:02:57'),
(2293, 7, 2, NULL, NULL, 'Seasoning, Sazon', NULL, 'No Brand', 'fresh', 'gram', NULL, 0, 0, 0, 0, 0, 0, 0, 0, 0, 0, 0, 0, 0, 0, 0, 0, 0, 0, 0, 'show', '2022-11-02 09:02:58', '2022-11-02 09:02:58'),
(2294, 7, 2, NULL, NULL, 'Self Raising Flour', NULL, 'No Brand', 'fresh', 'gram', NULL, 0, 0, 0, 0, 3.64, 0.103, 0.763, 0.0098, 0, 0, 0, 0, 0, 0, 0, 0, 0, 0, 0, 'show', '2022-11-02 09:02:58', '2022-11-02 09:02:58'),
(2295, 7, 2, NULL, NULL, 'Spaghetti, Whole wheat', NULL, 'No Brand', 'fresh', 'gram', NULL, 0, 0, 0, 0, 3.52, 0.138, 0.733, 0.029, 0, 0, 0, 0, 0, 0, 0, 0, 0, 0, 0, 'show', '2022-11-02 09:02:58', '2022-11-02 09:02:58'),
(2296, 7, 2, NULL, NULL, 'Spaghetti, Wild Rice, Gluten Free', NULL, 'No Brand', 'fresh', 'gram', NULL, 0, 0, 0, 0, 3.52, 0.07, 0.776, 0.026, 0, 0, 0, 0, 0, 0, 0, 0, 0, 0, 0, 'show', '2022-11-02 09:02:58', '2022-11-02 09:02:58'),
(2297, 7, 2, NULL, NULL, 'Tapioca, Flour', NULL, 'No Brand', 'fresh', 'gram', NULL, 0, 0, 0, 0, 2.66, 0, 0.9, 0, 0, 0, 0, 0, 0, 0, 0, 0, 0, 0, 0, 'show', '2022-11-02 09:02:58', '2022-11-02 09:02:58'),
(2298, 7, 2, NULL, NULL, 'Wheat Cereal, Wheetabix', NULL, 'No Brand', 'fresh', 'gram', NULL, 0, 0, 0, 0, 3.71, 0.1143, 0.815, 0.0286, 0, 0, 0, 0, 0, 0, 0, 0, 0, 0, 0, 'show', '2022-11-02 09:02:58', '2022-11-02 09:02:58'),
(2299, 7, 1, NULL, NULL, 'Wholewheat Penne', NULL, 'No Brand', 'fresh', 'gram', NULL, 0, 0, 0, 0, 3.52, 0.1387, 0.7337, 0.0293, 0, 0, 0, 0, 0, 0, 0, 0, 0, 0, 0, 'show', '2022-11-02 09:02:58', '2022-11-02 09:02:58'),
(2300, 9, 1, 14, 6, 'Almond Flour', NULL, 'No Brand', 'fresh', 'gram', NULL, 0, 0, 0, 0, 5.83, 0.21, 0.17, 0.5, 0, 0, 0, 0, 0, 0, 0, 0, 0, 0, 0, 'show', '2022-11-02 09:02:58', '2022-11-02 09:02:58'),
(2301, 9, 1, 14, 6, 'Almond Yoghurt', NULL, 'No Brand', 'fresh', 'gram', NULL, 0, 0, 0, 0, 0.88, 0.0059, 0.176, 0.0176, 0, 0, 0, 0, 0, 0, 0, 0, 0, 0, 0, 'show', '2022-11-02 09:02:58', '2022-11-02 09:02:58'),
(2302, 9, 1, NULL, NULL, 'Chia Seeds, Ground', NULL, 'No Brand', 'fresh', 'gram', NULL, 0, 0, 0, 0, 5, 0.166, 0.333, 0.333, 0, 0, 0, 0, 0, 0, 0, 0, 0, 0, 0, 'show', '2022-11-02 09:02:58', '2022-11-02 09:02:58'),
(2303, 9, 1, NULL, NULL, 'Flaxseeds, Ground', NULL, 'No Brand', 'fresh', 'gram', NULL, 0, 0, 0, 0, 5.34, 0.1829, 0.2888, 0.4216, 0, 0, 0, 0, 0, 0, 0, 0, 0, 0, 0, 'show', '2022-11-02 09:02:58', '2022-11-02 09:02:58'),
(2304, 12, 9, NULL, NULL, 'Applesauce, Unsweetened', NULL, 'No Brand', 'fresh', 'gram', NULL, 0, 0, 0, 0, 0.42, 0.0017, 0.11, 0.001, 0, 0, 0, 0, 0, 0, 0, 0, 0, 0, 0, 'show', '2022-11-02 09:02:58', '2022-11-02 09:02:58'),
(2305, 12, 9, NULL, NULL, 'Coconut Aminos', NULL, 'No Brand', 'fresh', 'gram', NULL, 0, 0, 0, 0, 1, 0, 0.2, 0, 0, 0, 0, 0, 0, 0, 0, 0, 0, 0, 0, 'show', '2022-11-02 09:02:58', '2022-11-02 09:02:58'),
(2306, 12, 9, NULL, 4, 'Fish Sauce', NULL, 'No Brand', 'fresh', 'gram', NULL, 0, 0, 0, 0, 0.35, 0.0506, 0.0364, 0.0001, 0, 0, 0, 0, 0, 0, 0, 0, 0, 0, 0, 'show', '2022-11-02 09:02:58', '2022-11-02 09:02:58'),
(2307, 12, 1, NULL, NULL, 'Hoisin sauce, gluten free', NULL, 'No Brand', 'fresh', 'gram', NULL, 0, 0, 0, 0, 2.2, 0.033, 0.44, 0.034, 0, 0, 0, 0, 0, 0, 0, 0, 0, 0, 0, 'show', '2022-11-02 09:02:58', '2022-11-02 09:02:58'),
(2308, 12, 1, NULL, NULL, 'Oyster Sauce, Vegetarian, Gluten Free', NULL, 'No Brand', 'fresh', 'gram', NULL, 0, 0, 0, 0, 0.51, 0.014, 0.11, 0.003, 0, 0, 0, 0, 0, 0, 0, 0, 0, 0, 0, 'show', '2022-11-02 09:02:58', '2022-11-02 09:02:58'),
(2309, 12, 9, NULL, NULL, 'Sweet Chili Sauce, Thai', NULL, 'No Brand', 'fresh', 'gram', NULL, 0, 0, 0, 0, 2.06, 0, 0.529, 0.019, 0, 0, 0, 0, 0, 0, 0, 0, 0, 0, 0, 'show', '2022-11-02 09:02:58', '2022-11-02 09:02:58'),
(2310, 12, 9, NULL, NULL, 'Vinegar, Rice', NULL, 'No Brand', 'fresh', 'gram', NULL, 0, 0, 0, 0, 0, 0, 0, 0, 0, 0, 0, 0, 0, 0, 0, 0, 0, 0, 0, 'show', '2022-11-02 09:02:59', '2022-11-02 09:02:59'),
(2311, 12, 9, NULL, NULL, 'Vinegar, Umeboshi Plum Organic', NULL, 'No Brand', 'fresh', 'gram', NULL, 0, 0, 0, 0, 0, 0, 0, 0, 0, 0, 0, 0, 0, 0, 0, 0, 0, 0, 0, 'show', '2022-11-02 09:02:59', '2022-11-02 09:02:59'),
(2312, 12, 9, NULL, NULL, 'Vinegar, White', NULL, 'No Brand', 'fresh', 'gram', NULL, 0, 0, 0, 0, 0, 0, 0, 0, 0, 0, 0, 0, 0, 0, 0, 0, 0, 0, 0, 'show', '2022-11-02 09:02:59', '2022-11-02 09:02:59'),
(2313, 12, 9, NULL, NULL, 'Vinegar, White Wine', NULL, 'No Brand', 'fresh', 'gram', NULL, 0, 0, 0, 0, 0, 0, 0.0667, 0, 0, 0, 0, 0, 0, 0, 0, 0, 0, 0, 0, 'show', '2022-11-02 09:02:59', '2022-11-02 09:02:59'),
(2314, 12, 9, 3, 1, 'White Miso Paste', NULL, 'No Brand', 'fresh', 'gram', NULL, 0, 0, 0, 0, 2.158, 0.09, 0.382, 0.03, 0, 0, 0, 0, 0, 0, 0, 0, 0, 0, 0, 'show', '2022-11-02 09:02:59', '2022-11-02 09:02:59'),
(2315, 12, 9, NULL, NULL, 'Worcestershire sauce, Gluten Free', NULL, 'No Brand', 'fresh', 'gram', NULL, 0, 0, 0, 0, 0.78, 0, 0.19, 0, 0, 0, 0, 0, 0, 0, 0, 0, 0, 0, 0, 'show', '2022-11-02 09:02:59', '2022-11-02 09:02:59'),
(2316, 13, 1, NULL, NULL, 'Caraway, Powder', NULL, 'No Brand', 'fresh', 'gram', NULL, 0, 0, 0, 0, 4.5, 0.233, 0.41, 0.212, 0, 0, 0, 0, 0, 0, 0, 0, 0, 0, 0, 'show', '2022-11-02 09:02:59', '2022-11-02 09:02:59'),
(2317, 13, 1, NULL, NULL, 'Cardamom, Powder', NULL, 'No Brand', 'fresh', 'gram', NULL, 0, 0, 0, 0, 3.11, 0.107, 0.684, 0.067, 0, 0, 0, 0, 0, 0, 0, 0, 0, 0, 0, 'show', '2022-11-02 09:02:59', '2022-11-02 09:02:59'),
(2318, 13, 1, NULL, NULL, 'Cardamom, Whole', NULL, 'No Brand', 'fresh', 'gram', NULL, 0, 0, 0, 0, 3.11, 0.107, 0.684, 0.067, 0, 0, 0, 0, 0, 0, 0, 0, 0, 0, 0, 'show', '2022-11-02 09:03:00', '2022-11-02 09:03:00'),
(2319, 13, 1, NULL, NULL, 'Chaat Masala', NULL, 'No Brand', 'fresh', 'gram', NULL, 0, 0, 0, 0, 0, 0, 0, 0, 0, 0, 0, 0, 0, 0, 0, 0, 0, 0, 0, 'show', '2022-11-02 09:03:01', '2022-11-02 09:03:01'),
(2320, 13, 9, NULL, NULL, 'Chilli Paste, Harissa', NULL, 'No Brand', 'fresh', 'gram', NULL, 0, 0, 0, 0, 0.66, 0, 0.066, 0, 0, 0, 0, 0, 0, 0, 0, 0, 0, 0, 0, 'show', '2022-11-02 09:03:01', '2022-11-02 09:03:01'),
(2321, 13, 9, NULL, NULL, 'Chilli Pepper, Flakes, Red', NULL, 'No Brand', 'fresh', 'gram', NULL, 0, 0, 0, 0, 3.18, 0.12, 0.566, 0.17, 0, 0, 0, 0, 0, 0, 0, 0, 0, 0, 0, 'show', '2022-11-02 09:03:01', '2022-11-02 09:03:01'),
(2322, 13, 9, NULL, NULL, 'Chilli Powder', NULL, 'No Brand', 'fresh', 'gram', NULL, 0, 0, 0, 0, 2.82, 0.134, 0.497, 0.14, 0, 0, 0, 0, 0, 0, 0, 0, 0, 0, 0, 'show', '2022-11-02 09:03:01', '2022-11-02 09:03:01'),
(2323, 13, 9, NULL, NULL, 'Chilli Sauce', NULL, 'No Brand', 'fresh', 'gram', NULL, 0, 0, 0, 0, 0.92, 0.025, 0.197, 0.003, 0, 0, 0, 0, 0, 0, 0, 0, 0, 0, 0, 'show', '2022-11-02 09:03:01', '2022-11-02 09:03:01'),
(2324, 13, 9, NULL, NULL, 'Chipotle, Ground', NULL, 'No Brand', 'fresh', 'gram', NULL, 0, 0, 0, 0, 4.01, 0.12, 0.682, 0.089, 0, 0, 0, 0, 0, 0, 0, 0, 0, 0, 0, 'show', '2022-11-02 09:03:01', '2022-11-02 09:03:01'),
(2325, 13, 9, NULL, NULL, 'Cinnamon Sticks', NULL, 'No Brand', 'fresh', 'gram', NULL, 0, 0, 0, 0, 2.47, 0.039, 0.805, 0.012, 0, 0, 0, 0, 0, 0, 0, 0, 0, 0, 0, 'show', '2022-11-02 09:03:01', '2022-11-02 09:03:01'),
(2326, 13, 9, NULL, NULL, 'Cloves, Ground', NULL, 'No Brand', 'fresh', 'gram', NULL, 0, 0, 0, 0, 2.74, 0.059, 0.655, 0.13, 0, 0, 0, 0, 0, 0, 0, 0, 0, 0, 0, 'show', '2022-11-02 09:03:01', '2022-11-02 09:03:01'),
(2327, 13, 9, NULL, NULL, 'Cloves, Whole', NULL, 'No Brand', 'fresh', 'gram', NULL, 0, 0, 0, 0, 2.74, 0.059, 0.655, 0.13, 0, 0, 0, 0, 0, 0, 0, 0, 0, 0, 0, 'show', '2022-11-02 09:03:01', '2022-11-02 09:03:01'),
(2328, 13, 1, NULL, NULL, 'Coriander Powder', NULL, 'No Brand', 'fresh', 'gram', NULL, 0, 0, 0, 0, 2.98, 0.1237, 0.5499, 0.1777, 0, 0, 0, 0, 0, 0, 0, 0, 0, 0, 0, 'show', '2022-11-02 09:03:01', '2022-11-02 09:03:01'),
(2329, 13, 1, NULL, NULL, 'Cumin Powder', NULL, 'No Brand', 'fresh', 'gram', NULL, 0, 0, 0, 0, 4.45, 0.19, 0.4, 0.232, 0, 0, 0, 0, 0, 0, 0, 0, 0, 0, 0, 'show', '2022-11-02 09:03:01', '2022-11-02 09:03:01'),
(2330, 13, 1, NULL, NULL, 'Curry Leaves', NULL, 'No Brand', 'fresh', 'gram', NULL, 0, 0, 0, 0, 0.97, 0.079, 0.133, 0.013, 0, 0, 0, 0, 0, 0, 0, 0, 0, 0, 0, 'show', '2022-11-02 09:03:02', '2022-11-02 09:03:02'),
(2331, 13, 1, NULL, NULL, 'Curry Powder', NULL, 'No Brand', 'fresh', 'gram', NULL, 0, 0, 0, 0, 3.25, 0.1429, 0.5583, 0.1401, 0, 0, 0, 0, 0, 0, 0, 0, 0, 0, 0, 'show', '2022-11-02 09:03:02', '2022-11-02 09:03:02'),
(2332, 13, 1, NULL, NULL, 'Dijon Mustard', NULL, 'No Brand', 'fresh', 'gram', NULL, 0, 0, 0, 0, 0, 0, 0, 0, 0, 0, 0, 0, 0, 0, 0, 0, 0, 0, 0, 'show', '2022-11-02 09:03:02', '2022-11-02 09:03:02'),
(2333, 13, 1, NULL, NULL, 'Dried Minced Onion', NULL, 'No Brand', 'fresh', 'gram', NULL, 0, 0, 0, 0, 3.49, 0.0895, 0.8328, 0.0046, 0, 0, 0, 0, 0, 0, 0, 0, 0, 0, 0, 'show', '2022-11-02 09:03:02', '2022-11-02 09:03:02'),
(2334, 13, 1, NULL, NULL, 'Dukkah Spice', NULL, 'No Brand', 'fresh', 'gram', NULL, 0, 0, 0, 0, 5.62, 0.188, 0.188, 0.438, 0, 0, 0, 0, 0, 0, 0, 0, 0, 0, 0, 'show', '2022-11-02 09:03:02', '2022-11-02 09:03:02'),
(2335, 13, 1, NULL, NULL, 'Garam Masala', NULL, 'No Brand', 'fresh', 'gram', NULL, 0, 0, 0, 0, 0, 0, 0, 0, 0, 0, 0, 0, 0, 0, 0, 0, 0, 0, 0, 'show', '2022-11-02 09:03:02', '2022-11-02 09:03:02'),
(2336, 13, 1, NULL, NULL, 'Garlic, Minced', NULL, 'No Brand', 'fresh', 'gram', NULL, 0, 0, 0, 0, 3, 0, 0, 0.1, 0, 0, 0, 0, 0, 0, 0, 0, 0, 0, 0, 'show', '2022-11-02 09:03:02', '2022-11-02 09:03:02'),
(2337, 13, 1, NULL, NULL, 'Ginger Garlic Paste', NULL, 'No Brand', 'fresh', 'gram', NULL, 0, 0, 0, 0, 4.1667, 0, 0.1667, 0.4167, 0, 0, 0, 0, 0, 0, 0, 0, 0, 0, 0, 'show', '2022-11-02 09:03:02', '2022-11-02 09:03:02'),
(2338, 13, 1, NULL, NULL, 'Ginger, Pickled, Gari', NULL, 'No Brand', 'fresh', 'gram', NULL, 0, 0, 0, 0, 0.2, 0.0033, 0.0483, 0.001, 0, 0, 0, 0, 0, 0, 0, 0, 0, 0, 0, 'show', '2022-11-02 09:03:02', '2022-11-02 09:03:02'),
(2339, 13, 1, NULL, NULL, 'Harrisa', NULL, 'No Brand', 'fresh', 'gram', NULL, 0, 0, 0, 0, 0.8333, 0, 0, 0, 0, 0, 0, 0, 0, 0, 0, 0, 0, 0, 0, 'show', '2022-11-02 09:03:02', '2022-11-02 09:03:02'),
(2340, 13, 1, NULL, NULL, 'Karkadeh', NULL, 'No Brand', 'fresh', 'gram', NULL, 0, 0, 0, 0, 0.3014, 0.0001, 0.0742, 0.0004, 0, 0, 0, 0, 0, 0, 0, 0, 0, 0, 0, 'show', '2022-11-02 09:03:02', '2022-11-02 09:03:02'),
(2341, 13, 1, NULL, NULL, 'Kombu Dried Dashi', NULL, 'No Brand', 'fresh', 'gram', NULL, 0, 0, 0, 0, 1.5152, 0, 0.303, 0, 0, 0, 0, 0, 0, 0, 0, 0, 0, 0, 0, 'show', '2022-11-02 09:03:02', '2022-11-02 09:03:02'),
(2342, 13, 1, NULL, NULL, 'Lemon zest', NULL, 'No Brand', 'fresh', 'gram', NULL, 0, 0, 0, 0, 0.47, 0.015, 0.16, 0.003, 0, 0, 0, 0, 0, 0, 0, 0, 0, 0, 0, 'show', '2022-11-02 09:03:02', '2022-11-02 09:03:02'),
(2343, 13, 1, NULL, NULL, 'Lemongrass', NULL, 'No Brand', 'fresh', 'gram', NULL, 0, 0, 0, 0, 0.99, 0.0182, 0.2531, 0.0049, 0, 0, 0, 0, 0, 0, 0, 0, 0, 0, 0, 'show', '2022-11-02 09:03:02', '2022-11-02 09:03:02'),
(2344, 13, 6, NULL, NULL, 'Lime Zest', NULL, 'No Brand', 'fresh', 'gram', NULL, 0, 0, 0, 0, 0.25, 0.0042, 0.0842, 0.0007, 0, 0, 0, 0, 0, 0, 0, 0, 0, 0, 0, 'show', '2022-11-02 09:03:02', '2022-11-02 09:03:02'),
(2345, 13, 1, NULL, NULL, 'Marjoram dried', NULL, 'No Brand', 'fresh', 'gram', NULL, 0, 0, 0, 0, 2.71, 0.1266, 0.6056, 0.0704, 0, 0, 0, 0, 0, 0, 0, 0, 0, 0, 0, 'show', '2022-11-02 09:03:03', '2022-11-02 09:03:03'),
(2346, 13, 1, NULL, NULL, 'Matcha powder', NULL, 'No Brand', 'fresh', 'gram', NULL, 0, 0, 0, 0, 0, 0, 0, 0, 0, 0, 0, 0, 0, 0, 0, 0, 0, 0, 0, 'show', '2022-11-02 09:03:03', '2022-11-02 09:03:03'),
(2347, 13, 1, NULL, NULL, 'Mint leaves dried', NULL, 'No Brand', 'fresh', 'gram', NULL, 0, 0, 0, 0, 2.85, 0.1993, 0.5204, 0.0603, 0, 0, 0, 0, 0, 0, 0, 0, 0, 0, 0, 'show', '2022-11-02 09:03:03', '2022-11-02 09:03:03'),
(2348, 13, 1, NULL, NULL, 'Mint leaves Fresh', NULL, 'No Brand', 'fresh', 'gram', NULL, 0, 0, 0, 0, 0.44, 0.0329, 0.0841, 0.0073, 0, 0, 0, 0, 0, 0, 0, 0, 0, 0, 0, 'show', '2022-11-02 09:03:03', '2022-11-02 09:03:03'),
(2349, 13, 1, NULL, NULL, 'Nutritional Yeast', NULL, 'No Brand', 'fresh', 'gram', NULL, 0, 0, 0, 0, 4, 0.6, 0.4, 0, 0, 0, 0, 0, 0, 0, 0, 0, 0, 0, 0, 'show', '2022-11-02 09:03:03', '2022-11-02 09:03:03'),
(2350, 13, 1, NULL, NULL, 'Orange blossom water', NULL, 'No Brand', 'fresh', 'gram', NULL, 0, 0, 0, 0, 5.3, 0, 0, 0.0012, 0, 0, 0, 0, 0, 0, 0, 0, 0, 0, 0, 'show', '2022-11-02 09:03:03', '2022-11-02 09:03:03'),
(2351, 13, 1, NULL, NULL, 'Orange Zest', NULL, 'No Brand', 'fresh', 'gram', NULL, 0, 0, 0, 0, 0.45, 0.007, 0.104, 0.002, 0, 0, 0, 0, 0, 0, 0, 0, 0, 0, 0, 'show', '2022-11-02 09:03:03', '2022-11-02 09:03:03'),
(2352, 13, 1, NULL, NULL, 'Oregano, dried', NULL, 'No Brand', 'fresh', 'gram', NULL, 0, 0, 0, 0, 2.65, 0.09, 0.689, 0.042, 0, 0, 0, 0, 0, 0, 0, 0, 0, 0, 0, 'show', '2022-11-02 09:03:03', '2022-11-02 09:03:03'),
(2353, 13, 1, NULL, NULL, 'oregano, fresh', NULL, 'No Brand', 'fresh', 'gram', NULL, 0, 0, 0, 0, 0.66, 0.022, 0.097, 0.02, 0, 0, 0, 0, 0, 0, 0, 0, 0, 0, 0, 'show', '2022-11-02 09:03:03', '2022-11-02 09:03:03'),
(2354, 13, 1, NULL, NULL, 'Rose water', NULL, 'No Brand', 'fresh', 'gram', NULL, 0, 0, 0, 0, 3.12, 0, 0, 0.048, 0, 0, 0, 0, 0, 0, 0, 0, 0, 0, 0, 'show', '2022-11-02 09:03:03', '2022-11-02 09:03:03'),
(2355, 13, 1, NULL, NULL, 'Sesame seeds, black', NULL, 'No Brand', 'fresh', 'gram', NULL, 0, 0, 0, 0, 6.31, 0.2045, 0.117, 0.612, 0, 0, 0, 0, 0, 0, 0, 0, 0, 0, 0, 'show', '2022-11-02 09:03:03', '2022-11-02 09:03:03'),
(2356, 13, 1, NULL, NULL, 'sesame seeds, white', NULL, 'No Brand', 'fresh', 'gram', NULL, 0, 0, 0, 0, 5.55, 0.222, 0.222, 0.5, 0, 0, 0, 0, 0, 0, 0, 0, 0, 0, 0, 'show', '2022-11-02 09:03:03', '2022-11-02 09:03:03'),
(2357, 13, 1, NULL, NULL, 'Seven spice (Arabic)', NULL, 'No Brand', 'fresh', 'gram', NULL, 0, 0, 0, 0, 2.87, 0.1, 0.63, 0.092, 0, 0, 0, 0, 0, 0, 0, 0, 0, 0, 0, 'show', '2022-11-02 09:03:04', '2022-11-02 09:03:04'),
(2358, 13, 1, NULL, NULL, 'Shrimp paste', NULL, 'No Brand', 'fresh', 'gram', NULL, 0, 0, 0, 0, 0.98, 0.19, 0.012, 0.014, 0, 0, 0, 0, 0, 0, 0, 0, 0, 0, 0, 'show', '2022-11-02 09:03:04', '2022-11-02 09:03:04'),
(2359, 13, 1, NULL, NULL, 'Star Anis', NULL, 'No Brand', 'fresh', 'gram', NULL, 0, 0, 0, 0, 3.37, 0.176, 0.5, 0.159, 0, 0, 0, 0, 0, 0, 0, 0, 0, 0, 0, 'show', '2022-11-02 09:03:04', '2022-11-02 09:03:04'),
(2360, 13, 1, NULL, NULL, 'Sumac', NULL, 'No Brand', 'fresh', 'gram', NULL, 0, 0, 0, 0, 0, 0, 0, 0, 0, 0, 0, 0, 0, 0, 0, 0, 0, 0, 0, 'show', '2022-11-02 09:03:04', '2022-11-02 09:03:04'),
(2361, 13, 1, NULL, NULL, 'Thai Red Curry Paste', NULL, 'No Brand', 'fresh', 'gram', NULL, 0, 0, 0, 0, 1.28, 0.042, 0.185, 0, 0, 0, 0, 0, 0, 0, 0, 0, 0, 0, 0, 'show', '2022-11-02 09:03:04', '2022-11-02 09:03:04'),
(2362, 13, 1, NULL, NULL, 'Xanthan Gum', NULL, 'No Brand', 'fresh', 'gram', NULL, 0, 0, 0, 0, 3.3333, 0.1111, 0.7778, 0, 0, 0, 0, 0, 0, 0, 0, 0, 0, 0, 0, 'show', '2022-11-02 09:03:04', '2022-11-02 09:03:04'),
(2363, 13, 1, NULL, NULL, 'Zaatar', NULL, 'No Brand', 'fresh', 'gram', NULL, 0, 0, 0, 0, 2.977, 0.1124, 0.1998, 0.221, 0, 0, 0, 0, 0, 0, 0, 0, 0, 0, 0, 'show', '2022-11-02 09:03:04', '2022-11-02 09:03:04'),
(2364, 14, 7, NULL, NULL, 'Chocolate Chips - Dairy Free', NULL, 'No Brand', 'fresh', 'gram', NULL, 0, 0, 0, 0, 5.65, 0.07, 0.6, 0.33, 0, 0, 0, 0, 0, 0, 0, 0, 0, 0, 0, 'show', '2022-11-02 09:03:04', '2022-11-02 09:03:04'),
(2365, 14, 7, NULL, NULL, 'Cinnamon Chips', NULL, 'No Brand', 'fresh', 'gram', NULL, 0, 0, 0, 0, 5.33, 0.067, 0.6, 0.3, 0, 0, 0, 0, 0, 0, 0, 0, 0, 0, 0, 'show', '2022-11-02 09:03:04', '2022-11-02 09:03:04');
INSERT INTO `components` (`id`, `component_category_id`, `component_group_id`, `exclude_list_id`, `allergy_list_id`, `name`, `img`, `brand`, `type`, `measuringunit`, `purchaseunit`, `wastage`, `increase`, `decrease`, `minimum`, `cals`, `proteins`, `carbs`, `fats`, `cholosterol`, `sodium`, `fiber`, `sugar`, `vitaminc`, `vitamina`, `calcium`, `iron`, `box_quantity`, `quantity`, `price`, `status`, `created_at`, `updated_at`) VALUES
(2366, 14, 7, NULL, NULL, 'Coconut Sugar', NULL, 'No Brand', 'fresh', 'gram', NULL, 0, 0, 0, 0, 3.75, 0, 1, 0, 0, 0, 0, 0, 0, 0, 0, 0, 0, 0, 0, 'show', '2022-11-02 09:03:04', '2022-11-02 09:03:04'),
(2367, 14, 1, NULL, NULL, 'Dark Chocolate - Dairy Free', NULL, 'No Brand', 'fresh', 'gram', NULL, 0, 0, 0, 0, 1.79, 0.0224, 0.2985, 0.0746, 0, 0, 0, 0, 0, 0, 0, 0, 0, 0, 0, 'show', '2022-11-02 09:03:04', '2022-11-02 09:03:04'),
(2368, 14, 1, NULL, NULL, 'Date Paste', NULL, 'No Brand', 'fresh', 'gram', NULL, 0, 0, 0, 0, 3, 0, 0.75, 0, 0, 0, 0, 0, 0, 0, 0, 0, 0, 0, 0, 'show', '2022-11-02 09:03:04', '2022-11-02 09:03:04'),
(2369, 14, 7, NULL, NULL, 'Jaggery', NULL, 'No Brand', 'fresh', 'gram', NULL, 0, 0, 0, 0, 3.67, 0, 0.8867, 0, 0, 0, 0, 0, 0, 0, 0, 0, 0, 0, 0, 'show', '2022-11-02 09:03:04', '2022-11-02 09:03:04'),
(2370, 14, 7, NULL, NULL, 'Maple Syrup', NULL, 'No Brand', 'fresh', 'gram', NULL, 0, 0, 0, 0, 2.6, 0.0004, 0.6704, 0.0006, 0, 0, 0, 0, 0, 0, 0, 0, 0, 0, 0, 'show', '2022-11-02 09:03:04', '2022-11-02 09:03:04'),
(2371, 14, 7, NULL, NULL, 'Pomegranate Molasses', NULL, 'No Brand', 'fresh', 'gram', NULL, 0, 0, 0, 0, 2.22, 0, 0.5, 0, 0, 0, 0, 0, 0, 0, 0, 0, 0, 0, 0, 'show', '2022-11-02 09:03:04', '2022-11-02 09:03:04'),
(2372, 14, 7, NULL, NULL, 'Tamarind syrup', NULL, 'No Brand', 'fresh', 'gram', NULL, 0, 0, 0, 0, 2.14, 0, 0.5, 0, 0, 0, 0, 0, 0, 0, 0, 0, 0, 0, 0, 'show', '2022-11-02 09:03:04', '2022-11-02 09:03:04'),
(2373, 15, 8, NULL, NULL, 'Amaranth, Raw', NULL, 'No Brand', 'fresh', 'gram', NULL, 0, 0, 0, 0, 0.23, 0.02, 0.04, 0, 0, 0, 0, 0, 0, 0, 0, 0, 0, 0, 0, 'show', '2022-11-02 09:03:04', '2022-11-02 09:03:04'),
(2374, 15, 8, NULL, NULL, 'Artichoke Bottom Frozen', NULL, 'No Brand', 'fresh', 'gram', NULL, 0, 0, 0, 0, 0.54, 0.02, 0.09, 0.0076, 0, 0, 0, 0, 0, 0, 0, 0, 0, 0, 0, 'show', '2022-11-02 09:03:05', '2022-11-02 09:03:05'),
(2375, 15, 8, NULL, NULL, 'Artichoke Hearts Frozen', NULL, 'No Brand', 'fresh', 'gram', NULL, 0, 0, 0, 0, 0.54, 0.02, 0.09, 0.0076, 0, 0, 0, 0, 0, 0, 0, 0, 0, 0, 0, 'show', '2022-11-02 09:03:05', '2022-11-02 09:03:05'),
(2376, 15, 8, NULL, NULL, 'Artichoke, Fresh', NULL, 'No Brand', 'fresh', 'gram', NULL, 0, 0, 0, 0, 0.44, 0.04, 0.11, 0, 0, 0, 0, 0, 0, 0, 0, 0, 0, 0, 0, 'show', '2022-11-02 09:03:05', '2022-11-02 09:03:05'),
(2377, 15, 8, NULL, NULL, 'Baby Corn', NULL, 'No Brand', 'fresh', 'gram', NULL, 0, 0, 0, 0, 0.88, 0.02, 0.14, 0.04, 0, 0, 0, 0, 0, 0, 0, 0, 0, 0, 0, 'show', '2022-11-02 09:03:05', '2022-11-02 09:03:05'),
(2378, 15, 8, 19, NULL, 'Baby Marrow', NULL, 'No Brand', 'fresh', 'gram', NULL, 0, 0, 0, 0, 0.21, 0.027, 0.0311, 0.004, 0, 0, 0, 0, 0, 0, 0, 0, 0, 0, 0, 'show', '2022-11-02 09:03:05', '2022-11-02 09:03:05'),
(2379, 15, 8, NULL, NULL, 'Bamboo Shoots, Canned', NULL, 'No Brand', 'fresh', 'gram', NULL, 0, 0, 0, 0, 0.19, 0.0172, 0.0322, 0.004, 0, 0, 0, 0, 0, 0, 0, 0, 0, 0, 0, 'show', '2022-11-02 09:03:05', '2022-11-02 09:03:05'),
(2380, 15, 8, NULL, NULL, 'Bottle Gourd', NULL, 'No Brand', 'fresh', 'gram', NULL, 0, 0, 0, 0, 0.14, 0.0062, 0.0339, 0.0002, 0, 0, 0, 0, 0, 0, 0, 0, 0, 0, 0, 'show', '2022-11-02 09:03:05', '2022-11-02 09:03:05'),
(2381, 15, 8, NULL, NULL, 'Brussel Sprouts Fresh', NULL, 'No Brand', 'fresh', 'gram', NULL, 0, 0, 0, 0, 0.43, 0.033, 0.089, 0.003, 0, 0, 0, 0, 0, 0, 0, 0, 0, 0, 0, 'show', '2022-11-02 09:03:05', '2022-11-02 09:03:05'),
(2382, 15, 8, NULL, NULL, 'Galangal', NULL, 'No Brand', 'fresh', 'gram', NULL, 0, 0, 0, 0, 0.8, 0.018, 0.18, 0.008, 0, 0, 0, 0, 0, 0, 0, 0, 0, 0, 0, 'show', '2022-11-02 09:03:05', '2022-11-02 09:03:05'),
(2383, 15, 8, NULL, NULL, 'Green Beans, French', NULL, 'No Brand', 'fresh', 'gram', NULL, 0, 0, 0, 0, 0.1653, 0.0083, 0.0248, 0, 0, 0, 0, 0, 0, 0, 0, 0, 0, 0, 0, 'show', '2022-11-02 09:03:05', '2022-11-02 09:03:05'),
(2384, 15, 8, NULL, NULL, 'Green Beans, Fresh', NULL, 'No Brand', 'fresh', 'gram', NULL, 0, 0, 0, 0, 0.31, 0.0183, 0.0697, 0.0022, 0, 0, 0, 0, 0, 0, 0, 0, 0, 0, 0, 'show', '2022-11-02 09:03:05', '2022-11-02 09:03:05'),
(2385, 15, 8, NULL, NULL, 'Lettuce, Baby Gem', NULL, 'No Brand', 'fresh', 'gram', NULL, 0, 0, 0, 0, 0.15, 0.0136, 0.0287, 0.0015, 0, 0, 0, 0, 0, 0, 0, 0, 0, 0, 0, 'show', '2022-11-02 09:03:05', '2022-11-02 09:03:05'),
(2386, 15, 8, NULL, NULL, 'Lettuce, Frisee', NULL, 'No Brand', 'fresh', 'gram', NULL, 0, 0, 0, 0, 0.15, 0.0136, 0.0287, 0.0015, 0, 0, 0, 0, 0, 0, 0, 0, 0, 0, 0, 'show', '2022-11-02 09:03:05', '2022-11-02 09:03:05'),
(2387, 15, 8, NULL, NULL, 'Lettuce, Lollo Bianco', NULL, 'No Brand', 'fresh', 'gram', NULL, 0, 0, 0, 0, 0.16, 0.0133, 0.0226, 0.0022, 0, 0, 0, 0, 0, 0, 0, 0, 0, 0, 0, 'show', '2022-11-02 09:03:05', '2022-11-02 09:03:05'),
(2388, 15, 8, NULL, NULL, 'Lettuce, Lollo Rosso', NULL, 'No Brand', 'fresh', 'gram', NULL, 0, 0, 0, 0, 0.16, 0.0133, 0.0226, 0.0022, 0, 0, 0, 0, 0, 0, 0, 0, 0, 0, 0, 'show', '2022-11-02 09:03:05', '2022-11-02 09:03:05'),
(2389, 15, 8, NULL, NULL, 'Olives, Black, Kalamata Whole', NULL, 'No Brand', 'fresh', 'gram', NULL, 0, 0, 0, 0, 2.42, 0, 0.121, 0.212, 0, 0, 0, 0, 0, 0, 0, 0, 0, 0, 0, 'show', '2022-11-02 09:03:05', '2022-11-02 09:03:05'),
(2390, 15, 8, NULL, NULL, 'Papaya, green', NULL, 'No Brand', 'fresh', 'gram', NULL, 0, 0, 0, 0, 0.43, 0.0047, 0.108, 0.0026, 0, 0, 0, 0, 0, 0, 0, 0, 0, 0, 0, 'show', '2022-11-02 09:03:05', '2022-11-02 09:03:05'),
(2391, 15, 8, NULL, NULL, 'Pitted Black Olives', NULL, 'No Brand', 'fresh', 'gram', NULL, 0, 0, 0, 0, 1.33, 0, 0.066, 0.1, 0, 0, 0, 0, 0, 0, 0, 0, 0, 0, 0, 'show', '2022-11-02 09:03:06', '2022-11-02 09:03:06'),
(2392, 15, 8, NULL, NULL, 'Pitted Green Olives', NULL, 'No Brand', 'fresh', 'gram', NULL, 0, 0, 0, 0, 1.45, 0.01, 0.038, 0.153, 0, 0, 0, 0, 0, 0, 0, 0, 0, 0, 0, 'show', '2022-11-02 09:03:06', '2022-11-02 09:03:06'),
(2393, 15, 8, NULL, NULL, 'spinach, Baby', NULL, 'No Brand', 'fresh', 'gram', NULL, 0, 0, 0, 0, 0.23, 0.023, 0.035, 0, 0, 0, 0, 0, 0, 0, 0, 0, 0, 0, 0, 'show', '2022-11-02 09:03:06', '2022-11-02 09:03:06'),
(2394, 15, 8, NULL, NULL, 'Spinach, fresh', NULL, 'No Brand', 'fresh', 'gram', NULL, 0, 0, 0, 0, 0.23, 0.0286, 0.026, 0.0039, 0, 0, 0, 0, 0, 0, 0, 0, 0, 0, 0, 'show', '2022-11-02 09:03:06', '2022-11-02 09:03:06'),
(2395, 15, 8, NULL, NULL, 'Spinach, frozen', NULL, 'No Brand', 'fresh', 'gram', NULL, 0, 0, 0, 0, 0.29, 0.036, 0.042, 0.005, 0, 0, 0, 0, 0, 0, 0, 0, 0, 0, 0, 'show', '2022-11-02 09:03:06', '2022-11-02 09:03:06'),
(2396, 15, 8, NULL, NULL, 'Watercress', NULL, 'No Brand', 'fresh', 'gram', NULL, 0, 0, 0, 0, 0.11, 0.023, 0.0129, 0.001, 0, 0, 0, 0, 0, 0, 0, 0, 0, 0, 0, 'show', '2022-11-02 09:03:06', '2022-11-02 09:03:06'),
(2397, 1, 2, 1, 1, 'water', '1667644123-1636711925-yougretwithoats.png', '1', 'fresh', 'milliliter', NULL, 1, 1, 0, 0, 1.2, 0.3, 0.12, 0, 0, 0, 0, 0, 0, 0, 0, 0, 1, 12000, 0.2, 'show', '2022-11-05 08:28:44', '2022-11-05 08:28:44'),
(2398, 1, 4, 2, 1, 'Water-m', '1667645447-1648632576-balanced.png', '1', 'fresh', 'piece', NULL, 1, 1, 0, 120, 0, 0, 0, 0, 0, 0, 0, 0, 0, 0, 0, 0, 1, 12, 500, 'show', '2022-11-05 08:50:48', '2022-11-05 08:50:48'),
(2399, 16, 1, 1, NULL, 'water-m', '1667645566-1636711925-yougretwithoats.png', '1', 'fresh', 'piece', NULL, 1, 1, 0, 0, 0, 0, 0, 0, 0, 0, 0, 0, 0, 0, 0, 0, 1, 1200, 10, 'show', '2022-11-05 08:52:46', '2022-11-05 08:52:46');

-- --------------------------------------------------------

--
-- Table structure for table `component_categories`
--

CREATE TABLE `component_categories` (
  `id` bigint(20) UNSIGNED NOT NULL,
  `name` text COLLATE utf8mb4_unicode_ci DEFAULT NULL,
  `purchase_limit` double UNSIGNED DEFAULT 1,
  `created_at` timestamp NULL DEFAULT NULL,
  `updated_at` timestamp NULL DEFAULT NULL
) ENGINE=InnoDB DEFAULT CHARSET=utf8mb4 COLLATE=utf8mb4_unicode_ci;

--
-- Dumping data for table `component_categories`
--

INSERT INTO `component_categories` (`id`, `name`, `purchase_limit`, `created_at`, `updated_at`) VALUES
(1, 'Baked Foods', 5000, '2022-10-08 12:20:55', '2022-10-08 12:20:55'),
(2, 'Beans and Lentils', 5000, '2022-10-08 12:20:55', '2022-10-08 12:20:55'),
(3, 'Dairy and Egg Products', 5000, '2022-10-08 12:20:55', '2022-10-08 12:20:55'),
(4, 'Fats and Oils', 5000, '2022-10-08 12:20:55', '2022-10-08 12:20:55'),
(5, 'Seafoods', 5000, '2022-10-08 12:20:55', '2022-10-08 12:20:55'),
(6, 'Fruits', 5000, '2022-10-08 12:20:55', '2022-10-08 12:20:55'),
(7, 'Grains and Pasta', 5000, '2022-10-08 12:20:55', '2022-10-08 12:20:55'),
(8, 'Meats', 5000, '2022-10-08 12:20:55', '2022-10-08 12:20:55'),
(9, 'Nuts and Seeds', 5000, '2022-10-08 12:20:55', '2022-10-08 12:20:55'),
(10, 'Prepared Meals', 5000, '2022-10-08 12:20:55', '2022-10-08 12:20:55'),
(11, 'Snacks', 5000, '2022-10-08 12:20:56', '2022-10-08 12:20:56'),
(12, 'Soups and Sauces', 5000, '2022-10-08 12:20:56', '2022-10-08 12:20:56'),
(13, 'Spices and Herbs', 5000, '2022-10-08 12:20:56', '2022-10-08 12:20:56'),
(14, 'Sweets', 5000, '2022-10-08 12:20:56', '2022-10-08 12:20:56'),
(15, 'Vegetables', 5000, '2022-10-08 12:20:56', '2022-10-08 12:20:56'),
(16, 'Undefined', 5000, '2022-10-08 12:20:56', '2022-10-08 12:20:56');

-- --------------------------------------------------------

--
-- Table structure for table `component_groups`
--

CREATE TABLE `component_groups` (
  `id` bigint(20) UNSIGNED NOT NULL,
  `name` text COLLATE utf8mb4_unicode_ci DEFAULT NULL,
  `created_at` timestamp NULL DEFAULT NULL,
  `updated_at` timestamp NULL DEFAULT NULL
) ENGINE=InnoDB DEFAULT CHARSET=utf8mb4 COLLATE=utf8mb4_unicode_ci;

--
-- Dumping data for table `component_groups`
--

INSERT INTO `component_groups` (`id`, `name`, `created_at`, `updated_at`) VALUES
(1, 'Undefined', '2022-10-08 12:20:56', '2022-10-08 12:20:56'),
(2, 'Carbs', '2022-10-08 12:20:56', '2022-10-08 12:20:56'),
(3, 'Protein', '2022-10-08 12:20:56', '2022-10-08 12:20:56'),
(4, 'Dairy', '2022-10-08 12:20:56', '2022-10-08 12:20:56'),
(5, 'Fats', '2022-10-08 12:20:56', '2022-10-08 12:20:56'),
(6, 'Fruits', '2022-10-08 12:20:56', '2022-10-08 12:20:56'),
(7, 'Sugars', '2022-10-08 12:20:56', '2022-10-08 12:20:56'),
(8, 'Fibers', '2022-10-08 12:20:56', '2022-10-08 12:20:56'),
(9, 'Sauce', '2022-10-08 12:20:56', '2022-10-08 12:20:56'),
(10, 'Fats/Protein', '2022-10-08 12:20:56', '2022-10-08 12:20:56');

-- --------------------------------------------------------

--
-- Table structure for table `component_types`
--

CREATE TABLE `component_types` (
  `id` bigint(20) UNSIGNED NOT NULL,
  `component_id` bigint(20) UNSIGNED DEFAULT NULL,
  `name` varchar(100) COLLATE utf8mb4_unicode_ci DEFAULT NULL,
  `cals` double DEFAULT 0,
  `proteins` double DEFAULT 0,
  `carbs` double DEFAULT 0,
  `fats` double DEFAULT 0,
  `cholosterol` double DEFAULT 0,
  `sodium` double DEFAULT 0,
  `fiber` double DEFAULT 0,
  `sugar` double DEFAULT 0,
  `vitaminc` double DEFAULT 0,
  `vitamina` double DEFAULT 0,
  `calcium` double DEFAULT 0,
  `iron` double DEFAULT 0,
  `created_at` timestamp NULL DEFAULT NULL,
  `updated_at` timestamp NULL DEFAULT NULL
) ENGINE=InnoDB DEFAULT CHARSET=utf8mb4 COLLATE=utf8mb4_unicode_ci;

-- --------------------------------------------------------

--
-- Table structure for table `cuisines`
--

CREATE TABLE `cuisines` (
  `id` bigint(20) UNSIGNED NOT NULL,
  `name` text COLLATE utf8mb4_unicode_ci DEFAULT NULL,
  `created_at` timestamp NULL DEFAULT NULL,
  `updated_at` timestamp NULL DEFAULT NULL
) ENGINE=InnoDB DEFAULT CHARSET=utf8mb4 COLLATE=utf8mb4_unicode_ci;

--
-- Dumping data for table `cuisines`
--

INSERT INTO `cuisines` (`id`, `name`, `created_at`, `updated_at`) VALUES
(2, 'Turkish', '2023-03-21 05:33:06', '2023-03-21 05:33:06'),
(3, 'Pakistani', '2023-03-21 05:33:16', '2023-03-21 05:33:16');

-- --------------------------------------------------------

--
-- Table structure for table `customer_addresses`
--

CREATE TABLE `customer_addresses` (
  `id` bigint(20) UNSIGNED NOT NULL,
  `customer_id` bigint(20) UNSIGNED DEFAULT NULL,
  `city_id` bigint(20) UNSIGNED DEFAULT NULL,
  `city_district_id` bigint(20) UNSIGNED DEFAULT NULL,
  `address` text COLLATE utf8mb4_unicode_ci DEFAULT NULL,
  `building` varchar(100) COLLATE utf8mb4_unicode_ci DEFAULT NULL,
  `floor` varchar(100) COLLATE utf8mb4_unicode_ci DEFAULT NULL,
  `apartment` varchar(100) COLLATE utf8mb4_unicode_ci DEFAULT NULL,
  `weekdays` text COLLATE utf8mb4_unicode_ci DEFAULT NULL,
  `enabled` varchar(100) COLLATE utf8mb4_unicode_ci DEFAULT 'true',
  `created_at` timestamp NULL DEFAULT NULL,
  `updated_at` timestamp NULL DEFAULT NULL
) ENGINE=InnoDB DEFAULT CHARSET=utf8mb4 COLLATE=utf8mb4_unicode_ci;

--
-- Dumping data for table `customer_addresses`
--

INSERT INTO `customer_addresses` (`id`, `customer_id`, `city_id`, `city_district_id`, `address`, `building`, `floor`, `apartment`, `weekdays`, `enabled`, `created_at`, `updated_at`) VALUES
(1, 1, 2, 141, 'Testing Address', '12', '5', '11', 'Monday,Tuesday,Wednesday,Thursday', 'true', '2023-03-20 11:09:09', '2023-03-20 11:09:09'),
(2, 2, 4, 281, 'Another Address - Updated', '10', '5', '12', 'Monday,Wednesday,Thursday', 'true', '2023-03-21 04:21:38', '2023-03-21 04:21:38'),
(3, 3, 2, 141, 'Another Address', '12', '33', '1', 'Monday,Wednesday,Thursday', 'true', '2023-03-21 04:28:00', '2023-03-21 04:28:00'),
(4, 4, 3, 207, 'Address Demo', '33', '10', '5', 'Saturday,Monday,Thursday,Friday', 'true', '2023-03-24 09:26:44', '2023-03-24 09:26:44'),
(5, 5, 3, 207, 'Address Demo', '33', '10', '5', 'Saturday,Monday,Thursday,Friday', 'true', '2023-03-24 09:27:34', '2023-03-24 09:27:34'),
(6, 6, 4, 281, 'Address Demo', '12', '10', '5', 'Wednesday,Thursday,Friday', 'true', '2023-03-24 11:35:28', '2023-03-24 11:35:28'),
(7, 7, 4, 281, 'Address Demo', '22', '10', '5', 'Monday,Thursday,Friday', 'true', '2023-03-24 11:50:34', '2023-03-24 11:50:34');

-- --------------------------------------------------------

--
-- Table structure for table `customer_allergies`
--

CREATE TABLE `customer_allergies` (
  `id` bigint(20) UNSIGNED NOT NULL,
  `customer_id` bigint(20) UNSIGNED DEFAULT NULL,
  `allergy_list_id` bigint(20) UNSIGNED DEFAULT NULL,
  `created_at` timestamp NULL DEFAULT NULL,
  `updated_at` timestamp NULL DEFAULT NULL
) ENGINE=InnoDB DEFAULT CHARSET=utf8mb4 COLLATE=utf8mb4_unicode_ci;

--
-- Dumping data for table `customer_allergies`
--

INSERT INTO `customer_allergies` (`id`, `customer_id`, `allergy_list_id`, `created_at`, `updated_at`) VALUES
(1, 1, 4, '2023-03-20 11:09:09', '2023-03-20 11:09:09'),
(2, 3, 3, '2023-03-21 04:28:00', '2023-03-21 04:28:00'),
(3, 4, 2, '2023-03-24 09:26:44', '2023-03-24 09:26:44'),
(4, 4, 3, '2023-03-24 09:26:44', '2023-03-24 09:26:44'),
(5, 5, 2, '2023-03-24 09:27:33', '2023-03-24 09:27:33'),
(6, 5, 3, '2023-03-24 09:27:33', '2023-03-24 09:27:33'),
(7, 6, 3, '2023-03-24 11:35:27', '2023-03-24 11:35:27'),
(8, 7, 2, '2023-03-24 11:50:34', '2023-03-24 11:50:34'),
(9, 7, 5, '2023-03-24 11:50:34', '2023-03-24 11:50:34');

-- --------------------------------------------------------

--
-- Table structure for table `customer_deliveries`
--

CREATE TABLE `customer_deliveries` (
  `id` bigint(20) UNSIGNED NOT NULL,
  `customer_id` bigint(20) UNSIGNED DEFAULT NULL,
  `package_id` bigint(20) UNSIGNED DEFAULT NULL,
  `delivery_company_id` bigint(20) UNSIGNED DEFAULT NULL,
  `delivery_time_id` bigint(20) UNSIGNED DEFAULT NULL,
  `date` varchar(100) COLLATE utf8mb4_unicode_ci DEFAULT NULL,
  `status` varchar(100) COLLATE utf8mb4_unicode_ci DEFAULT 'not delivered',
  `created_at` timestamp NULL DEFAULT NULL,
  `updated_at` timestamp NULL DEFAULT NULL
) ENGINE=InnoDB DEFAULT CHARSET=utf8mb4 COLLATE=utf8mb4_unicode_ci;

--
-- Dumping data for table `customer_deliveries`
--

INSERT INTO `customer_deliveries` (`id`, `customer_id`, `package_id`, `delivery_company_id`, `delivery_time_id`, `date`, `status`, `created_at`, `updated_at`) VALUES
(1, 1, 1, NULL, 1, '2023-03-20', 'delivered', '2023-03-20 11:09:09', '2023-03-20 11:09:09'),
(2, 1, 1, NULL, 1, '2023-03-21', 'not delivered', '2023-03-20 11:09:10', '2023-03-20 11:09:10'),
(3, 1, 1, NULL, 1, '2023-03-22', 'not delivered', '2023-03-20 11:09:11', '2023-03-20 11:09:11'),
(4, 1, 1, NULL, 1, '2023-03-23', 'not delivered', '2023-03-20 11:09:11', '2023-03-20 11:09:11'),
(5, 1, 1, NULL, 1, '2023-03-27', 'not delivered', '2023-03-20 11:09:11', '2023-03-20 11:09:11'),
(6, 1, 1, NULL, 1, '2023-03-28', 'not delivered', '2023-03-20 11:09:12', '2023-03-20 11:09:12'),
(7, 1, 1, NULL, 1, '2023-03-29', 'not delivered', '2023-03-20 11:09:12', '2023-03-20 11:09:12'),
(8, 1, 1, NULL, 1, '2023-03-30', 'not delivered', '2023-03-20 11:09:13', '2023-03-20 11:09:13'),
(9, 1, 1, NULL, 1, '2023-04-03', 'not delivered', '2023-03-20 11:09:13', '2023-03-20 11:09:13'),
(10, 1, 1, NULL, 1, '2023-04-04', 'not delivered', '2023-03-20 11:09:13', '2023-03-20 11:09:13'),
(11, 1, 1, NULL, 1, '2023-04-05', 'not delivered', '2023-03-20 11:09:14', '2023-03-20 11:09:14'),
(12, 1, 1, NULL, 1, '2023-04-06', 'not delivered', '2023-03-20 11:09:14', '2023-03-20 11:09:14'),
(13, 1, 1, NULL, 1, '2023-04-10', 'not delivered', '2023-03-20 11:09:14', '2023-03-20 11:09:14'),
(14, 1, 1, NULL, 1, '2023-04-11', 'not delivered', '2023-03-20 11:09:14', '2023-03-20 11:09:14'),
(15, 1, 1, NULL, 1, '2023-04-12', 'not delivered', '2023-03-20 11:09:15', '2023-03-20 11:09:15'),
(16, 1, 1, NULL, 1, '2023-04-13', 'not delivered', '2023-03-20 11:09:15', '2023-03-20 11:09:15'),
(17, 1, 1, NULL, 1, '2023-04-17', 'not delivered', '2023-03-20 11:09:15', '2023-03-20 11:09:15'),
(18, 1, 1, NULL, 1, '2023-04-18', 'not delivered', '2023-03-20 11:09:15', '2023-03-20 11:09:15'),
(19, 1, 1, NULL, 1, '2023-04-19', 'not delivered', '2023-03-20 11:09:16', '2023-03-20 11:09:16'),
(20, 1, 1, NULL, 1, '2023-04-20', 'not delivered', '2023-03-20 11:09:16', '2023-03-20 11:09:16'),
(21, 1, 1, NULL, 1, '2023-04-24', 'not delivered', '2023-03-20 11:09:16', '2023-03-20 11:09:16'),
(22, 1, 1, NULL, 1, '2023-04-25', 'not delivered', '2023-03-20 11:09:16', '2023-03-20 11:09:16'),
(23, 1, 1, NULL, 1, '2023-04-26', 'not delivered', '2023-03-20 11:09:18', '2023-03-20 11:09:18'),
(24, 1, 1, NULL, 1, '2023-04-27', 'not delivered', '2023-03-20 11:09:18', '2023-03-20 11:09:18'),
(25, 1, 1, NULL, 1, '2023-05-01', 'not delivered', '2023-03-20 11:09:18', '2023-03-20 11:09:18'),
(26, 2, 1, NULL, 1, '2023-03-22', 'not delivered', '2023-03-21 04:21:38', '2023-03-21 04:21:38'),
(27, 2, 1, NULL, 1, '2023-03-23', 'not delivered', '2023-03-21 04:21:39', '2023-03-21 04:21:39'),
(28, 2, 1, NULL, 1, '2023-03-27', 'not delivered', '2023-03-21 04:21:40', '2023-03-21 04:21:40'),
(29, 2, 1, NULL, 1, '2023-03-29', 'not delivered', '2023-03-21 04:21:40', '2023-03-21 04:21:40'),
(30, 2, 1, NULL, 1, '2023-03-30', 'not delivered', '2023-03-21 04:21:40', '2023-03-21 04:21:40'),
(31, 2, 1, NULL, 1, '2023-04-03', 'not delivered', '2023-03-21 04:21:41', '2023-03-21 04:21:41'),
(32, 2, 1, NULL, 1, '2023-04-05', 'not delivered', '2023-03-21 04:21:41', '2023-03-21 04:21:41'),
(33, 2, 1, NULL, 1, '2023-04-06', 'not delivered', '2023-03-21 04:21:41', '2023-03-21 04:21:41'),
(34, 2, 1, NULL, 1, '2023-04-10', 'not delivered', '2023-03-21 04:21:42', '2023-03-21 04:21:42'),
(35, 2, 1, NULL, 1, '2023-04-12', 'not delivered', '2023-03-21 04:21:42', '2023-03-21 04:21:42'),
(36, 2, 1, NULL, 1, '2023-04-13', 'not delivered', '2023-03-21 04:21:42', '2023-03-21 04:21:42'),
(37, 2, 1, NULL, 1, '2023-04-17', 'not delivered', '2023-03-21 04:21:42', '2023-03-21 04:21:42'),
(38, 2, 1, NULL, 1, '2023-04-19', 'not delivered', '2023-03-21 04:21:43', '2023-03-21 04:21:43'),
(39, 2, 1, NULL, 1, '2023-04-20', 'not delivered', '2023-03-21 04:21:43', '2023-03-21 04:21:43'),
(40, 2, 1, NULL, 1, '2023-04-24', 'not delivered', '2023-03-21 04:21:43', '2023-03-21 04:21:43'),
(41, 3, 1, NULL, 1, '2023-03-22', 'not delivered', '2023-03-21 04:28:00', '2023-03-21 04:28:00'),
(42, 3, 1, NULL, 1, '2023-03-23', 'not delivered', '2023-03-21 04:28:01', '2023-03-21 04:28:01'),
(43, 3, 1, NULL, 1, '2023-03-27', 'not delivered', '2023-03-21 04:28:01', '2023-03-21 04:28:01'),
(44, 3, 1, NULL, 1, '2023-03-29', 'not delivered', '2023-03-21 04:28:02', '2023-03-21 04:28:02'),
(45, 3, 1, NULL, 1, '2023-03-30', 'not delivered', '2023-03-21 04:28:02', '2023-03-21 04:28:02'),
(46, 3, 1, NULL, 1, '2023-04-03', 'not delivered', '2023-03-21 04:28:03', '2023-03-21 04:28:03'),
(47, 3, 1, NULL, 1, '2023-04-05', 'not delivered', '2023-03-21 04:28:03', '2023-03-21 04:28:03'),
(48, 3, 1, NULL, 1, '2023-04-06', 'not delivered', '2023-03-21 04:28:04', '2023-03-21 04:28:04'),
(49, 3, 1, NULL, 1, '2023-04-10', 'not delivered', '2023-03-21 04:28:04', '2023-03-21 04:28:04'),
(50, 3, 1, NULL, 1, '2023-04-12', 'not delivered', '2023-03-21 04:28:05', '2023-03-21 04:28:05'),
(51, 3, 1, NULL, 1, '2023-04-13', 'not delivered', '2023-03-21 04:28:05', '2023-03-21 04:28:05'),
(52, 3, 1, NULL, 1, '2023-04-17', 'not delivered', '2023-03-21 04:28:05', '2023-03-21 04:28:05'),
(53, 3, 1, NULL, 1, '2023-04-19', 'not delivered', '2023-03-21 04:28:05', '2023-03-21 04:28:05'),
(54, 3, 1, NULL, 1, '2023-04-20', 'not delivered', '2023-03-21 04:28:06', '2023-03-21 04:28:06'),
(55, 3, 1, NULL, 1, '2023-04-24', 'not delivered', '2023-03-21 04:28:06', '2023-03-21 04:28:06'),
(56, 3, 1, NULL, 1, '2023-04-26', 'not delivered', '2023-03-21 04:28:06', '2023-03-21 04:28:06'),
(57, 3, 1, NULL, 1, '2023-04-27', 'not delivered', '2023-03-21 04:28:06', '2023-03-21 04:28:06'),
(58, 3, 1, NULL, 1, '2023-05-01', 'not delivered', '2023-03-21 04:28:08', '2023-03-21 04:28:08'),
(59, 3, 1, NULL, 1, '2023-05-03', 'not delivered', '2023-03-21 04:28:08', '2023-03-21 04:28:08'),
(60, 3, 1, NULL, 1, '2023-05-04', 'not delivered', '2023-03-21 04:28:08', '2023-03-21 04:28:08'),
(61, 3, 1, NULL, 1, '2023-05-08', 'not delivered', '2023-03-21 04:28:09', '2023-03-21 04:28:09'),
(62, 3, 1, NULL, 1, '2023-05-10', 'not delivered', '2023-03-21 04:28:09', '2023-03-21 04:28:09'),
(63, 3, 1, NULL, 1, '2023-05-11', 'not delivered', '2023-03-21 04:28:09', '2023-03-21 04:28:09'),
(64, 3, 1, NULL, 1, '2023-05-15', 'not delivered', '2023-03-21 04:28:10', '2023-03-21 04:28:10'),
(65, 3, 1, NULL, 1, '2023-05-17', 'not delivered', '2023-03-21 04:28:10', '2023-03-21 04:28:10'),
(66, 4, 1, NULL, 1, NULL, 'not delivered', '2023-03-24 09:26:44', '2023-03-24 09:26:44'),
(67, 4, 1, NULL, 1, '2023-03-25', 'not delivered', '2023-03-24 09:26:45', '2023-03-24 09:26:45'),
(68, 4, 1, NULL, 1, '2023-03-27', 'not delivered', '2023-03-24 09:26:45', '2023-03-24 09:26:45'),
(69, 4, 1, NULL, 1, '2023-03-30', 'not delivered', '2023-03-24 09:26:46', '2023-03-24 09:26:46'),
(70, 4, 1, NULL, 1, '2023-03-31', 'not delivered', '2023-03-24 09:26:46', '2023-03-24 09:26:46'),
(71, 4, 1, NULL, 1, '2023-04-01', 'not delivered', '2023-03-24 09:26:47', '2023-03-24 09:26:47'),
(72, 4, 1, NULL, 1, '2023-04-03', 'not delivered', '2023-03-24 09:26:47', '2023-03-24 09:26:47'),
(73, 4, 1, NULL, 1, '2023-04-06', 'not delivered', '2023-03-24 09:26:47', '2023-03-24 09:26:47'),
(74, 4, 1, NULL, 1, '2023-04-07', 'not delivered', '2023-03-24 09:26:47', '2023-03-24 09:26:47'),
(75, 4, 1, NULL, 1, '2023-04-08', 'not delivered', '2023-03-24 09:26:48', '2023-03-24 09:26:48'),
(76, 4, 1, NULL, 1, '2023-04-10', 'not delivered', '2023-03-24 09:26:48', '2023-03-24 09:26:48'),
(77, 4, 1, NULL, 1, '2023-04-13', 'not delivered', '2023-03-24 09:26:49', '2023-03-24 09:26:49'),
(78, 4, 1, NULL, 1, '2023-04-14', 'not delivered', '2023-03-24 09:26:49', '2023-03-24 09:26:49'),
(79, 4, 1, NULL, 1, '2023-04-15', 'not delivered', '2023-03-24 09:26:49', '2023-03-24 09:26:49'),
(80, 4, 1, NULL, 1, '2023-04-17', 'not delivered', '2023-03-24 09:26:49', '2023-03-24 09:26:49'),
(81, 5, 1, NULL, 1, NULL, 'not delivered', '2023-03-24 09:27:34', '2023-03-24 09:27:34'),
(82, 5, 1, NULL, 1, '2023-03-25', 'not delivered', '2023-03-24 09:27:35', '2023-03-24 09:27:35'),
(83, 5, 1, NULL, 1, '2023-03-27', 'not delivered', '2023-03-24 09:27:35', '2023-03-24 09:27:35'),
(84, 5, 1, NULL, 1, '2023-03-30', 'not delivered', '2023-03-24 09:27:35', '2023-03-24 09:27:35'),
(85, 5, 1, NULL, 1, '2023-03-31', 'not delivered', '2023-03-24 09:27:36', '2023-03-24 09:27:36'),
(86, 5, 1, NULL, 1, '2023-04-01', 'not delivered', '2023-03-24 09:27:36', '2023-03-24 09:27:36'),
(87, 5, 1, NULL, 1, '2023-04-03', 'not delivered', '2023-03-24 09:27:37', '2023-03-24 09:27:37'),
(88, 5, 1, NULL, 1, '2023-04-06', 'not delivered', '2023-03-24 09:27:37', '2023-03-24 09:27:37'),
(89, 5, 1, NULL, 1, '2023-04-07', 'not delivered', '2023-03-24 09:27:37', '2023-03-24 09:27:37'),
(90, 5, 1, NULL, 1, '2023-04-08', 'not delivered', '2023-03-24 09:27:37', '2023-03-24 09:27:37'),
(91, 5, 1, NULL, 1, '2023-04-10', 'not delivered', '2023-03-24 09:27:38', '2023-03-24 09:27:38'),
(92, 5, 1, NULL, 1, '2023-04-13', 'not delivered', '2023-03-24 09:27:38', '2023-03-24 09:27:38'),
(93, 5, 1, NULL, 1, '2023-04-14', 'not delivered', '2023-03-24 09:27:39', '2023-03-24 09:27:39'),
(94, 5, 1, NULL, 1, '2023-04-15', 'not delivered', '2023-03-24 09:27:40', '2023-03-24 09:27:40'),
(95, 5, 1, NULL, 1, '2023-04-17', 'not delivered', '2023-03-24 09:27:41', '2023-03-24 09:27:41'),
(96, 6, 1, NULL, 1, NULL, 'not delivered', '2023-03-24 11:35:28', '2023-03-24 11:35:28'),
(97, 6, 1, NULL, 1, '2023-03-29', 'not delivered', '2023-03-24 11:35:29', '2023-03-24 11:35:29'),
(98, 6, 1, NULL, 1, '2023-03-30', 'not delivered', '2023-03-24 11:35:30', '2023-03-24 11:35:30'),
(99, 6, 1, NULL, 1, '2023-03-31', 'not delivered', '2023-03-24 11:35:30', '2023-03-24 11:35:30'),
(100, 6, 1, NULL, 1, '2023-04-05', 'not delivered', '2023-03-24 11:35:31', '2023-03-24 11:35:31'),
(101, 6, 1, NULL, 1, '2023-04-06', 'not delivered', '2023-03-24 11:35:31', '2023-03-24 11:35:31'),
(102, 6, 1, NULL, 1, '2023-04-07', 'not delivered', '2023-03-24 11:35:32', '2023-03-24 11:35:32'),
(103, 6, 1, NULL, 1, '2023-04-12', 'not delivered', '2023-03-24 11:35:33', '2023-03-24 11:35:33'),
(104, 6, 1, NULL, 1, '2023-04-13', 'not delivered', '2023-03-24 11:35:33', '2023-03-24 11:35:33'),
(105, 6, 1, NULL, 1, '2023-04-14', 'not delivered', '2023-03-24 11:35:34', '2023-03-24 11:35:34'),
(106, 6, 1, NULL, 1, '2023-04-19', 'not delivered', '2023-03-24 11:35:34', '2023-03-24 11:35:34'),
(107, 6, 1, NULL, 1, '2023-04-20', 'not delivered', '2023-03-24 11:35:34', '2023-03-24 11:35:34'),
(108, 6, 1, NULL, 1, '2023-04-21', 'not delivered', '2023-03-24 11:35:35', '2023-03-24 11:35:35'),
(109, 6, 1, NULL, 1, '2023-04-26', 'not delivered', '2023-03-24 11:35:36', '2023-03-24 11:35:36'),
(110, 6, 1, NULL, 1, '2023-04-27', 'not delivered', '2023-03-24 11:35:36', '2023-03-24 11:35:36'),
(111, 6, 1, NULL, 1, '2023-04-28', 'not delivered', '2023-03-24 11:35:36', '2023-03-24 11:35:36'),
(112, 6, 1, NULL, 1, '2023-05-03', 'not delivered', '2023-03-24 11:35:38', '2023-03-24 11:35:38'),
(113, 6, 1, NULL, 1, '2023-05-04', 'not delivered', '2023-03-24 11:35:38', '2023-03-24 11:35:38'),
(114, 6, 1, NULL, 1, '2023-05-05', 'not delivered', '2023-03-24 11:35:39', '2023-03-24 11:35:39'),
(115, 6, 1, NULL, 1, '2023-05-10', 'not delivered', '2023-03-24 11:35:39', '2023-03-24 11:35:39'),
(116, 6, 1, NULL, 1, '2023-05-11', 'not delivered', '2023-03-24 11:35:39', '2023-03-24 11:35:39'),
(117, 6, 1, NULL, 1, '2023-05-12', 'not delivered', '2023-03-24 11:35:39', '2023-03-24 11:35:39'),
(118, 6, 1, NULL, 1, '2023-05-17', 'not delivered', '2023-03-24 11:35:40', '2023-03-24 11:35:40'),
(119, 6, 1, NULL, 1, '2023-05-18', 'not delivered', '2023-03-24 11:35:41', '2023-03-24 11:35:41'),
(120, 6, 1, NULL, 1, '2023-05-19', 'not delivered', '2023-03-24 11:35:41', '2023-03-24 11:35:41'),
(121, 6, 1, NULL, 1, '2023-05-24', 'not delivered', '2023-03-24 11:35:41', '2023-03-24 11:35:41'),
(122, 6, 1, NULL, 1, '2023-05-25', 'not delivered', '2023-03-24 11:35:42', '2023-03-24 11:35:42'),
(123, 6, 1, NULL, 1, '2023-05-26', 'not delivered', '2023-03-24 11:35:42', '2023-03-24 11:35:42'),
(124, 6, 1, NULL, 1, '2023-05-31', 'not delivered', '2023-03-24 11:35:43', '2023-03-24 11:35:43'),
(125, 6, 1, NULL, 1, '2023-06-01', 'not delivered', '2023-03-24 11:35:43', '2023-03-24 11:35:43'),
(126, 7, 2, NULL, 1, '2023-03-24', 'not delivered', '2023-03-24 11:50:35', '2023-03-24 11:50:35'),
(127, 7, 2, NULL, 1, '2023-03-27', 'not delivered', '2023-03-24 11:50:36', '2023-03-24 11:50:36'),
(128, 7, 2, NULL, 1, '2023-03-30', 'not delivered', '2023-03-24 11:50:36', '2023-03-24 11:50:36'),
(129, 7, 2, NULL, 1, '2023-03-31', 'not delivered', '2023-03-24 11:50:36', '2023-03-24 11:50:36'),
(130, 7, 2, NULL, 1, '2023-04-03', 'not delivered', '2023-03-24 11:50:37', '2023-03-24 11:50:37'),
(131, 7, 2, NULL, 1, '2023-04-06', 'not delivered', '2023-03-24 11:50:37', '2023-03-24 11:50:37'),
(132, 7, 2, NULL, 1, '2023-04-07', 'not delivered', '2023-03-24 11:50:38', '2023-03-24 11:50:38'),
(133, 7, 2, NULL, 1, '2023-04-10', 'not delivered', '2023-03-24 11:50:38', '2023-03-24 11:50:38'),
(134, 7, 2, NULL, 1, '2023-04-13', 'not delivered', '2023-03-24 11:50:39', '2023-03-24 11:50:39'),
(135, 7, 2, NULL, 1, '2023-04-14', 'not delivered', '2023-03-24 11:50:39', '2023-03-24 11:50:39'),
(136, 7, 2, NULL, 1, '2023-04-17', 'not delivered', '2023-03-24 11:50:40', '2023-03-24 11:50:40'),
(137, 7, 2, NULL, 1, '2023-04-20', 'not delivered', '2023-03-24 11:50:40', '2023-03-24 11:50:40');

-- --------------------------------------------------------

--
-- Table structure for table `customer_drinks`
--

CREATE TABLE `customer_drinks` (
  `id` bigint(20) UNSIGNED NOT NULL,
  `customer_id` bigint(20) UNSIGNED NOT NULL,
  `meal_type_id` bigint(20) UNSIGNED NOT NULL,
  `package_id` bigint(20) UNSIGNED NOT NULL,
  `package_plan_drink_id` bigint(20) UNSIGNED DEFAULT NULL,
  `drink_id` bigint(20) UNSIGNED DEFAULT NULL,
  `chef_id` bigint(20) UNSIGNED DEFAULT NULL,
  `date` varchar(100) COLLATE utf8mb4_unicode_ci DEFAULT NULL,
  `created_at` timestamp NULL DEFAULT NULL,
  `updated_at` timestamp NULL DEFAULT NULL
) ENGINE=InnoDB DEFAULT CHARSET=utf8mb4 COLLATE=utf8mb4_unicode_ci;

-- --------------------------------------------------------

--
-- Table structure for table `customer_excludes`
--

CREATE TABLE `customer_excludes` (
  `id` bigint(20) UNSIGNED NOT NULL,
  `customer_id` bigint(20) UNSIGNED DEFAULT NULL,
  `exclude_list_id` bigint(20) UNSIGNED DEFAULT NULL,
  `created_at` timestamp NULL DEFAULT NULL,
  `updated_at` timestamp NULL DEFAULT NULL
) ENGINE=InnoDB DEFAULT CHARSET=utf8mb4 COLLATE=utf8mb4_unicode_ci;

--
-- Dumping data for table `customer_excludes`
--

INSERT INTO `customer_excludes` (`id`, `customer_id`, `exclude_list_id`, `created_at`, `updated_at`) VALUES
(1, 1, 2, '2023-03-20 11:09:09', '2023-03-20 11:09:09'),
(2, 4, 6, '2023-03-24 09:26:44', '2023-03-24 09:26:44'),
(3, 5, 6, '2023-03-24 09:27:33', '2023-03-24 09:27:33'),
(4, 6, 3, '2023-03-24 11:35:27', '2023-03-24 11:35:27'),
(5, 7, 2, '2023-03-24 11:50:34', '2023-03-24 11:50:34'),
(6, 7, 5, '2023-03-24 11:50:34', '2023-03-24 11:50:34');

-- --------------------------------------------------------

--
-- Table structure for table `customer_lead_addresses`
--

CREATE TABLE `customer_lead_addresses` (
  `id` bigint(20) UNSIGNED NOT NULL,
  `customer_lead_id` bigint(20) UNSIGNED DEFAULT NULL,
  `city_id` bigint(20) UNSIGNED DEFAULT NULL,
  `city_district_id` bigint(20) UNSIGNED DEFAULT NULL,
  `address` text COLLATE utf8mb4_unicode_ci DEFAULT NULL,
  `building` varchar(100) COLLATE utf8mb4_unicode_ci DEFAULT NULL,
  `floor` varchar(100) COLLATE utf8mb4_unicode_ci DEFAULT NULL,
  `apartment` varchar(100) COLLATE utf8mb4_unicode_ci DEFAULT NULL,
  `weekdays` text COLLATE utf8mb4_unicode_ci DEFAULT NULL,
  `enabled` varchar(100) COLLATE utf8mb4_unicode_ci DEFAULT 'true',
  `created_at` timestamp NULL DEFAULT NULL,
  `updated_at` timestamp NULL DEFAULT NULL
) ENGINE=InnoDB DEFAULT CHARSET=utf8mb4 COLLATE=utf8mb4_unicode_ci;

--
-- Dumping data for table `customer_lead_addresses`
--

INSERT INTO `customer_lead_addresses` (`id`, `customer_lead_id`, `city_id`, `city_district_id`, `address`, `building`, `floor`, `apartment`, `weekdays`, `enabled`, `created_at`, `updated_at`) VALUES
(1, 1, 2, 141, 'Testing Address', '12', '5', '11', 'Monday,Tuesday,Wednesday,Thursday', 'true', '2023-03-20 11:09:07', '2023-03-20 11:09:07'),
(2, 2, 4, 281, 'Another Address - Updated', '10', '5', '12', 'Monday,Wednesday,Thursday', 'true', '2023-03-21 04:21:37', '2023-03-21 04:21:37'),
(3, 3, 2, 141, 'Another Address', '12', '33', '1', 'Monday,Wednesday,Thursday', 'true', '2023-03-21 04:27:58', '2023-03-21 04:27:58'),
(4, 9, 3, 207, 'Address Demo', '33', '10', '5', 'Saturday,Monday,Thursday,Friday', 'true', '2023-03-24 09:26:12', '2023-03-24 09:26:12'),
(5, 10, 3, 207, 'Address Demo', '33', '10', '5', 'Saturday,Monday,Thursday,Friday', 'true', '2023-03-24 09:26:42', '2023-03-24 09:26:42'),
(6, 11, 3, 207, 'Address Demo', '33', '10', '5', 'Saturday,Monday,Thursday,Friday', 'true', '2023-03-24 09:27:31', '2023-03-24 09:27:31'),
(7, 12, 4, 281, 'Address Demo', '12', '10', '5', 'Wednesday,Thursday,Friday', 'true', '2023-03-24 11:35:24', '2023-03-24 11:35:24'),
(8, 13, 4, 281, 'Address Demo', '22', '10', '5', 'Monday,Thursday,Friday', 'true', '2023-03-24 11:50:32', '2023-03-24 11:50:32');

-- --------------------------------------------------------

--
-- Table structure for table `customer_lead_allergies`
--

CREATE TABLE `customer_lead_allergies` (
  `id` bigint(20) UNSIGNED NOT NULL,
  `customer_lead_id` bigint(20) UNSIGNED DEFAULT NULL,
  `allergy_list_id` bigint(20) UNSIGNED DEFAULT NULL,
  `created_at` timestamp NULL DEFAULT NULL,
  `updated_at` timestamp NULL DEFAULT NULL
) ENGINE=InnoDB DEFAULT CHARSET=utf8mb4 COLLATE=utf8mb4_unicode_ci;

--
-- Dumping data for table `customer_lead_allergies`
--

INSERT INTO `customer_lead_allergies` (`id`, `customer_lead_id`, `allergy_list_id`, `created_at`, `updated_at`) VALUES
(1, 1, 4, '2023-03-20 11:09:07', '2023-03-20 11:09:07'),
(2, 3, 3, '2023-03-21 04:27:58', '2023-03-21 04:27:58'),
(3, 8, 2, '2023-03-24 09:24:13', '2023-03-24 09:24:13'),
(4, 8, 3, '2023-03-24 09:24:13', '2023-03-24 09:24:13'),
(5, 9, 2, '2023-03-24 09:26:12', '2023-03-24 09:26:12'),
(6, 9, 3, '2023-03-24 09:26:12', '2023-03-24 09:26:12'),
(7, 10, 2, '2023-03-24 09:26:42', '2023-03-24 09:26:42'),
(8, 10, 3, '2023-03-24 09:26:42', '2023-03-24 09:26:42'),
(9, 11, 2, '2023-03-24 09:27:31', '2023-03-24 09:27:31'),
(10, 11, 3, '2023-03-24 09:27:31', '2023-03-24 09:27:31'),
(11, 12, 3, '2023-03-24 11:35:24', '2023-03-24 11:35:24'),
(12, 13, 2, '2023-03-24 11:50:32', '2023-03-24 11:50:32'),
(13, 13, 5, '2023-03-24 11:50:32', '2023-03-24 11:50:32');

-- --------------------------------------------------------

--
-- Table structure for table `customer_lead_excludes`
--

CREATE TABLE `customer_lead_excludes` (
  `id` bigint(20) UNSIGNED NOT NULL,
  `customer_lead_id` bigint(20) UNSIGNED DEFAULT NULL,
  `exclude_list_id` bigint(20) UNSIGNED DEFAULT NULL,
  `created_at` timestamp NULL DEFAULT NULL,
  `updated_at` timestamp NULL DEFAULT NULL
) ENGINE=InnoDB DEFAULT CHARSET=utf8mb4 COLLATE=utf8mb4_unicode_ci;

--
-- Dumping data for table `customer_lead_excludes`
--

INSERT INTO `customer_lead_excludes` (`id`, `customer_lead_id`, `exclude_list_id`, `created_at`, `updated_at`) VALUES
(1, 1, 2, '2023-03-20 11:09:07', '2023-03-20 11:09:07'),
(2, 8, 6, '2023-03-24 09:24:13', '2023-03-24 09:24:13'),
(3, 9, 6, '2023-03-24 09:26:12', '2023-03-24 09:26:12'),
(4, 10, 6, '2023-03-24 09:26:42', '2023-03-24 09:26:42'),
(5, 11, 6, '2023-03-24 09:27:31', '2023-03-24 09:27:31'),
(6, 12, 3, '2023-03-24 11:35:24', '2023-03-24 11:35:24'),
(7, 13, 2, '2023-03-24 11:50:31', '2023-03-24 11:50:31'),
(8, 13, 5, '2023-03-24 11:50:32', '2023-03-24 11:50:32');

-- --------------------------------------------------------

--
-- Table structure for table `customer_meals`
--

CREATE TABLE `customer_meals` (
  `id` bigint(20) UNSIGNED NOT NULL,
  `customer_id` bigint(20) UNSIGNED NOT NULL,
  `meal_type_id` bigint(20) UNSIGNED NOT NULL,
  `package_id` bigint(20) UNSIGNED NOT NULL,
  `package_plan_meal_id` bigint(20) UNSIGNED DEFAULT NULL,
  `package_meal_id` bigint(20) UNSIGNED DEFAULT NULL,
  `meal_id` bigint(20) UNSIGNED DEFAULT NULL,
  `chef_id` bigint(20) UNSIGNED DEFAULT NULL,
  `date` varchar(100) COLLATE utf8mb4_unicode_ci DEFAULT NULL,
  `status` varchar(100) COLLATE utf8mb4_unicode_ci DEFAULT 'not started',
  `created_at` timestamp NULL DEFAULT NULL,
  `updated_at` timestamp NULL DEFAULT NULL
) ENGINE=InnoDB DEFAULT CHARSET=utf8mb4 COLLATE=utf8mb4_unicode_ci;

--
-- Dumping data for table `customer_meals`
--

INSERT INTO `customer_meals` (`id`, `customer_id`, `meal_type_id`, `package_id`, `package_plan_meal_id`, `package_meal_id`, `meal_id`, `chef_id`, `date`, `status`, `created_at`, `updated_at`) VALUES
(1, 1, 1, 1, NULL, NULL, NULL, NULL, '2023-03-20', 'not started', '2023-03-20 11:09:09', '2023-03-20 11:09:09'),
(2, 1, 2, 1, NULL, NULL, NULL, NULL, '2023-03-20', 'not started', '2023-03-20 11:09:10', '2023-03-20 11:09:10'),
(3, 1, 1, 1, NULL, NULL, NULL, NULL, '2023-03-21', 'not started', '2023-03-20 11:09:10', '2023-03-20 11:09:10'),
(4, 1, 2, 1, NULL, NULL, NULL, NULL, '2023-03-21', 'not started', '2023-03-20 11:09:10', '2023-03-20 11:09:10'),
(5, 1, 1, 1, NULL, NULL, NULL, NULL, '2023-03-22', 'not started', '2023-03-20 11:09:11', '2023-03-20 11:09:11'),
(6, 1, 2, 1, NULL, NULL, NULL, NULL, '2023-03-22', 'not started', '2023-03-20 11:09:11', '2023-03-20 11:09:11'),
(7, 1, 1, 1, NULL, NULL, NULL, NULL, '2023-03-23', 'not started', '2023-03-20 11:09:11', '2023-03-20 11:09:11'),
(8, 1, 2, 1, NULL, NULL, NULL, NULL, '2023-03-23', 'not started', '2023-03-20 11:09:11', '2023-03-20 11:09:11'),
(9, 1, 1, 1, NULL, NULL, NULL, NULL, '2023-03-27', 'not started', '2023-03-20 11:09:11', '2023-03-20 11:09:11'),
(10, 1, 2, 1, NULL, NULL, NULL, NULL, '2023-03-27', 'not started', '2023-03-20 11:09:12', '2023-03-20 11:09:12'),
(11, 1, 1, 1, NULL, NULL, NULL, NULL, '2023-03-28', 'not started', '2023-03-20 11:09:12', '2023-03-20 11:09:12'),
(12, 1, 2, 1, NULL, NULL, NULL, NULL, '2023-03-28', 'not started', '2023-03-20 11:09:12', '2023-03-20 11:09:12'),
(13, 1, 1, 1, NULL, NULL, NULL, NULL, '2023-03-29', 'not started', '2023-03-20 11:09:13', '2023-03-20 11:09:13'),
(14, 1, 2, 1, NULL, NULL, NULL, NULL, '2023-03-29', 'not started', '2023-03-20 11:09:13', '2023-03-20 11:09:13'),
(15, 1, 1, 1, NULL, NULL, NULL, NULL, '2023-03-30', 'not started', '2023-03-20 11:09:13', '2023-03-20 11:09:13'),
(16, 1, 2, 1, NULL, NULL, NULL, NULL, '2023-03-30', 'not started', '2023-03-20 11:09:13', '2023-03-20 11:09:13'),
(17, 1, 1, 1, NULL, NULL, NULL, NULL, '2023-04-03', 'not started', '2023-03-20 11:09:13', '2023-03-20 11:09:13'),
(18, 1, 2, 1, NULL, NULL, NULL, NULL, '2023-04-03', 'not started', '2023-03-20 11:09:13', '2023-03-20 11:09:13'),
(19, 1, 1, 1, NULL, NULL, NULL, NULL, '2023-04-04', 'not started', '2023-03-20 11:09:13', '2023-03-20 11:09:13'),
(20, 1, 2, 1, NULL, NULL, NULL, NULL, '2023-04-04', 'not started', '2023-03-20 11:09:13', '2023-03-20 11:09:13'),
(21, 1, 1, 1, NULL, NULL, NULL, NULL, '2023-04-05', 'not started', '2023-03-20 11:09:14', '2023-03-20 11:09:14'),
(22, 1, 2, 1, NULL, NULL, NULL, NULL, '2023-04-05', 'not started', '2023-03-20 11:09:14', '2023-03-20 11:09:14'),
(23, 1, 1, 1, NULL, NULL, NULL, NULL, '2023-04-06', 'not started', '2023-03-20 11:09:14', '2023-03-20 11:09:14'),
(24, 1, 2, 1, NULL, NULL, NULL, NULL, '2023-04-06', 'not started', '2023-03-20 11:09:14', '2023-03-20 11:09:14'),
(25, 1, 1, 1, NULL, NULL, NULL, NULL, '2023-04-10', 'not started', '2023-03-20 11:09:14', '2023-03-20 11:09:14'),
(26, 1, 2, 1, NULL, NULL, NULL, NULL, '2023-04-10', 'not started', '2023-03-20 11:09:14', '2023-03-20 11:09:14'),
(27, 1, 1, 1, NULL, NULL, NULL, NULL, '2023-04-11', 'not started', '2023-03-20 11:09:15', '2023-03-20 11:09:15'),
(28, 1, 2, 1, NULL, NULL, NULL, NULL, '2023-04-11', 'not started', '2023-03-20 11:09:15', '2023-03-20 11:09:15'),
(29, 1, 1, 1, NULL, NULL, NULL, NULL, '2023-04-12', 'not started', '2023-03-20 11:09:15', '2023-03-20 11:09:15'),
(30, 1, 2, 1, NULL, NULL, NULL, NULL, '2023-04-12', 'not started', '2023-03-20 11:09:15', '2023-03-20 11:09:15'),
(31, 1, 1, 1, NULL, NULL, NULL, NULL, '2023-04-13', 'not started', '2023-03-20 11:09:15', '2023-03-20 11:09:15'),
(32, 1, 2, 1, NULL, NULL, NULL, NULL, '2023-04-13', 'not started', '2023-03-20 11:09:15', '2023-03-20 11:09:15'),
(33, 1, 1, 1, NULL, NULL, NULL, NULL, '2023-04-17', 'not started', '2023-03-20 11:09:15', '2023-03-20 11:09:15'),
(34, 1, 2, 1, NULL, NULL, NULL, NULL, '2023-04-17', 'not started', '2023-03-20 11:09:15', '2023-03-20 11:09:15'),
(35, 1, 1, 1, NULL, NULL, NULL, NULL, '2023-04-18', 'not started', '2023-03-20 11:09:15', '2023-03-20 11:09:15'),
(36, 1, 2, 1, NULL, NULL, NULL, NULL, '2023-04-18', 'not started', '2023-03-20 11:09:15', '2023-03-20 11:09:15'),
(37, 1, 1, 1, NULL, NULL, NULL, NULL, '2023-04-19', 'not started', '2023-03-20 11:09:16', '2023-03-20 11:09:16'),
(38, 1, 2, 1, NULL, NULL, NULL, NULL, '2023-04-19', 'not started', '2023-03-20 11:09:16', '2023-03-20 11:09:16'),
(39, 1, 1, 1, NULL, NULL, NULL, NULL, '2023-04-20', 'not started', '2023-03-20 11:09:16', '2023-03-20 11:09:16'),
(40, 1, 2, 1, NULL, NULL, NULL, NULL, '2023-04-20', 'not started', '2023-03-20 11:09:16', '2023-03-20 11:09:16'),
(41, 1, 1, 1, NULL, NULL, NULL, NULL, '2023-04-24', 'not started', '2023-03-20 11:09:16', '2023-03-20 11:09:16'),
(42, 1, 2, 1, NULL, NULL, NULL, NULL, '2023-04-24', 'not started', '2023-03-20 11:09:16', '2023-03-20 11:09:16'),
(43, 1, 1, 1, NULL, NULL, NULL, NULL, '2023-04-25', 'not started', '2023-03-20 11:09:16', '2023-03-20 11:09:16'),
(44, 1, 2, 1, NULL, NULL, NULL, NULL, '2023-04-25', 'not started', '2023-03-20 11:09:16', '2023-03-20 11:09:16'),
(45, 1, 1, 1, NULL, NULL, NULL, NULL, '2023-04-26', 'not started', '2023-03-20 11:09:18', '2023-03-20 11:09:18'),
(46, 1, 2, 1, NULL, NULL, NULL, NULL, '2023-04-26', 'not started', '2023-03-20 11:09:18', '2023-03-20 11:09:18'),
(47, 1, 1, 1, NULL, NULL, NULL, NULL, '2023-04-27', 'not started', '2023-03-20 11:09:18', '2023-03-20 11:09:18'),
(48, 1, 2, 1, NULL, NULL, NULL, NULL, '2023-04-27', 'not started', '2023-03-20 11:09:18', '2023-03-20 11:09:18'),
(49, 1, 1, 1, NULL, NULL, NULL, NULL, '2023-05-01', 'not started', '2023-03-20 11:09:18', '2023-03-20 11:09:18'),
(50, 1, 2, 1, NULL, NULL, NULL, NULL, '2023-05-01', 'not started', '2023-03-20 11:09:19', '2023-03-20 11:09:19'),
(51, 2, 1, 1, NULL, NULL, NULL, NULL, '2023-03-22', 'not started', '2023-03-21 04:21:39', '2023-03-21 04:21:39'),
(52, 2, 2, 1, NULL, NULL, NULL, NULL, '2023-03-22', 'not started', '2023-03-21 04:21:39', '2023-03-21 04:21:39'),
(53, 2, 1, 1, NULL, NULL, NULL, NULL, '2023-03-23', 'not started', '2023-03-21 04:21:39', '2023-03-21 04:21:39'),
(54, 2, 2, 1, NULL, NULL, NULL, NULL, '2023-03-23', 'not started', '2023-03-21 04:21:39', '2023-03-21 04:21:39'),
(55, 2, 1, 1, NULL, NULL, NULL, NULL, '2023-03-27', 'not started', '2023-03-21 04:21:40', '2023-03-21 04:21:40'),
(56, 2, 2, 1, NULL, NULL, NULL, NULL, '2023-03-27', 'not started', '2023-03-21 04:21:40', '2023-03-21 04:21:40'),
(57, 2, 1, 1, NULL, NULL, NULL, NULL, '2023-03-29', 'not started', '2023-03-21 04:21:40', '2023-03-21 04:21:40'),
(58, 2, 2, 1, NULL, NULL, NULL, NULL, '2023-03-29', 'not started', '2023-03-21 04:21:40', '2023-03-21 04:21:40'),
(59, 2, 1, 1, NULL, NULL, NULL, NULL, '2023-03-30', 'not started', '2023-03-21 04:21:40', '2023-03-21 04:21:40'),
(60, 2, 2, 1, NULL, NULL, NULL, NULL, '2023-03-30', 'not started', '2023-03-21 04:21:41', '2023-03-21 04:21:41'),
(61, 2, 1, 1, NULL, NULL, NULL, NULL, '2023-04-03', 'not started', '2023-03-21 04:21:41', '2023-03-21 04:21:41'),
(62, 2, 2, 1, NULL, NULL, NULL, NULL, '2023-04-03', 'not started', '2023-03-21 04:21:41', '2023-03-21 04:21:41'),
(63, 2, 1, 1, NULL, NULL, NULL, NULL, '2023-04-05', 'not started', '2023-03-21 04:21:41', '2023-03-21 04:21:41'),
(64, 2, 2, 1, NULL, NULL, NULL, NULL, '2023-04-05', 'not started', '2023-03-21 04:21:41', '2023-03-21 04:21:41'),
(65, 2, 1, 1, NULL, NULL, NULL, NULL, '2023-04-06', 'not started', '2023-03-21 04:21:41', '2023-03-21 04:21:41'),
(66, 2, 2, 1, NULL, NULL, NULL, NULL, '2023-04-06', 'not started', '2023-03-21 04:21:41', '2023-03-21 04:21:41'),
(67, 2, 1, 1, NULL, NULL, NULL, NULL, '2023-04-10', 'not started', '2023-03-21 04:21:42', '2023-03-21 04:21:42'),
(68, 2, 2, 1, NULL, NULL, NULL, NULL, '2023-04-10', 'not started', '2023-03-21 04:21:42', '2023-03-21 04:21:42'),
(69, 2, 1, 1, NULL, NULL, NULL, NULL, '2023-04-12', 'not started', '2023-03-21 04:21:42', '2023-03-21 04:21:42'),
(70, 2, 2, 1, NULL, NULL, NULL, NULL, '2023-04-12', 'not started', '2023-03-21 04:21:42', '2023-03-21 04:21:42'),
(71, 2, 1, 1, NULL, NULL, NULL, NULL, '2023-04-13', 'not started', '2023-03-21 04:21:42', '2023-03-21 04:21:42'),
(72, 2, 2, 1, NULL, NULL, NULL, NULL, '2023-04-13', 'not started', '2023-03-21 04:21:42', '2023-03-21 04:21:42'),
(73, 2, 1, 1, NULL, NULL, NULL, NULL, '2023-04-17', 'not started', '2023-03-21 04:21:43', '2023-03-21 04:21:43'),
(74, 2, 2, 1, NULL, NULL, NULL, NULL, '2023-04-17', 'not started', '2023-03-21 04:21:43', '2023-03-21 04:21:43'),
(75, 2, 1, 1, NULL, NULL, NULL, NULL, '2023-04-19', 'not started', '2023-03-21 04:21:43', '2023-03-21 04:21:43'),
(76, 2, 2, 1, NULL, NULL, NULL, NULL, '2023-04-19', 'not started', '2023-03-21 04:21:43', '2023-03-21 04:21:43'),
(77, 2, 1, 1, NULL, NULL, NULL, NULL, '2023-04-20', 'not started', '2023-03-21 04:21:43', '2023-03-21 04:21:43'),
(78, 2, 2, 1, NULL, NULL, NULL, NULL, '2023-04-20', 'not started', '2023-03-21 04:21:43', '2023-03-21 04:21:43'),
(79, 2, 1, 1, NULL, NULL, NULL, NULL, '2023-04-24', 'not started', '2023-03-21 04:21:43', '2023-03-21 04:21:43'),
(80, 2, 2, 1, NULL, NULL, NULL, NULL, '2023-04-24', 'not started', '2023-03-21 04:21:43', '2023-03-21 04:21:43'),
(81, 3, 1, 1, NULL, NULL, NULL, NULL, '2023-03-22', 'not started', '2023-03-21 04:28:00', '2023-03-21 04:28:00'),
(82, 3, 2, 1, NULL, NULL, NULL, NULL, '2023-03-22', 'not started', '2023-03-21 04:28:00', '2023-03-21 04:28:00'),
(83, 3, 1, 1, NULL, NULL, NULL, NULL, '2023-03-23', 'not started', '2023-03-21 04:28:01', '2023-03-21 04:28:01'),
(84, 3, 2, 1, NULL, NULL, NULL, NULL, '2023-03-23', 'not started', '2023-03-21 04:28:01', '2023-03-21 04:28:01'),
(85, 3, 1, 1, NULL, NULL, NULL, NULL, '2023-03-27', 'not started', '2023-03-21 04:28:01', '2023-03-21 04:28:01'),
(86, 3, 2, 1, NULL, NULL, NULL, NULL, '2023-03-27', 'not started', '2023-03-21 04:28:01', '2023-03-21 04:28:01'),
(87, 3, 1, 1, NULL, NULL, NULL, NULL, '2023-03-29', 'not started', '2023-03-21 04:28:02', '2023-03-21 04:28:02'),
(88, 3, 2, 1, NULL, NULL, NULL, NULL, '2023-03-29', 'not started', '2023-03-21 04:28:02', '2023-03-21 04:28:02'),
(89, 3, 1, 1, NULL, NULL, NULL, NULL, '2023-03-30', 'not started', '2023-03-21 04:28:02', '2023-03-21 04:28:02'),
(90, 3, 2, 1, NULL, NULL, NULL, NULL, '2023-03-30', 'not started', '2023-03-21 04:28:02', '2023-03-21 04:28:02'),
(91, 3, 1, 1, NULL, NULL, NULL, NULL, '2023-04-03', 'not started', '2023-03-21 04:28:03', '2023-03-21 04:28:03'),
(92, 3, 2, 1, NULL, NULL, NULL, NULL, '2023-04-03', 'not started', '2023-03-21 04:28:03', '2023-03-21 04:28:03'),
(93, 3, 1, 1, NULL, NULL, NULL, NULL, '2023-04-05', 'not started', '2023-03-21 04:28:04', '2023-03-21 04:28:04'),
(94, 3, 2, 1, NULL, NULL, NULL, NULL, '2023-04-05', 'not started', '2023-03-21 04:28:04', '2023-03-21 04:28:04'),
(95, 3, 1, 1, NULL, NULL, NULL, NULL, '2023-04-06', 'not started', '2023-03-21 04:28:04', '2023-03-21 04:28:04'),
(96, 3, 2, 1, NULL, NULL, NULL, NULL, '2023-04-06', 'not started', '2023-03-21 04:28:04', '2023-03-21 04:28:04'),
(97, 3, 1, 1, NULL, NULL, NULL, NULL, '2023-04-10', 'not started', '2023-03-21 04:28:04', '2023-03-21 04:28:04'),
(98, 3, 2, 1, NULL, NULL, NULL, NULL, '2023-04-10', 'not started', '2023-03-21 04:28:04', '2023-03-21 04:28:04'),
(99, 3, 1, 1, NULL, NULL, NULL, NULL, '2023-04-12', 'not started', '2023-03-21 04:28:05', '2023-03-21 04:28:05'),
(100, 3, 2, 1, NULL, NULL, NULL, NULL, '2023-04-12', 'not started', '2023-03-21 04:28:05', '2023-03-21 04:28:05'),
(101, 3, 1, 1, NULL, NULL, NULL, NULL, '2023-04-13', 'not started', '2023-03-21 04:28:05', '2023-03-21 04:28:05'),
(102, 3, 2, 1, NULL, NULL, NULL, NULL, '2023-04-13', 'not started', '2023-03-21 04:28:05', '2023-03-21 04:28:05'),
(103, 3, 1, 1, NULL, NULL, NULL, NULL, '2023-04-17', 'not started', '2023-03-21 04:28:05', '2023-03-21 04:28:05'),
(104, 3, 2, 1, NULL, NULL, NULL, NULL, '2023-04-17', 'not started', '2023-03-21 04:28:05', '2023-03-21 04:28:05'),
(105, 3, 1, 1, NULL, NULL, NULL, NULL, '2023-04-19', 'not started', '2023-03-21 04:28:05', '2023-03-21 04:28:05'),
(106, 3, 2, 1, NULL, NULL, NULL, NULL, '2023-04-19', 'not started', '2023-03-21 04:28:05', '2023-03-21 04:28:05'),
(107, 3, 1, 1, NULL, NULL, NULL, NULL, '2023-04-20', 'not started', '2023-03-21 04:28:06', '2023-03-21 04:28:06'),
(108, 3, 2, 1, NULL, NULL, NULL, NULL, '2023-04-20', 'not started', '2023-03-21 04:28:06', '2023-03-21 04:28:06'),
(109, 3, 1, 1, NULL, NULL, NULL, NULL, '2023-04-24', 'not started', '2023-03-21 04:28:06', '2023-03-21 04:28:06'),
(110, 3, 2, 1, NULL, NULL, NULL, NULL, '2023-04-24', 'not started', '2023-03-21 04:28:06', '2023-03-21 04:28:06'),
(111, 3, 1, 1, NULL, NULL, NULL, NULL, '2023-04-26', 'not started', '2023-03-21 04:28:06', '2023-03-21 04:28:06'),
(112, 3, 2, 1, NULL, NULL, NULL, NULL, '2023-04-26', 'not started', '2023-03-21 04:28:06', '2023-03-21 04:28:06'),
(113, 3, 1, 1, NULL, NULL, NULL, NULL, '2023-04-27', 'not started', '2023-03-21 04:28:06', '2023-03-21 04:28:06'),
(114, 3, 2, 1, NULL, NULL, NULL, NULL, '2023-04-27', 'not started', '2023-03-21 04:28:06', '2023-03-21 04:28:06'),
(115, 3, 1, 1, NULL, NULL, NULL, NULL, '2023-05-01', 'not started', '2023-03-21 04:28:08', '2023-03-21 04:28:08'),
(116, 3, 2, 1, NULL, NULL, NULL, NULL, '2023-05-01', 'not started', '2023-03-21 04:28:08', '2023-03-21 04:28:08'),
(117, 3, 1, 1, NULL, NULL, NULL, NULL, '2023-05-03', 'not started', '2023-03-21 04:28:08', '2023-03-21 04:28:08'),
(118, 3, 2, 1, NULL, NULL, NULL, NULL, '2023-05-03', 'not started', '2023-03-21 04:28:08', '2023-03-21 04:28:08'),
(119, 3, 1, 1, NULL, NULL, NULL, NULL, '2023-05-04', 'not started', '2023-03-21 04:28:08', '2023-03-21 04:28:08'),
(120, 3, 2, 1, NULL, NULL, NULL, NULL, '2023-05-04', 'not started', '2023-03-21 04:28:09', '2023-03-21 04:28:09'),
(121, 3, 1, 1, NULL, NULL, NULL, NULL, '2023-05-08', 'not started', '2023-03-21 04:28:09', '2023-03-21 04:28:09'),
(122, 3, 2, 1, NULL, NULL, NULL, NULL, '2023-05-08', 'not started', '2023-03-21 04:28:09', '2023-03-21 04:28:09'),
(123, 3, 1, 1, NULL, NULL, NULL, NULL, '2023-05-10', 'not started', '2023-03-21 04:28:09', '2023-03-21 04:28:09'),
(124, 3, 2, 1, NULL, NULL, NULL, NULL, '2023-05-10', 'not started', '2023-03-21 04:28:09', '2023-03-21 04:28:09'),
(125, 3, 1, 1, NULL, NULL, NULL, NULL, '2023-05-11', 'not started', '2023-03-21 04:28:09', '2023-03-21 04:28:09'),
(126, 3, 2, 1, NULL, NULL, NULL, NULL, '2023-05-11', 'not started', '2023-03-21 04:28:09', '2023-03-21 04:28:09'),
(127, 3, 1, 1, NULL, NULL, NULL, NULL, '2023-05-15', 'not started', '2023-03-21 04:28:10', '2023-03-21 04:28:10'),
(128, 3, 2, 1, NULL, NULL, NULL, NULL, '2023-05-15', 'not started', '2023-03-21 04:28:10', '2023-03-21 04:28:10'),
(129, 3, 1, 1, NULL, NULL, NULL, NULL, '2023-05-17', 'not started', '2023-03-21 04:28:10', '2023-03-21 04:28:10'),
(130, 3, 2, 1, NULL, NULL, NULL, NULL, '2023-05-17', 'not started', '2023-03-21 04:28:10', '2023-03-21 04:28:10'),
(131, 4, 1, 1, NULL, NULL, NULL, NULL, NULL, 'not started', '2023-03-24 09:26:45', '2023-03-24 09:26:45'),
(132, 4, 2, 1, NULL, NULL, NULL, NULL, NULL, 'not started', '2023-03-24 09:26:45', '2023-03-24 09:26:45'),
(133, 4, 1, 1, NULL, NULL, NULL, NULL, '2023-03-25', 'not started', '2023-03-24 09:26:45', '2023-03-24 09:26:45'),
(134, 4, 2, 1, NULL, NULL, NULL, NULL, '2023-03-25', 'not started', '2023-03-24 09:26:45', '2023-03-24 09:26:45'),
(135, 4, 1, 1, NULL, NULL, NULL, NULL, '2023-03-27', 'not started', '2023-03-24 09:26:45', '2023-03-24 09:26:45'),
(136, 4, 2, 1, NULL, NULL, NULL, NULL, '2023-03-27', 'not started', '2023-03-24 09:26:46', '2023-03-24 09:26:46'),
(137, 4, 1, 1, NULL, NULL, NULL, NULL, '2023-03-30', 'not started', '2023-03-24 09:26:46', '2023-03-24 09:26:46'),
(138, 4, 2, 1, NULL, NULL, NULL, NULL, '2023-03-30', 'not started', '2023-03-24 09:26:46', '2023-03-24 09:26:46'),
(139, 4, 1, 1, NULL, NULL, NULL, NULL, '2023-03-31', 'not started', '2023-03-24 09:26:46', '2023-03-24 09:26:46'),
(140, 4, 2, 1, NULL, NULL, NULL, NULL, '2023-03-31', 'not started', '2023-03-24 09:26:46', '2023-03-24 09:26:46'),
(141, 4, 1, 1, NULL, NULL, NULL, NULL, '2023-04-01', 'not started', '2023-03-24 09:26:47', '2023-03-24 09:26:47'),
(142, 4, 2, 1, NULL, NULL, NULL, NULL, '2023-04-01', 'not started', '2023-03-24 09:26:47', '2023-03-24 09:26:47'),
(143, 4, 1, 1, NULL, NULL, NULL, NULL, '2023-04-03', 'not started', '2023-03-24 09:26:47', '2023-03-24 09:26:47'),
(144, 4, 2, 1, NULL, NULL, NULL, NULL, '2023-04-03', 'not started', '2023-03-24 09:26:47', '2023-03-24 09:26:47'),
(145, 4, 1, 1, NULL, NULL, NULL, NULL, '2023-04-06', 'not started', '2023-03-24 09:26:47', '2023-03-24 09:26:47'),
(146, 4, 2, 1, NULL, NULL, NULL, NULL, '2023-04-06', 'not started', '2023-03-24 09:26:47', '2023-03-24 09:26:47'),
(147, 4, 1, 1, NULL, NULL, NULL, NULL, '2023-04-07', 'not started', '2023-03-24 09:26:48', '2023-03-24 09:26:48'),
(148, 4, 2, 1, NULL, NULL, NULL, NULL, '2023-04-07', 'not started', '2023-03-24 09:26:48', '2023-03-24 09:26:48'),
(149, 4, 1, 1, NULL, NULL, NULL, NULL, '2023-04-08', 'not started', '2023-03-24 09:26:48', '2023-03-24 09:26:48'),
(150, 4, 2, 1, NULL, NULL, NULL, NULL, '2023-04-08', 'not started', '2023-03-24 09:26:48', '2023-03-24 09:26:48'),
(151, 4, 1, 1, NULL, NULL, NULL, NULL, '2023-04-10', 'not started', '2023-03-24 09:26:48', '2023-03-24 09:26:48'),
(152, 4, 2, 1, NULL, NULL, NULL, NULL, '2023-04-10', 'not started', '2023-03-24 09:26:48', '2023-03-24 09:26:48'),
(153, 4, 1, 1, NULL, NULL, NULL, NULL, '2023-04-13', 'not started', '2023-03-24 09:26:49', '2023-03-24 09:26:49'),
(154, 4, 2, 1, NULL, NULL, NULL, NULL, '2023-04-13', 'not started', '2023-03-24 09:26:49', '2023-03-24 09:26:49'),
(155, 4, 1, 1, NULL, NULL, NULL, NULL, '2023-04-14', 'not started', '2023-03-24 09:26:49', '2023-03-24 09:26:49'),
(156, 4, 2, 1, NULL, NULL, NULL, NULL, '2023-04-14', 'not started', '2023-03-24 09:26:49', '2023-03-24 09:26:49'),
(157, 4, 1, 1, NULL, NULL, NULL, NULL, '2023-04-15', 'not started', '2023-03-24 09:26:49', '2023-03-24 09:26:49'),
(158, 4, 2, 1, NULL, NULL, NULL, NULL, '2023-04-15', 'not started', '2023-03-24 09:26:49', '2023-03-24 09:26:49'),
(159, 4, 1, 1, NULL, NULL, NULL, NULL, '2023-04-17', 'not started', '2023-03-24 09:26:51', '2023-03-24 09:26:51'),
(160, 4, 2, 1, NULL, NULL, NULL, NULL, '2023-04-17', 'not started', '2023-03-24 09:26:51', '2023-03-24 09:26:51'),
(161, 5, 1, 1, NULL, NULL, NULL, NULL, NULL, 'not started', '2023-03-24 09:27:34', '2023-03-24 09:27:34'),
(162, 5, 2, 1, NULL, NULL, NULL, NULL, NULL, 'not started', '2023-03-24 09:27:34', '2023-03-24 09:27:34'),
(163, 5, 1, 1, NULL, NULL, NULL, NULL, '2023-03-25', 'not started', '2023-03-24 09:27:35', '2023-03-24 09:27:35'),
(164, 5, 2, 1, NULL, NULL, NULL, NULL, '2023-03-25', 'not started', '2023-03-24 09:27:35', '2023-03-24 09:27:35'),
(165, 5, 1, 1, NULL, NULL, NULL, NULL, '2023-03-27', 'not started', '2023-03-24 09:27:35', '2023-03-24 09:27:35'),
(166, 5, 2, 1, NULL, NULL, NULL, NULL, '2023-03-27', 'not started', '2023-03-24 09:27:35', '2023-03-24 09:27:35'),
(167, 5, 1, 1, NULL, NULL, NULL, NULL, '2023-03-30', 'not started', '2023-03-24 09:27:35', '2023-03-24 09:27:35'),
(168, 5, 2, 1, NULL, NULL, NULL, NULL, '2023-03-30', 'not started', '2023-03-24 09:27:36', '2023-03-24 09:27:36'),
(169, 5, 1, 1, NULL, NULL, NULL, NULL, '2023-03-31', 'not started', '2023-03-24 09:27:36', '2023-03-24 09:27:36'),
(170, 5, 2, 1, NULL, NULL, NULL, NULL, '2023-03-31', 'not started', '2023-03-24 09:27:36', '2023-03-24 09:27:36'),
(171, 5, 1, 1, NULL, NULL, NULL, NULL, '2023-04-01', 'not started', '2023-03-24 09:27:36', '2023-03-24 09:27:36'),
(172, 5, 2, 1, NULL, NULL, NULL, NULL, '2023-04-01', 'not started', '2023-03-24 09:27:36', '2023-03-24 09:27:36'),
(173, 5, 1, 1, NULL, NULL, NULL, NULL, '2023-04-03', 'not started', '2023-03-24 09:27:37', '2023-03-24 09:27:37'),
(174, 5, 2, 1, NULL, NULL, NULL, NULL, '2023-04-03', 'not started', '2023-03-24 09:27:37', '2023-03-24 09:27:37'),
(175, 5, 1, 1, NULL, NULL, NULL, NULL, '2023-04-06', 'not started', '2023-03-24 09:27:37', '2023-03-24 09:27:37'),
(176, 5, 2, 1, NULL, NULL, NULL, NULL, '2023-04-06', 'not started', '2023-03-24 09:27:37', '2023-03-24 09:27:37'),
(177, 5, 1, 1, NULL, NULL, NULL, NULL, '2023-04-07', 'not started', '2023-03-24 09:27:37', '2023-03-24 09:27:37'),
(178, 5, 2, 1, NULL, NULL, NULL, NULL, '2023-04-07', 'not started', '2023-03-24 09:27:37', '2023-03-24 09:27:37'),
(179, 5, 1, 1, NULL, NULL, NULL, NULL, '2023-04-08', 'not started', '2023-03-24 09:27:38', '2023-03-24 09:27:38'),
(180, 5, 2, 1, NULL, NULL, NULL, NULL, '2023-04-08', 'not started', '2023-03-24 09:27:38', '2023-03-24 09:27:38'),
(181, 5, 1, 1, NULL, NULL, NULL, NULL, '2023-04-10', 'not started', '2023-03-24 09:27:38', '2023-03-24 09:27:38'),
(182, 5, 2, 1, NULL, NULL, NULL, NULL, '2023-04-10', 'not started', '2023-03-24 09:27:38', '2023-03-24 09:27:38'),
(183, 5, 1, 1, NULL, NULL, NULL, NULL, '2023-04-13', 'not started', '2023-03-24 09:27:38', '2023-03-24 09:27:38'),
(184, 5, 2, 1, NULL, NULL, NULL, NULL, '2023-04-13', 'not started', '2023-03-24 09:27:38', '2023-03-24 09:27:38'),
(185, 5, 1, 1, NULL, NULL, NULL, NULL, '2023-04-14', 'not started', '2023-03-24 09:27:40', '2023-03-24 09:27:40'),
(186, 5, 2, 1, NULL, NULL, NULL, NULL, '2023-04-14', 'not started', '2023-03-24 09:27:40', '2023-03-24 09:27:40'),
(187, 5, 1, 1, NULL, NULL, NULL, NULL, '2023-04-15', 'not started', '2023-03-24 09:27:40', '2023-03-24 09:27:40'),
(188, 5, 2, 1, NULL, NULL, NULL, NULL, '2023-04-15', 'not started', '2023-03-24 09:27:41', '2023-03-24 09:27:41'),
(189, 5, 1, 1, NULL, NULL, NULL, NULL, '2023-04-17', 'not started', '2023-03-24 09:27:41', '2023-03-24 09:27:41'),
(190, 5, 2, 1, NULL, NULL, NULL, NULL, '2023-04-17', 'not started', '2023-03-24 09:27:41', '2023-03-24 09:27:41'),
(191, 6, 2, 1, NULL, NULL, NULL, NULL, NULL, 'not started', '2023-03-24 11:35:28', '2023-03-24 11:35:28'),
(192, 6, 3, 1, NULL, NULL, NULL, NULL, NULL, 'not started', '2023-03-24 11:35:29', '2023-03-24 11:35:29'),
(193, 6, 2, 1, NULL, NULL, NULL, NULL, '2023-03-29', 'not started', '2023-03-24 11:35:29', '2023-03-24 11:35:29'),
(194, 6, 3, 1, NULL, NULL, NULL, NULL, '2023-03-29', 'not started', '2023-03-24 11:35:29', '2023-03-24 11:35:29'),
(195, 6, 2, 1, NULL, NULL, NULL, NULL, '2023-03-30', 'not started', '2023-03-24 11:35:30', '2023-03-24 11:35:30'),
(196, 6, 3, 1, NULL, NULL, NULL, NULL, '2023-03-30', 'not started', '2023-03-24 11:35:30', '2023-03-24 11:35:30'),
(197, 6, 2, 1, NULL, NULL, NULL, NULL, '2023-03-31', 'not started', '2023-03-24 11:35:30', '2023-03-24 11:35:30'),
(198, 6, 3, 1, NULL, NULL, NULL, NULL, '2023-03-31', 'not started', '2023-03-24 11:35:30', '2023-03-24 11:35:30'),
(199, 6, 2, 1, NULL, NULL, NULL, NULL, '2023-04-05', 'not started', '2023-03-24 11:35:31', '2023-03-24 11:35:31'),
(200, 6, 3, 1, NULL, NULL, NULL, NULL, '2023-04-05', 'not started', '2023-03-24 11:35:31', '2023-03-24 11:35:31'),
(201, 6, 2, 1, NULL, NULL, NULL, NULL, '2023-04-06', 'not started', '2023-03-24 11:35:31', '2023-03-24 11:35:31'),
(202, 6, 3, 1, NULL, NULL, NULL, NULL, '2023-04-06', 'not started', '2023-03-24 11:35:31', '2023-03-24 11:35:31'),
(203, 6, 2, 1, NULL, NULL, NULL, NULL, '2023-04-07', 'not started', '2023-03-24 11:35:32', '2023-03-24 11:35:32'),
(204, 6, 3, 1, NULL, NULL, NULL, NULL, '2023-04-07', 'not started', '2023-03-24 11:35:32', '2023-03-24 11:35:32'),
(205, 6, 2, 1, NULL, NULL, NULL, NULL, '2023-04-12', 'not started', '2023-03-24 11:35:33', '2023-03-24 11:35:33'),
(206, 6, 3, 1, NULL, NULL, NULL, NULL, '2023-04-12', 'not started', '2023-03-24 11:35:33', '2023-03-24 11:35:33'),
(207, 6, 2, 1, NULL, NULL, NULL, NULL, '2023-04-13', 'not started', '2023-03-24 11:35:33', '2023-03-24 11:35:33'),
(208, 6, 3, 1, NULL, NULL, NULL, NULL, '2023-04-13', 'not started', '2023-03-24 11:35:33', '2023-03-24 11:35:33'),
(209, 6, 2, 1, NULL, NULL, NULL, NULL, '2023-04-14', 'not started', '2023-03-24 11:35:34', '2023-03-24 11:35:34'),
(210, 6, 3, 1, NULL, NULL, NULL, NULL, '2023-04-14', 'not started', '2023-03-24 11:35:34', '2023-03-24 11:35:34'),
(211, 6, 2, 1, NULL, NULL, NULL, NULL, '2023-04-19', 'not started', '2023-03-24 11:35:34', '2023-03-24 11:35:34'),
(212, 6, 3, 1, NULL, NULL, NULL, NULL, '2023-04-19', 'not started', '2023-03-24 11:35:34', '2023-03-24 11:35:34'),
(213, 6, 2, 1, NULL, NULL, NULL, NULL, '2023-04-20', 'not started', '2023-03-24 11:35:34', '2023-03-24 11:35:34'),
(214, 6, 3, 1, NULL, NULL, NULL, NULL, '2023-04-20', 'not started', '2023-03-24 11:35:34', '2023-03-24 11:35:34'),
(215, 6, 2, 1, NULL, NULL, NULL, NULL, '2023-04-21', 'not started', '2023-03-24 11:35:35', '2023-03-24 11:35:35'),
(216, 6, 3, 1, NULL, NULL, NULL, NULL, '2023-04-21', 'not started', '2023-03-24 11:35:35', '2023-03-24 11:35:35'),
(217, 6, 2, 1, NULL, NULL, NULL, NULL, '2023-04-26', 'not started', '2023-03-24 11:35:36', '2023-03-24 11:35:36'),
(218, 6, 3, 1, NULL, NULL, NULL, NULL, '2023-04-26', 'not started', '2023-03-24 11:35:36', '2023-03-24 11:35:36'),
(219, 6, 2, 1, NULL, NULL, NULL, NULL, '2023-04-27', 'not started', '2023-03-24 11:35:36', '2023-03-24 11:35:36'),
(220, 6, 3, 1, NULL, NULL, NULL, NULL, '2023-04-27', 'not started', '2023-03-24 11:35:36', '2023-03-24 11:35:36'),
(221, 6, 2, 1, NULL, NULL, NULL, NULL, '2023-04-28', 'not started', '2023-03-24 11:35:36', '2023-03-24 11:35:36'),
(222, 6, 3, 1, NULL, NULL, NULL, NULL, '2023-04-28', 'not started', '2023-03-24 11:35:36', '2023-03-24 11:35:36'),
(223, 6, 2, 1, NULL, NULL, NULL, NULL, '2023-05-03', 'not started', '2023-03-24 11:35:38', '2023-03-24 11:35:38'),
(224, 6, 3, 1, NULL, NULL, NULL, NULL, '2023-05-03', 'not started', '2023-03-24 11:35:38', '2023-03-24 11:35:38'),
(225, 6, 2, 1, NULL, NULL, NULL, NULL, '2023-05-04', 'not started', '2023-03-24 11:35:38', '2023-03-24 11:35:38'),
(226, 6, 3, 1, NULL, NULL, NULL, NULL, '2023-05-04', 'not started', '2023-03-24 11:35:38', '2023-03-24 11:35:38'),
(227, 6, 2, 1, NULL, NULL, NULL, NULL, '2023-05-05', 'not started', '2023-03-24 11:35:39', '2023-03-24 11:35:39'),
(228, 6, 3, 1, NULL, NULL, NULL, NULL, '2023-05-05', 'not started', '2023-03-24 11:35:39', '2023-03-24 11:35:39'),
(229, 6, 2, 1, NULL, NULL, NULL, NULL, '2023-05-10', 'not started', '2023-03-24 11:35:39', '2023-03-24 11:35:39'),
(230, 6, 3, 1, NULL, NULL, NULL, NULL, '2023-05-10', 'not started', '2023-03-24 11:35:39', '2023-03-24 11:35:39'),
(231, 6, 2, 1, NULL, NULL, NULL, NULL, '2023-05-11', 'not started', '2023-03-24 11:35:39', '2023-03-24 11:35:39'),
(232, 6, 3, 1, NULL, NULL, NULL, NULL, '2023-05-11', 'not started', '2023-03-24 11:35:39', '2023-03-24 11:35:39'),
(233, 6, 2, 1, NULL, NULL, NULL, NULL, '2023-05-12', 'not started', '2023-03-24 11:35:40', '2023-03-24 11:35:40'),
(234, 6, 3, 1, NULL, NULL, NULL, NULL, '2023-05-12', 'not started', '2023-03-24 11:35:40', '2023-03-24 11:35:40'),
(235, 6, 2, 1, NULL, NULL, NULL, NULL, '2023-05-17', 'not started', '2023-03-24 11:35:41', '2023-03-24 11:35:41'),
(236, 6, 3, 1, NULL, NULL, NULL, NULL, '2023-05-17', 'not started', '2023-03-24 11:35:41', '2023-03-24 11:35:41'),
(237, 6, 2, 1, NULL, NULL, NULL, NULL, '2023-05-18', 'not started', '2023-03-24 11:35:41', '2023-03-24 11:35:41'),
(238, 6, 3, 1, NULL, NULL, NULL, NULL, '2023-05-18', 'not started', '2023-03-24 11:35:41', '2023-03-24 11:35:41'),
(239, 6, 2, 1, NULL, NULL, NULL, NULL, '2023-05-19', 'not started', '2023-03-24 11:35:41', '2023-03-24 11:35:41'),
(240, 6, 3, 1, NULL, NULL, NULL, NULL, '2023-05-19', 'not started', '2023-03-24 11:35:41', '2023-03-24 11:35:41'),
(241, 6, 2, 1, NULL, NULL, NULL, NULL, '2023-05-24', 'not started', '2023-03-24 11:35:42', '2023-03-24 11:35:42'),
(242, 6, 3, 1, NULL, NULL, NULL, NULL, '2023-05-24', 'not started', '2023-03-24 11:35:42', '2023-03-24 11:35:42'),
(243, 6, 2, 1, NULL, NULL, NULL, NULL, '2023-05-25', 'not started', '2023-03-24 11:35:42', '2023-03-24 11:35:42'),
(244, 6, 3, 1, NULL, NULL, NULL, NULL, '2023-05-25', 'not started', '2023-03-24 11:35:42', '2023-03-24 11:35:42'),
(245, 6, 2, 1, NULL, NULL, NULL, NULL, '2023-05-26', 'not started', '2023-03-24 11:35:43', '2023-03-24 11:35:43'),
(246, 6, 3, 1, NULL, NULL, NULL, NULL, '2023-05-26', 'not started', '2023-03-24 11:35:43', '2023-03-24 11:35:43'),
(247, 6, 2, 1, NULL, NULL, NULL, NULL, '2023-05-31', 'not started', '2023-03-24 11:35:43', '2023-03-24 11:35:43'),
(248, 6, 3, 1, NULL, NULL, NULL, NULL, '2023-05-31', 'not started', '2023-03-24 11:35:43', '2023-03-24 11:35:43'),
(249, 6, 2, 1, NULL, NULL, NULL, NULL, '2023-06-01', 'not started', '2023-03-24 11:35:43', '2023-03-24 11:35:43'),
(250, 6, 3, 1, NULL, NULL, NULL, NULL, '2023-06-01', 'not started', '2023-03-24 11:35:43', '2023-03-24 11:35:43'),
(251, 7, 1, 2, NULL, NULL, NULL, NULL, '2023-03-24', 'not started', '2023-03-24 11:50:35', '2023-03-24 11:50:35'),
(252, 7, 2, 2, NULL, NULL, NULL, NULL, '2023-03-24', 'not started', '2023-03-24 11:50:35', '2023-03-24 11:50:35'),
(253, 7, 3, 2, NULL, NULL, NULL, NULL, '2023-03-24', 'not started', '2023-03-24 11:50:35', '2023-03-24 11:50:35'),
(254, 7, 1, 2, NULL, NULL, NULL, NULL, '2023-03-27', 'not started', '2023-03-24 11:50:36', '2023-03-24 11:50:36'),
(255, 7, 2, 2, NULL, NULL, NULL, NULL, '2023-03-27', 'not started', '2023-03-24 11:50:36', '2023-03-24 11:50:36'),
(256, 7, 3, 2, NULL, NULL, NULL, NULL, '2023-03-27', 'not started', '2023-03-24 11:50:36', '2023-03-24 11:50:36'),
(257, 7, 1, 2, NULL, NULL, NULL, NULL, '2023-03-30', 'not started', '2023-03-24 11:50:36', '2023-03-24 11:50:36'),
(258, 7, 2, 2, NULL, NULL, NULL, NULL, '2023-03-30', 'not started', '2023-03-24 11:50:36', '2023-03-24 11:50:36'),
(259, 7, 3, 2, NULL, NULL, NULL, NULL, '2023-03-30', 'not started', '2023-03-24 11:50:36', '2023-03-24 11:50:36'),
(260, 7, 1, 2, NULL, NULL, NULL, NULL, '2023-03-31', 'not started', '2023-03-24 11:50:36', '2023-03-24 11:50:36'),
(261, 7, 2, 2, NULL, NULL, NULL, NULL, '2023-03-31', 'not started', '2023-03-24 11:50:37', '2023-03-24 11:50:37'),
(262, 7, 3, 2, NULL, NULL, NULL, NULL, '2023-03-31', 'not started', '2023-03-24 11:50:37', '2023-03-24 11:50:37'),
(263, 7, 1, 2, NULL, NULL, NULL, NULL, '2023-04-03', 'not started', '2023-03-24 11:50:37', '2023-03-24 11:50:37'),
(264, 7, 2, 2, NULL, NULL, NULL, NULL, '2023-04-03', 'not started', '2023-03-24 11:50:37', '2023-03-24 11:50:37'),
(265, 7, 3, 2, NULL, NULL, NULL, NULL, '2023-04-03', 'not started', '2023-03-24 11:50:37', '2023-03-24 11:50:37'),
(266, 7, 1, 2, NULL, NULL, NULL, NULL, '2023-04-06', 'not started', '2023-03-24 11:50:37', '2023-03-24 11:50:37'),
(267, 7, 2, 2, NULL, NULL, NULL, NULL, '2023-04-06', 'not started', '2023-03-24 11:50:38', '2023-03-24 11:50:38'),
(268, 7, 3, 2, NULL, NULL, NULL, NULL, '2023-04-06', 'not started', '2023-03-24 11:50:38', '2023-03-24 11:50:38'),
(269, 7, 1, 2, NULL, NULL, NULL, NULL, '2023-04-07', 'not started', '2023-03-24 11:50:38', '2023-03-24 11:50:38'),
(270, 7, 2, 2, NULL, NULL, NULL, NULL, '2023-04-07', 'not started', '2023-03-24 11:50:38', '2023-03-24 11:50:38'),
(271, 7, 3, 2, NULL, NULL, NULL, NULL, '2023-04-07', 'not started', '2023-03-24 11:50:38', '2023-03-24 11:50:38'),
(272, 7, 1, 2, NULL, NULL, NULL, NULL, '2023-04-10', 'not started', '2023-03-24 11:50:38', '2023-03-24 11:50:38'),
(273, 7, 2, 2, NULL, NULL, NULL, NULL, '2023-04-10', 'not started', '2023-03-24 11:50:38', '2023-03-24 11:50:38'),
(274, 7, 3, 2, NULL, NULL, NULL, NULL, '2023-04-10', 'not started', '2023-03-24 11:50:38', '2023-03-24 11:50:38'),
(275, 7, 1, 2, NULL, NULL, NULL, NULL, '2023-04-13', 'not started', '2023-03-24 11:50:39', '2023-03-24 11:50:39'),
(276, 7, 2, 2, NULL, NULL, NULL, NULL, '2023-04-13', 'not started', '2023-03-24 11:50:39', '2023-03-24 11:50:39'),
(277, 7, 3, 2, NULL, NULL, NULL, NULL, '2023-04-13', 'not started', '2023-03-24 11:50:39', '2023-03-24 11:50:39'),
(278, 7, 1, 2, NULL, NULL, NULL, NULL, '2023-04-14', 'not started', '2023-03-24 11:50:39', '2023-03-24 11:50:39'),
(279, 7, 2, 2, NULL, NULL, NULL, NULL, '2023-04-14', 'not started', '2023-03-24 11:50:39', '2023-03-24 11:50:39'),
(280, 7, 3, 2, NULL, NULL, NULL, NULL, '2023-04-14', 'not started', '2023-03-24 11:50:39', '2023-03-24 11:50:39'),
(281, 7, 1, 2, NULL, NULL, NULL, NULL, '2023-04-17', 'not started', '2023-03-24 11:50:40', '2023-03-24 11:50:40'),
(282, 7, 2, 2, NULL, NULL, NULL, NULL, '2023-04-17', 'not started', '2023-03-24 11:50:40', '2023-03-24 11:50:40'),
(283, 7, 3, 2, NULL, NULL, NULL, NULL, '2023-04-17', 'not started', '2023-03-24 11:50:40', '2023-03-24 11:50:40'),
(284, 7, 1, 2, NULL, NULL, NULL, NULL, '2023-04-20', 'not started', '2023-03-24 11:50:40', '2023-03-24 11:50:40'),
(285, 7, 2, 2, NULL, NULL, NULL, NULL, '2023-04-20', 'not started', '2023-03-24 11:50:40', '2023-03-24 11:50:40'),
(286, 7, 3, 2, NULL, NULL, NULL, NULL, '2023-04-20', 'not started', '2023-03-24 11:50:40', '2023-03-24 11:50:40');

-- --------------------------------------------------------

--
-- Table structure for table `customer_sides`
--

CREATE TABLE `customer_sides` (
  `id` bigint(20) UNSIGNED NOT NULL,
  `customer_id` bigint(20) UNSIGNED NOT NULL,
  `meal_type_id` bigint(20) UNSIGNED NOT NULL,
  `package_id` bigint(20) UNSIGNED NOT NULL,
  `package_plan_side_id` bigint(20) UNSIGNED DEFAULT NULL,
  `side_id` bigint(20) UNSIGNED DEFAULT NULL,
  `chef_id` bigint(20) UNSIGNED DEFAULT NULL,
  `date` varchar(100) COLLATE utf8mb4_unicode_ci DEFAULT NULL,
  `status` varchar(100) COLLATE utf8mb4_unicode_ci DEFAULT 'not started',
  `created_at` timestamp NULL DEFAULT NULL,
  `updated_at` timestamp NULL DEFAULT NULL
) ENGINE=InnoDB DEFAULT CHARSET=utf8mb4 COLLATE=utf8mb4_unicode_ci;

--
-- Dumping data for table `customer_sides`
--

INSERT INTO `customer_sides` (`id`, `customer_id`, `meal_type_id`, `package_id`, `package_plan_side_id`, `side_id`, `chef_id`, `date`, `status`, `created_at`, `updated_at`) VALUES
(1, 1, 4, 1, NULL, NULL, NULL, '2023-03-20', 'not started', '2023-03-20 11:09:10', '2023-03-20 11:09:10'),
(2, 1, 4, 1, NULL, NULL, NULL, '2023-03-21', 'not started', '2023-03-20 11:09:11', '2023-03-20 11:09:11'),
(3, 1, 4, 1, NULL, NULL, NULL, '2023-03-22', 'not started', '2023-03-20 11:09:11', '2023-03-20 11:09:11'),
(4, 1, 4, 1, NULL, NULL, NULL, '2023-03-23', 'not started', '2023-03-20 11:09:11', '2023-03-20 11:09:11'),
(5, 1, 4, 1, NULL, NULL, NULL, '2023-03-27', 'not started', '2023-03-20 11:09:12', '2023-03-20 11:09:12'),
(6, 1, 4, 1, NULL, NULL, NULL, '2023-03-28', 'not started', '2023-03-20 11:09:12', '2023-03-20 11:09:12'),
(7, 1, 4, 1, NULL, NULL, NULL, '2023-03-29', 'not started', '2023-03-20 11:09:13', '2023-03-20 11:09:13'),
(8, 1, 4, 1, NULL, NULL, NULL, '2023-03-30', 'not started', '2023-03-20 11:09:13', '2023-03-20 11:09:13'),
(9, 1, 4, 1, NULL, NULL, NULL, '2023-04-03', 'not started', '2023-03-20 11:09:13', '2023-03-20 11:09:13'),
(10, 1, 4, 1, NULL, NULL, NULL, '2023-04-04', 'not started', '2023-03-20 11:09:13', '2023-03-20 11:09:13'),
(11, 1, 4, 1, NULL, NULL, NULL, '2023-04-05', 'not started', '2023-03-20 11:09:14', '2023-03-20 11:09:14'),
(12, 1, 4, 1, NULL, NULL, NULL, '2023-04-06', 'not started', '2023-03-20 11:09:14', '2023-03-20 11:09:14'),
(13, 1, 4, 1, NULL, NULL, NULL, '2023-04-10', 'not started', '2023-03-20 11:09:14', '2023-03-20 11:09:14'),
(14, 1, 4, 1, NULL, NULL, NULL, '2023-04-11', 'not started', '2023-03-20 11:09:15', '2023-03-20 11:09:15'),
(15, 1, 4, 1, NULL, NULL, NULL, '2023-04-12', 'not started', '2023-03-20 11:09:15', '2023-03-20 11:09:15'),
(16, 1, 4, 1, NULL, NULL, NULL, '2023-04-13', 'not started', '2023-03-20 11:09:15', '2023-03-20 11:09:15'),
(17, 1, 4, 1, NULL, NULL, NULL, '2023-04-17', 'not started', '2023-03-20 11:09:15', '2023-03-20 11:09:15'),
(18, 1, 4, 1, NULL, NULL, NULL, '2023-04-18', 'not started', '2023-03-20 11:09:16', '2023-03-20 11:09:16'),
(19, 1, 4, 1, NULL, NULL, NULL, '2023-04-19', 'not started', '2023-03-20 11:09:16', '2023-03-20 11:09:16'),
(20, 1, 4, 1, NULL, NULL, NULL, '2023-04-20', 'not started', '2023-03-20 11:09:16', '2023-03-20 11:09:16'),
(21, 1, 4, 1, NULL, NULL, NULL, '2023-04-24', 'not started', '2023-03-20 11:09:16', '2023-03-20 11:09:16'),
(22, 1, 4, 1, NULL, NULL, NULL, '2023-04-25', 'not started', '2023-03-20 11:09:17', '2023-03-20 11:09:17'),
(23, 1, 4, 1, NULL, NULL, NULL, '2023-04-26', 'not started', '2023-03-20 11:09:18', '2023-03-20 11:09:18'),
(24, 1, 4, 1, NULL, NULL, NULL, '2023-04-27', 'not started', '2023-03-20 11:09:18', '2023-03-20 11:09:18'),
(25, 1, 4, 1, NULL, NULL, NULL, '2023-05-01', 'not started', '2023-03-20 11:09:19', '2023-03-20 11:09:19'),
(26, 2, 4, 1, NULL, NULL, NULL, '2023-03-22', 'not started', '2023-03-21 04:21:39', '2023-03-21 04:21:39'),
(27, 2, 4, 1, NULL, NULL, NULL, '2023-03-23', 'not started', '2023-03-21 04:21:39', '2023-03-21 04:21:39'),
(28, 2, 4, 1, NULL, NULL, NULL, '2023-03-27', 'not started', '2023-03-21 04:21:40', '2023-03-21 04:21:40'),
(29, 2, 4, 1, NULL, NULL, NULL, '2023-03-29', 'not started', '2023-03-21 04:21:40', '2023-03-21 04:21:40'),
(30, 2, 4, 1, NULL, NULL, NULL, '2023-03-30', 'not started', '2023-03-21 04:21:41', '2023-03-21 04:21:41'),
(31, 2, 4, 1, NULL, NULL, NULL, '2023-04-03', 'not started', '2023-03-21 04:21:41', '2023-03-21 04:21:41'),
(32, 2, 4, 1, NULL, NULL, NULL, '2023-04-05', 'not started', '2023-03-21 04:21:41', '2023-03-21 04:21:41'),
(33, 2, 4, 1, NULL, NULL, NULL, '2023-04-06', 'not started', '2023-03-21 04:21:41', '2023-03-21 04:21:41'),
(34, 2, 4, 1, NULL, NULL, NULL, '2023-04-10', 'not started', '2023-03-21 04:21:42', '2023-03-21 04:21:42'),
(35, 2, 4, 1, NULL, NULL, NULL, '2023-04-12', 'not started', '2023-03-21 04:21:42', '2023-03-21 04:21:42'),
(36, 2, 4, 1, NULL, NULL, NULL, '2023-04-13', 'not started', '2023-03-21 04:21:42', '2023-03-21 04:21:42'),
(37, 2, 4, 1, NULL, NULL, NULL, '2023-04-17', 'not started', '2023-03-21 04:21:43', '2023-03-21 04:21:43'),
(38, 2, 4, 1, NULL, NULL, NULL, '2023-04-19', 'not started', '2023-03-21 04:21:43', '2023-03-21 04:21:43'),
(39, 2, 4, 1, NULL, NULL, NULL, '2023-04-20', 'not started', '2023-03-21 04:21:43', '2023-03-21 04:21:43'),
(40, 2, 4, 1, NULL, NULL, NULL, '2023-04-24', 'not started', '2023-03-21 04:21:43', '2023-03-21 04:21:43'),
(41, 3, 4, 1, NULL, NULL, NULL, '2023-03-22', 'not started', '2023-03-21 04:28:00', '2023-03-21 04:28:00'),
(42, 3, 4, 1, NULL, NULL, NULL, '2023-03-23', 'not started', '2023-03-21 04:28:01', '2023-03-21 04:28:01'),
(43, 3, 4, 1, NULL, NULL, NULL, '2023-03-27', 'not started', '2023-03-21 04:28:01', '2023-03-21 04:28:01'),
(44, 3, 4, 1, NULL, NULL, NULL, '2023-03-29', 'not started', '2023-03-21 04:28:02', '2023-03-21 04:28:02'),
(45, 3, 4, 1, NULL, NULL, NULL, '2023-03-30', 'not started', '2023-03-21 04:28:02', '2023-03-21 04:28:02'),
(46, 3, 4, 1, NULL, NULL, NULL, '2023-04-03', 'not started', '2023-03-21 04:28:03', '2023-03-21 04:28:03'),
(47, 3, 4, 1, NULL, NULL, NULL, '2023-04-05', 'not started', '2023-03-21 04:28:04', '2023-03-21 04:28:04'),
(48, 3, 4, 1, NULL, NULL, NULL, '2023-04-06', 'not started', '2023-03-21 04:28:04', '2023-03-21 04:28:04'),
(49, 3, 4, 1, NULL, NULL, NULL, '2023-04-10', 'not started', '2023-03-21 04:28:05', '2023-03-21 04:28:05'),
(50, 3, 4, 1, NULL, NULL, NULL, '2023-04-12', 'not started', '2023-03-21 04:28:05', '2023-03-21 04:28:05'),
(51, 3, 4, 1, NULL, NULL, NULL, '2023-04-13', 'not started', '2023-03-21 04:28:05', '2023-03-21 04:28:05'),
(52, 3, 4, 1, NULL, NULL, NULL, '2023-04-17', 'not started', '2023-03-21 04:28:05', '2023-03-21 04:28:05'),
(53, 3, 4, 1, NULL, NULL, NULL, '2023-04-19', 'not started', '2023-03-21 04:28:06', '2023-03-21 04:28:06'),
(54, 3, 4, 1, NULL, NULL, NULL, '2023-04-20', 'not started', '2023-03-21 04:28:06', '2023-03-21 04:28:06'),
(55, 3, 4, 1, NULL, NULL, NULL, '2023-04-24', 'not started', '2023-03-21 04:28:06', '2023-03-21 04:28:06'),
(56, 3, 4, 1, NULL, NULL, NULL, '2023-04-26', 'not started', '2023-03-21 04:28:06', '2023-03-21 04:28:06'),
(57, 3, 4, 1, NULL, NULL, NULL, '2023-04-27', 'not started', '2023-03-21 04:28:07', '2023-03-21 04:28:07'),
(58, 3, 4, 1, NULL, NULL, NULL, '2023-05-01', 'not started', '2023-03-21 04:28:08', '2023-03-21 04:28:08'),
(59, 3, 4, 1, NULL, NULL, NULL, '2023-05-03', 'not started', '2023-03-21 04:28:08', '2023-03-21 04:28:08'),
(60, 3, 4, 1, NULL, NULL, NULL, '2023-05-04', 'not started', '2023-03-21 04:28:09', '2023-03-21 04:28:09'),
(61, 3, 4, 1, NULL, NULL, NULL, '2023-05-08', 'not started', '2023-03-21 04:28:09', '2023-03-21 04:28:09'),
(62, 3, 4, 1, NULL, NULL, NULL, '2023-05-10', 'not started', '2023-03-21 04:28:09', '2023-03-21 04:28:09'),
(63, 3, 4, 1, NULL, NULL, NULL, '2023-05-11', 'not started', '2023-03-21 04:28:09', '2023-03-21 04:28:09'),
(64, 3, 4, 1, NULL, NULL, NULL, '2023-05-15', 'not started', '2023-03-21 04:28:10', '2023-03-21 04:28:10'),
(65, 3, 4, 1, NULL, NULL, NULL, '2023-05-17', 'not started', '2023-03-21 04:28:10', '2023-03-21 04:28:10'),
(66, 4, 4, 1, NULL, NULL, NULL, NULL, 'not started', '2023-03-24 09:26:45', '2023-03-24 09:26:45'),
(67, 4, 4, 1, NULL, NULL, NULL, '2023-03-25', 'not started', '2023-03-24 09:26:45', '2023-03-24 09:26:45'),
(68, 4, 4, 1, NULL, NULL, NULL, '2023-03-27', 'not started', '2023-03-24 09:26:46', '2023-03-24 09:26:46'),
(69, 4, 4, 1, NULL, NULL, NULL, '2023-03-30', 'not started', '2023-03-24 09:26:46', '2023-03-24 09:26:46'),
(70, 4, 4, 1, NULL, NULL, NULL, '2023-03-31', 'not started', '2023-03-24 09:26:46', '2023-03-24 09:26:46'),
(71, 4, 4, 1, NULL, NULL, NULL, '2023-04-01', 'not started', '2023-03-24 09:26:47', '2023-03-24 09:26:47'),
(72, 4, 4, 1, NULL, NULL, NULL, '2023-04-03', 'not started', '2023-03-24 09:26:47', '2023-03-24 09:26:47'),
(73, 4, 4, 1, NULL, NULL, NULL, '2023-04-06', 'not started', '2023-03-24 09:26:47', '2023-03-24 09:26:47'),
(74, 4, 4, 1, NULL, NULL, NULL, '2023-04-07', 'not started', '2023-03-24 09:26:48', '2023-03-24 09:26:48'),
(75, 4, 4, 1, NULL, NULL, NULL, '2023-04-08', 'not started', '2023-03-24 09:26:48', '2023-03-24 09:26:48'),
(76, 4, 4, 1, NULL, NULL, NULL, '2023-04-10', 'not started', '2023-03-24 09:26:48', '2023-03-24 09:26:48'),
(77, 4, 4, 1, NULL, NULL, NULL, '2023-04-13', 'not started', '2023-03-24 09:26:49', '2023-03-24 09:26:49'),
(78, 4, 4, 1, NULL, NULL, NULL, '2023-04-14', 'not started', '2023-03-24 09:26:49', '2023-03-24 09:26:49'),
(79, 4, 4, 1, NULL, NULL, NULL, '2023-04-15', 'not started', '2023-03-24 09:26:49', '2023-03-24 09:26:49'),
(80, 4, 4, 1, NULL, NULL, NULL, '2023-04-17', 'not started', '2023-03-24 09:26:51', '2023-03-24 09:26:51'),
(81, 5, 4, 1, NULL, NULL, NULL, NULL, 'not started', '2023-03-24 09:27:35', '2023-03-24 09:27:35'),
(82, 5, 4, 1, NULL, NULL, NULL, '2023-03-25', 'not started', '2023-03-24 09:27:35', '2023-03-24 09:27:35'),
(83, 5, 4, 1, NULL, NULL, NULL, '2023-03-27', 'not started', '2023-03-24 09:27:35', '2023-03-24 09:27:35'),
(84, 5, 4, 1, NULL, NULL, NULL, '2023-03-30', 'not started', '2023-03-24 09:27:36', '2023-03-24 09:27:36'),
(85, 5, 4, 1, NULL, NULL, NULL, '2023-03-31', 'not started', '2023-03-24 09:27:36', '2023-03-24 09:27:36'),
(86, 5, 4, 1, NULL, NULL, NULL, '2023-04-01', 'not started', '2023-03-24 09:27:37', '2023-03-24 09:27:37'),
(87, 5, 4, 1, NULL, NULL, NULL, '2023-04-03', 'not started', '2023-03-24 09:27:37', '2023-03-24 09:27:37'),
(88, 5, 4, 1, NULL, NULL, NULL, '2023-04-06', 'not started', '2023-03-24 09:27:37', '2023-03-24 09:27:37'),
(89, 5, 4, 1, NULL, NULL, NULL, '2023-04-07', 'not started', '2023-03-24 09:27:37', '2023-03-24 09:27:37'),
(90, 5, 4, 1, NULL, NULL, NULL, '2023-04-08', 'not started', '2023-03-24 09:27:38', '2023-03-24 09:27:38'),
(91, 5, 4, 1, NULL, NULL, NULL, '2023-04-10', 'not started', '2023-03-24 09:27:38', '2023-03-24 09:27:38'),
(92, 5, 4, 1, NULL, NULL, NULL, '2023-04-13', 'not started', '2023-03-24 09:27:38', '2023-03-24 09:27:38'),
(93, 5, 4, 1, NULL, NULL, NULL, '2023-04-14', 'not started', '2023-03-24 09:27:40', '2023-03-24 09:27:40'),
(94, 5, 4, 1, NULL, NULL, NULL, '2023-04-15', 'not started', '2023-03-24 09:27:41', '2023-03-24 09:27:41'),
(95, 5, 4, 1, NULL, NULL, NULL, '2023-04-17', 'not started', '2023-03-24 09:27:42', '2023-03-24 09:27:42'),
(96, 6, 4, 1, NULL, NULL, NULL, NULL, 'not started', '2023-03-24 11:35:29', '2023-03-24 11:35:29'),
(97, 6, 5, 1, NULL, NULL, NULL, NULL, 'not started', '2023-03-24 11:35:29', '2023-03-24 11:35:29'),
(98, 6, 4, 1, NULL, NULL, NULL, '2023-03-29', 'not started', '2023-03-24 11:35:30', '2023-03-24 11:35:30'),
(99, 6, 5, 1, NULL, NULL, NULL, '2023-03-29', 'not started', '2023-03-24 11:35:30', '2023-03-24 11:35:30'),
(100, 6, 4, 1, NULL, NULL, NULL, '2023-03-30', 'not started', '2023-03-24 11:35:30', '2023-03-24 11:35:30'),
(101, 6, 5, 1, NULL, NULL, NULL, '2023-03-30', 'not started', '2023-03-24 11:35:30', '2023-03-24 11:35:30'),
(102, 6, 4, 1, NULL, NULL, NULL, '2023-03-31', 'not started', '2023-03-24 11:35:30', '2023-03-24 11:35:30'),
(103, 6, 5, 1, NULL, NULL, NULL, '2023-03-31', 'not started', '2023-03-24 11:35:30', '2023-03-24 11:35:30'),
(104, 6, 4, 1, NULL, NULL, NULL, '2023-04-05', 'not started', '2023-03-24 11:35:31', '2023-03-24 11:35:31'),
(105, 6, 5, 1, NULL, NULL, NULL, '2023-04-05', 'not started', '2023-03-24 11:35:31', '2023-03-24 11:35:31'),
(106, 6, 4, 1, NULL, NULL, NULL, '2023-04-06', 'not started', '2023-03-24 11:35:32', '2023-03-24 11:35:32'),
(107, 6, 5, 1, NULL, NULL, NULL, '2023-04-06', 'not started', '2023-03-24 11:35:32', '2023-03-24 11:35:32'),
(108, 6, 4, 1, NULL, NULL, NULL, '2023-04-07', 'not started', '2023-03-24 11:35:32', '2023-03-24 11:35:32'),
(109, 6, 5, 1, NULL, NULL, NULL, '2023-04-07', 'not started', '2023-03-24 11:35:33', '2023-03-24 11:35:33'),
(110, 6, 4, 1, NULL, NULL, NULL, '2023-04-12', 'not started', '2023-03-24 11:35:33', '2023-03-24 11:35:33'),
(111, 6, 5, 1, NULL, NULL, NULL, '2023-04-12', 'not started', '2023-03-24 11:35:33', '2023-03-24 11:35:33'),
(112, 6, 4, 1, NULL, NULL, NULL, '2023-04-13', 'not started', '2023-03-24 11:35:33', '2023-03-24 11:35:33'),
(113, 6, 5, 1, NULL, NULL, NULL, '2023-04-13', 'not started', '2023-03-24 11:35:34', '2023-03-24 11:35:34'),
(114, 6, 4, 1, NULL, NULL, NULL, '2023-04-14', 'not started', '2023-03-24 11:35:34', '2023-03-24 11:35:34'),
(115, 6, 5, 1, NULL, NULL, NULL, '2023-04-14', 'not started', '2023-03-24 11:35:34', '2023-03-24 11:35:34'),
(116, 6, 4, 1, NULL, NULL, NULL, '2023-04-19', 'not started', '2023-03-24 11:35:34', '2023-03-24 11:35:34'),
(117, 6, 5, 1, NULL, NULL, NULL, '2023-04-19', 'not started', '2023-03-24 11:35:34', '2023-03-24 11:35:34'),
(118, 6, 4, 1, NULL, NULL, NULL, '2023-04-20', 'not started', '2023-03-24 11:35:34', '2023-03-24 11:35:34'),
(119, 6, 5, 1, NULL, NULL, NULL, '2023-04-20', 'not started', '2023-03-24 11:35:35', '2023-03-24 11:35:35'),
(120, 6, 4, 1, NULL, NULL, NULL, '2023-04-21', 'not started', '2023-03-24 11:35:35', '2023-03-24 11:35:35'),
(121, 6, 5, 1, NULL, NULL, NULL, '2023-04-21', 'not started', '2023-03-24 11:35:35', '2023-03-24 11:35:35'),
(122, 6, 4, 1, NULL, NULL, NULL, '2023-04-26', 'not started', '2023-03-24 11:35:36', '2023-03-24 11:35:36'),
(123, 6, 5, 1, NULL, NULL, NULL, '2023-04-26', 'not started', '2023-03-24 11:35:36', '2023-03-24 11:35:36'),
(124, 6, 4, 1, NULL, NULL, NULL, '2023-04-27', 'not started', '2023-03-24 11:35:36', '2023-03-24 11:35:36'),
(125, 6, 5, 1, NULL, NULL, NULL, '2023-04-27', 'not started', '2023-03-24 11:35:36', '2023-03-24 11:35:36'),
(126, 6, 4, 1, NULL, NULL, NULL, '2023-04-28', 'not started', '2023-03-24 11:35:37', '2023-03-24 11:35:37'),
(127, 6, 5, 1, NULL, NULL, NULL, '2023-04-28', 'not started', '2023-03-24 11:35:37', '2023-03-24 11:35:37'),
(128, 6, 4, 1, NULL, NULL, NULL, '2023-05-03', 'not started', '2023-03-24 11:35:38', '2023-03-24 11:35:38'),
(129, 6, 5, 1, NULL, NULL, NULL, '2023-05-03', 'not started', '2023-03-24 11:35:38', '2023-03-24 11:35:38'),
(130, 6, 4, 1, NULL, NULL, NULL, '2023-05-04', 'not started', '2023-03-24 11:35:38', '2023-03-24 11:35:38'),
(131, 6, 5, 1, NULL, NULL, NULL, '2023-05-04', 'not started', '2023-03-24 11:35:38', '2023-03-24 11:35:38'),
(132, 6, 4, 1, NULL, NULL, NULL, '2023-05-05', 'not started', '2023-03-24 11:35:39', '2023-03-24 11:35:39'),
(133, 6, 5, 1, NULL, NULL, NULL, '2023-05-05', 'not started', '2023-03-24 11:35:39', '2023-03-24 11:35:39'),
(134, 6, 4, 1, NULL, NULL, NULL, '2023-05-10', 'not started', '2023-03-24 11:35:39', '2023-03-24 11:35:39'),
(135, 6, 5, 1, NULL, NULL, NULL, '2023-05-10', 'not started', '2023-03-24 11:35:39', '2023-03-24 11:35:39'),
(136, 6, 4, 1, NULL, NULL, NULL, '2023-05-11', 'not started', '2023-03-24 11:35:39', '2023-03-24 11:35:39'),
(137, 6, 5, 1, NULL, NULL, NULL, '2023-05-11', 'not started', '2023-03-24 11:35:39', '2023-03-24 11:35:39'),
(138, 6, 4, 1, NULL, NULL, NULL, '2023-05-12', 'not started', '2023-03-24 11:35:40', '2023-03-24 11:35:40'),
(139, 6, 5, 1, NULL, NULL, NULL, '2023-05-12', 'not started', '2023-03-24 11:35:40', '2023-03-24 11:35:40'),
(140, 6, 4, 1, NULL, NULL, NULL, '2023-05-17', 'not started', '2023-03-24 11:35:41', '2023-03-24 11:35:41'),
(141, 6, 5, 1, NULL, NULL, NULL, '2023-05-17', 'not started', '2023-03-24 11:35:41', '2023-03-24 11:35:41'),
(142, 6, 4, 1, NULL, NULL, NULL, '2023-05-18', 'not started', '2023-03-24 11:35:41', '2023-03-24 11:35:41'),
(143, 6, 5, 1, NULL, NULL, NULL, '2023-05-18', 'not started', '2023-03-24 11:35:41', '2023-03-24 11:35:41'),
(144, 6, 4, 1, NULL, NULL, NULL, '2023-05-19', 'not started', '2023-03-24 11:35:41', '2023-03-24 11:35:41'),
(145, 6, 5, 1, NULL, NULL, NULL, '2023-05-19', 'not started', '2023-03-24 11:35:41', '2023-03-24 11:35:41'),
(146, 6, 4, 1, NULL, NULL, NULL, '2023-05-24', 'not started', '2023-03-24 11:35:42', '2023-03-24 11:35:42'),
(147, 6, 5, 1, NULL, NULL, NULL, '2023-05-24', 'not started', '2023-03-24 11:35:42', '2023-03-24 11:35:42'),
(148, 6, 4, 1, NULL, NULL, NULL, '2023-05-25', 'not started', '2023-03-24 11:35:42', '2023-03-24 11:35:42'),
(149, 6, 5, 1, NULL, NULL, NULL, '2023-05-25', 'not started', '2023-03-24 11:35:42', '2023-03-24 11:35:42'),
(150, 6, 4, 1, NULL, NULL, NULL, '2023-05-26', 'not started', '2023-03-24 11:35:43', '2023-03-24 11:35:43'),
(151, 6, 5, 1, NULL, NULL, NULL, '2023-05-26', 'not started', '2023-03-24 11:35:43', '2023-03-24 11:35:43'),
(152, 6, 4, 1, NULL, NULL, NULL, '2023-05-31', 'not started', '2023-03-24 11:35:43', '2023-03-24 11:35:43'),
(153, 6, 5, 1, NULL, NULL, NULL, '2023-05-31', 'not started', '2023-03-24 11:35:43', '2023-03-24 11:35:43'),
(154, 6, 4, 1, NULL, NULL, NULL, '2023-06-01', 'not started', '2023-03-24 11:35:43', '2023-03-24 11:35:43'),
(155, 6, 5, 1, NULL, NULL, NULL, '2023-06-01', 'not started', '2023-03-24 11:35:43', '2023-03-24 11:35:43'),
(156, 7, 4, 2, NULL, NULL, NULL, '2023-03-24', 'not started', '2023-03-24 11:50:35', '2023-03-24 11:50:35'),
(157, 7, 5, 2, NULL, NULL, NULL, '2023-03-24', 'not started', '2023-03-24 11:50:35', '2023-03-24 11:50:35'),
(158, 7, 4, 2, NULL, NULL, NULL, '2023-03-27', 'not started', '2023-03-24 11:50:36', '2023-03-24 11:50:36'),
(159, 7, 5, 2, NULL, NULL, NULL, '2023-03-27', 'not started', '2023-03-24 11:50:36', '2023-03-24 11:50:36'),
(160, 7, 4, 2, NULL, NULL, NULL, '2023-03-30', 'not started', '2023-03-24 11:50:36', '2023-03-24 11:50:36'),
(161, 7, 5, 2, NULL, NULL, NULL, '2023-03-30', 'not started', '2023-03-24 11:50:36', '2023-03-24 11:50:36'),
(162, 7, 4, 2, NULL, NULL, NULL, '2023-03-31', 'not started', '2023-03-24 11:50:37', '2023-03-24 11:50:37'),
(163, 7, 5, 2, NULL, NULL, NULL, '2023-03-31', 'not started', '2023-03-24 11:50:37', '2023-03-24 11:50:37'),
(164, 7, 4, 2, NULL, NULL, NULL, '2023-04-03', 'not started', '2023-03-24 11:50:37', '2023-03-24 11:50:37'),
(165, 7, 5, 2, NULL, NULL, NULL, '2023-04-03', 'not started', '2023-03-24 11:50:37', '2023-03-24 11:50:37'),
(166, 7, 4, 2, NULL, NULL, NULL, '2023-04-06', 'not started', '2023-03-24 11:50:38', '2023-03-24 11:50:38'),
(167, 7, 5, 2, NULL, NULL, NULL, '2023-04-06', 'not started', '2023-03-24 11:50:38', '2023-03-24 11:50:38'),
(168, 7, 4, 2, NULL, NULL, NULL, '2023-04-07', 'not started', '2023-03-24 11:50:38', '2023-03-24 11:50:38'),
(169, 7, 5, 2, NULL, NULL, NULL, '2023-04-07', 'not started', '2023-03-24 11:50:38', '2023-03-24 11:50:38'),
(170, 7, 4, 2, NULL, NULL, NULL, '2023-04-10', 'not started', '2023-03-24 11:50:38', '2023-03-24 11:50:38'),
(171, 7, 5, 2, NULL, NULL, NULL, '2023-04-10', 'not started', '2023-03-24 11:50:38', '2023-03-24 11:50:38'),
(172, 7, 4, 2, NULL, NULL, NULL, '2023-04-13', 'not started', '2023-03-24 11:50:39', '2023-03-24 11:50:39'),
(173, 7, 5, 2, NULL, NULL, NULL, '2023-04-13', 'not started', '2023-03-24 11:50:39', '2023-03-24 11:50:39'),
(174, 7, 4, 2, NULL, NULL, NULL, '2023-04-14', 'not started', '2023-03-24 11:50:40', '2023-03-24 11:50:40'),
(175, 7, 5, 2, NULL, NULL, NULL, '2023-04-14', 'not started', '2023-03-24 11:50:40', '2023-03-24 11:50:40'),
(176, 7, 4, 2, NULL, NULL, NULL, '2023-04-17', 'not started', '2023-03-24 11:50:40', '2023-03-24 11:50:40'),
(177, 7, 5, 2, NULL, NULL, NULL, '2023-04-17', 'not started', '2023-03-24 11:50:40', '2023-03-24 11:50:40'),
(178, 7, 4, 2, NULL, NULL, NULL, '2023-04-20', 'not started', '2023-03-24 11:50:40', '2023-03-24 11:50:40'),
(179, 7, 5, 2, NULL, NULL, NULL, '2023-04-20', 'not started', '2023-03-24 11:50:40', '2023-03-24 11:50:40');

-- --------------------------------------------------------

--
-- Table structure for table `customer_snacks`
--

CREATE TABLE `customer_snacks` (
  `id` bigint(20) UNSIGNED NOT NULL,
  `customer_id` bigint(20) UNSIGNED NOT NULL,
  `meal_type_id` bigint(20) UNSIGNED NOT NULL,
  `package_id` bigint(20) UNSIGNED NOT NULL,
  `package_plan_snack_id` bigint(20) UNSIGNED DEFAULT NULL,
  `snack_id` bigint(20) UNSIGNED DEFAULT NULL,
  `chef_id` bigint(20) UNSIGNED DEFAULT NULL,
  `date` varchar(100) COLLATE utf8mb4_unicode_ci DEFAULT NULL,
  `status` varchar(100) COLLATE utf8mb4_unicode_ci DEFAULT 'not started',
  `created_at` timestamp NULL DEFAULT NULL,
  `updated_at` timestamp NULL DEFAULT NULL
) ENGINE=InnoDB DEFAULT CHARSET=utf8mb4 COLLATE=utf8mb4_unicode_ci;

--
-- Dumping data for table `customer_snacks`
--

INSERT INTO `customer_snacks` (`id`, `customer_id`, `meal_type_id`, `package_id`, `package_plan_snack_id`, `snack_id`, `chef_id`, `date`, `status`, `created_at`, `updated_at`) VALUES
(1, 1, 6, 1, NULL, NULL, NULL, '2023-03-20', 'not started', '2023-03-20 11:09:10', '2023-03-20 11:09:10'),
(2, 1, 6, 1, NULL, NULL, NULL, '2023-03-21', 'not started', '2023-03-20 11:09:11', '2023-03-20 11:09:11'),
(3, 1, 6, 1, NULL, NULL, NULL, '2023-03-22', 'not started', '2023-03-20 11:09:11', '2023-03-20 11:09:11'),
(4, 1, 6, 1, NULL, NULL, NULL, '2023-03-23', 'not started', '2023-03-20 11:09:11', '2023-03-20 11:09:11'),
(5, 1, 6, 1, NULL, NULL, NULL, '2023-03-27', 'not started', '2023-03-20 11:09:12', '2023-03-20 11:09:12'),
(6, 1, 6, 1, NULL, NULL, NULL, '2023-03-28', 'not started', '2023-03-20 11:09:12', '2023-03-20 11:09:12'),
(7, 1, 6, 1, NULL, NULL, NULL, '2023-03-29', 'not started', '2023-03-20 11:09:13', '2023-03-20 11:09:13'),
(8, 1, 6, 1, NULL, NULL, NULL, '2023-03-30', 'not started', '2023-03-20 11:09:13', '2023-03-20 11:09:13'),
(9, 1, 6, 1, NULL, NULL, NULL, '2023-04-03', 'not started', '2023-03-20 11:09:13', '2023-03-20 11:09:13'),
(10, 1, 6, 1, NULL, NULL, NULL, '2023-04-04', 'not started', '2023-03-20 11:09:14', '2023-03-20 11:09:14'),
(11, 1, 6, 1, NULL, NULL, NULL, '2023-04-05', 'not started', '2023-03-20 11:09:14', '2023-03-20 11:09:14'),
(12, 1, 6, 1, NULL, NULL, NULL, '2023-04-06', 'not started', '2023-03-20 11:09:14', '2023-03-20 11:09:14'),
(13, 1, 6, 1, NULL, NULL, NULL, '2023-04-10', 'not started', '2023-03-20 11:09:14', '2023-03-20 11:09:14'),
(14, 1, 6, 1, NULL, NULL, NULL, '2023-04-11', 'not started', '2023-03-20 11:09:15', '2023-03-20 11:09:15'),
(15, 1, 6, 1, NULL, NULL, NULL, '2023-04-12', 'not started', '2023-03-20 11:09:15', '2023-03-20 11:09:15'),
(16, 1, 6, 1, NULL, NULL, NULL, '2023-04-13', 'not started', '2023-03-20 11:09:15', '2023-03-20 11:09:15'),
(17, 1, 6, 1, NULL, NULL, NULL, '2023-04-17', 'not started', '2023-03-20 11:09:15', '2023-03-20 11:09:15'),
(18, 1, 6, 1, NULL, NULL, NULL, '2023-04-18', 'not started', '2023-03-20 11:09:16', '2023-03-20 11:09:16'),
(19, 1, 6, 1, NULL, NULL, NULL, '2023-04-19', 'not started', '2023-03-20 11:09:16', '2023-03-20 11:09:16'),
(20, 1, 6, 1, NULL, NULL, NULL, '2023-04-20', 'not started', '2023-03-20 11:09:16', '2023-03-20 11:09:16'),
(21, 1, 6, 1, NULL, NULL, NULL, '2023-04-24', 'not started', '2023-03-20 11:09:16', '2023-03-20 11:09:16'),
(22, 1, 6, 1, NULL, NULL, NULL, '2023-04-25', 'not started', '2023-03-20 11:09:18', '2023-03-20 11:09:18'),
(23, 1, 6, 1, NULL, NULL, NULL, '2023-04-26', 'not started', '2023-03-20 11:09:18', '2023-03-20 11:09:18'),
(24, 1, 6, 1, NULL, NULL, NULL, '2023-04-27', 'not started', '2023-03-20 11:09:18', '2023-03-20 11:09:18'),
(25, 1, 6, 1, NULL, NULL, NULL, '2023-05-01', 'not started', '2023-03-20 11:09:19', '2023-03-20 11:09:19'),
(26, 2, 6, 1, NULL, NULL, NULL, '2023-03-22', 'not started', '2023-03-21 04:21:39', '2023-03-21 04:21:39'),
(27, 2, 6, 1, NULL, NULL, NULL, '2023-03-23', 'not started', '2023-03-21 04:21:40', '2023-03-21 04:21:40'),
(28, 2, 6, 1, NULL, NULL, NULL, '2023-03-27', 'not started', '2023-03-21 04:21:40', '2023-03-21 04:21:40'),
(29, 2, 6, 1, NULL, NULL, NULL, '2023-03-29', 'not started', '2023-03-21 04:21:40', '2023-03-21 04:21:40'),
(30, 2, 6, 1, NULL, NULL, NULL, '2023-03-30', 'not started', '2023-03-21 04:21:41', '2023-03-21 04:21:41'),
(31, 2, 6, 1, NULL, NULL, NULL, '2023-04-03', 'not started', '2023-03-21 04:21:41', '2023-03-21 04:21:41'),
(32, 2, 6, 1, NULL, NULL, NULL, '2023-04-05', 'not started', '2023-03-21 04:21:41', '2023-03-21 04:21:41'),
(33, 2, 6, 1, NULL, NULL, NULL, '2023-04-06', 'not started', '2023-03-21 04:21:42', '2023-03-21 04:21:42'),
(34, 2, 6, 1, NULL, NULL, NULL, '2023-04-10', 'not started', '2023-03-21 04:21:42', '2023-03-21 04:21:42'),
(35, 2, 6, 1, NULL, NULL, NULL, '2023-04-12', 'not started', '2023-03-21 04:21:42', '2023-03-21 04:21:42'),
(36, 2, 6, 1, NULL, NULL, NULL, '2023-04-13', 'not started', '2023-03-21 04:21:42', '2023-03-21 04:21:42'),
(37, 2, 6, 1, NULL, NULL, NULL, '2023-04-17', 'not started', '2023-03-21 04:21:43', '2023-03-21 04:21:43'),
(38, 2, 6, 1, NULL, NULL, NULL, '2023-04-19', 'not started', '2023-03-21 04:21:43', '2023-03-21 04:21:43'),
(39, 2, 6, 1, NULL, NULL, NULL, '2023-04-20', 'not started', '2023-03-21 04:21:43', '2023-03-21 04:21:43'),
(40, 2, 6, 1, NULL, NULL, NULL, '2023-04-24', 'not started', '2023-03-21 04:21:43', '2023-03-21 04:21:43'),
(41, 3, 6, 1, NULL, NULL, NULL, '2023-03-22', 'not started', '2023-03-21 04:28:01', '2023-03-21 04:28:01'),
(42, 3, 6, 1, NULL, NULL, NULL, '2023-03-23', 'not started', '2023-03-21 04:28:01', '2023-03-21 04:28:01'),
(43, 3, 6, 1, NULL, NULL, NULL, '2023-03-27', 'not started', '2023-03-21 04:28:01', '2023-03-21 04:28:01'),
(44, 3, 6, 1, NULL, NULL, NULL, '2023-03-29', 'not started', '2023-03-21 04:28:02', '2023-03-21 04:28:02'),
(45, 3, 6, 1, NULL, NULL, NULL, '2023-03-30', 'not started', '2023-03-21 04:28:02', '2023-03-21 04:28:02'),
(46, 3, 6, 1, NULL, NULL, NULL, '2023-04-03', 'not started', '2023-03-21 04:28:03', '2023-03-21 04:28:03'),
(47, 3, 6, 1, NULL, NULL, NULL, '2023-04-05', 'not started', '2023-03-21 04:28:04', '2023-03-21 04:28:04'),
(48, 3, 6, 1, NULL, NULL, NULL, '2023-04-06', 'not started', '2023-03-21 04:28:04', '2023-03-21 04:28:04'),
(49, 3, 6, 1, NULL, NULL, NULL, '2023-04-10', 'not started', '2023-03-21 04:28:05', '2023-03-21 04:28:05'),
(50, 3, 6, 1, NULL, NULL, NULL, '2023-04-12', 'not started', '2023-03-21 04:28:05', '2023-03-21 04:28:05'),
(51, 3, 6, 1, NULL, NULL, NULL, '2023-04-13', 'not started', '2023-03-21 04:28:05', '2023-03-21 04:28:05'),
(52, 3, 6, 1, NULL, NULL, NULL, '2023-04-17', 'not started', '2023-03-21 04:28:05', '2023-03-21 04:28:05'),
(53, 3, 6, 1, NULL, NULL, NULL, '2023-04-19', 'not started', '2023-03-21 04:28:06', '2023-03-21 04:28:06'),
(54, 3, 6, 1, NULL, NULL, NULL, '2023-04-20', 'not started', '2023-03-21 04:28:06', '2023-03-21 04:28:06'),
(55, 3, 6, 1, NULL, NULL, NULL, '2023-04-24', 'not started', '2023-03-21 04:28:06', '2023-03-21 04:28:06'),
(56, 3, 6, 1, NULL, NULL, NULL, '2023-04-26', 'not started', '2023-03-21 04:28:06', '2023-03-21 04:28:06'),
(57, 3, 6, 1, NULL, NULL, NULL, '2023-04-27', 'not started', '2023-03-21 04:28:07', '2023-03-21 04:28:07'),
(58, 3, 6, 1, NULL, NULL, NULL, '2023-05-01', 'not started', '2023-03-21 04:28:08', '2023-03-21 04:28:08'),
(59, 3, 6, 1, NULL, NULL, NULL, '2023-05-03', 'not started', '2023-03-21 04:28:08', '2023-03-21 04:28:08'),
(60, 3, 6, 1, NULL, NULL, NULL, '2023-05-04', 'not started', '2023-03-21 04:28:09', '2023-03-21 04:28:09'),
(61, 3, 6, 1, NULL, NULL, NULL, '2023-05-08', 'not started', '2023-03-21 04:28:09', '2023-03-21 04:28:09'),
(62, 3, 6, 1, NULL, NULL, NULL, '2023-05-10', 'not started', '2023-03-21 04:28:09', '2023-03-21 04:28:09'),
(63, 3, 6, 1, NULL, NULL, NULL, '2023-05-11', 'not started', '2023-03-21 04:28:09', '2023-03-21 04:28:09'),
(64, 3, 6, 1, NULL, NULL, NULL, '2023-05-15', 'not started', '2023-03-21 04:28:10', '2023-03-21 04:28:10'),
(65, 3, 6, 1, NULL, NULL, NULL, '2023-05-17', 'not started', '2023-03-21 04:28:10', '2023-03-21 04:28:10'),
(66, 4, 6, 1, NULL, NULL, NULL, NULL, 'not started', '2023-03-24 09:26:45', '2023-03-24 09:26:45'),
(67, 4, 6, 1, NULL, NULL, NULL, '2023-03-25', 'not started', '2023-03-24 09:26:45', '2023-03-24 09:26:45'),
(68, 4, 6, 1, NULL, NULL, NULL, '2023-03-27', 'not started', '2023-03-24 09:26:46', '2023-03-24 09:26:46'),
(69, 4, 6, 1, NULL, NULL, NULL, '2023-03-30', 'not started', '2023-03-24 09:26:46', '2023-03-24 09:26:46'),
(70, 4, 6, 1, NULL, NULL, NULL, '2023-03-31', 'not started', '2023-03-24 09:26:47', '2023-03-24 09:26:47'),
(71, 4, 6, 1, NULL, NULL, NULL, '2023-04-01', 'not started', '2023-03-24 09:26:47', '2023-03-24 09:26:47'),
(72, 4, 6, 1, NULL, NULL, NULL, '2023-04-03', 'not started', '2023-03-24 09:26:47', '2023-03-24 09:26:47'),
(73, 4, 6, 1, NULL, NULL, NULL, '2023-04-06', 'not started', '2023-03-24 09:26:47', '2023-03-24 09:26:47'),
(74, 4, 6, 1, NULL, NULL, NULL, '2023-04-07', 'not started', '2023-03-24 09:26:48', '2023-03-24 09:26:48'),
(75, 4, 6, 1, NULL, NULL, NULL, '2023-04-08', 'not started', '2023-03-24 09:26:48', '2023-03-24 09:26:48'),
(76, 4, 6, 1, NULL, NULL, NULL, '2023-04-10', 'not started', '2023-03-24 09:26:49', '2023-03-24 09:26:49'),
(77, 4, 6, 1, NULL, NULL, NULL, '2023-04-13', 'not started', '2023-03-24 09:26:49', '2023-03-24 09:26:49'),
(78, 4, 6, 1, NULL, NULL, NULL, '2023-04-14', 'not started', '2023-03-24 09:26:49', '2023-03-24 09:26:49'),
(79, 4, 6, 1, NULL, NULL, NULL, '2023-04-15', 'not started', '2023-03-24 09:26:49', '2023-03-24 09:26:49'),
(80, 4, 6, 1, NULL, NULL, NULL, '2023-04-17', 'not started', '2023-03-24 09:26:51', '2023-03-24 09:26:51'),
(81, 5, 6, 1, NULL, NULL, NULL, NULL, 'not started', '2023-03-24 09:27:35', '2023-03-24 09:27:35'),
(82, 5, 6, 1, NULL, NULL, NULL, '2023-03-25', 'not started', '2023-03-24 09:27:35', '2023-03-24 09:27:35'),
(83, 5, 6, 1, NULL, NULL, NULL, '2023-03-27', 'not started', '2023-03-24 09:27:35', '2023-03-24 09:27:35'),
(84, 5, 6, 1, NULL, NULL, NULL, '2023-03-30', 'not started', '2023-03-24 09:27:36', '2023-03-24 09:27:36'),
(85, 5, 6, 1, NULL, NULL, NULL, '2023-03-31', 'not started', '2023-03-24 09:27:36', '2023-03-24 09:27:36'),
(86, 5, 6, 1, NULL, NULL, NULL, '2023-04-01', 'not started', '2023-03-24 09:27:37', '2023-03-24 09:27:37'),
(87, 5, 6, 1, NULL, NULL, NULL, '2023-04-03', 'not started', '2023-03-24 09:27:37', '2023-03-24 09:27:37'),
(88, 5, 6, 1, NULL, NULL, NULL, '2023-04-06', 'not started', '2023-03-24 09:27:37', '2023-03-24 09:27:37'),
(89, 5, 6, 1, NULL, NULL, NULL, '2023-04-07', 'not started', '2023-03-24 09:27:37', '2023-03-24 09:27:37'),
(90, 5, 6, 1, NULL, NULL, NULL, '2023-04-08', 'not started', '2023-03-24 09:27:38', '2023-03-24 09:27:38'),
(91, 5, 6, 1, NULL, NULL, NULL, '2023-04-10', 'not started', '2023-03-24 09:27:38', '2023-03-24 09:27:38'),
(92, 5, 6, 1, NULL, NULL, NULL, '2023-04-13', 'not started', '2023-03-24 09:27:38', '2023-03-24 09:27:38'),
(93, 5, 6, 1, NULL, NULL, NULL, '2023-04-14', 'not started', '2023-03-24 09:27:40', '2023-03-24 09:27:40'),
(94, 5, 6, 1, NULL, NULL, NULL, '2023-04-15', 'not started', '2023-03-24 09:27:41', '2023-03-24 09:27:41'),
(95, 5, 6, 1, NULL, NULL, NULL, '2023-04-17', 'not started', '2023-03-24 09:27:42', '2023-03-24 09:27:42'),
(96, 6, 7, 1, NULL, NULL, NULL, NULL, 'not started', '2023-03-24 11:35:29', '2023-03-24 11:35:29'),
(97, 6, 7, 1, NULL, NULL, NULL, '2023-03-29', 'not started', '2023-03-24 11:35:30', '2023-03-24 11:35:30'),
(98, 6, 7, 1, NULL, NULL, NULL, '2023-03-30', 'not started', '2023-03-24 11:35:30', '2023-03-24 11:35:30'),
(99, 6, 7, 1, NULL, NULL, NULL, '2023-03-31', 'not started', '2023-03-24 11:35:30', '2023-03-24 11:35:30'),
(100, 6, 7, 1, NULL, NULL, NULL, '2023-04-05', 'not started', '2023-03-24 11:35:31', '2023-03-24 11:35:31'),
(101, 6, 7, 1, NULL, NULL, NULL, '2023-04-06', 'not started', '2023-03-24 11:35:32', '2023-03-24 11:35:32'),
(102, 6, 7, 1, NULL, NULL, NULL, '2023-04-07', 'not started', '2023-03-24 11:35:33', '2023-03-24 11:35:33'),
(103, 6, 7, 1, NULL, NULL, NULL, '2023-04-12', 'not started', '2023-03-24 11:35:33', '2023-03-24 11:35:33'),
(104, 6, 7, 1, NULL, NULL, NULL, '2023-04-13', 'not started', '2023-03-24 11:35:34', '2023-03-24 11:35:34'),
(105, 6, 7, 1, NULL, NULL, NULL, '2023-04-14', 'not started', '2023-03-24 11:35:34', '2023-03-24 11:35:34'),
(106, 6, 7, 1, NULL, NULL, NULL, '2023-04-19', 'not started', '2023-03-24 11:35:34', '2023-03-24 11:35:34'),
(107, 6, 7, 1, NULL, NULL, NULL, '2023-04-20', 'not started', '2023-03-24 11:35:35', '2023-03-24 11:35:35'),
(108, 6, 7, 1, NULL, NULL, NULL, '2023-04-21', 'not started', '2023-03-24 11:35:35', '2023-03-24 11:35:35'),
(109, 6, 7, 1, NULL, NULL, NULL, '2023-04-26', 'not started', '2023-03-24 11:35:36', '2023-03-24 11:35:36'),
(110, 6, 7, 1, NULL, NULL, NULL, '2023-04-27', 'not started', '2023-03-24 11:35:36', '2023-03-24 11:35:36'),
(111, 6, 7, 1, NULL, NULL, NULL, '2023-04-28', 'not started', '2023-03-24 11:35:37', '2023-03-24 11:35:37'),
(112, 6, 7, 1, NULL, NULL, NULL, '2023-05-03', 'not started', '2023-03-24 11:35:38', '2023-03-24 11:35:38'),
(113, 6, 7, 1, NULL, NULL, NULL, '2023-05-04', 'not started', '2023-03-24 11:35:39', '2023-03-24 11:35:39'),
(114, 6, 7, 1, NULL, NULL, NULL, '2023-05-05', 'not started', '2023-03-24 11:35:39', '2023-03-24 11:35:39'),
(115, 6, 7, 1, NULL, NULL, NULL, '2023-05-10', 'not started', '2023-03-24 11:35:39', '2023-03-24 11:35:39'),
(116, 6, 7, 1, NULL, NULL, NULL, '2023-05-11', 'not started', '2023-03-24 11:35:39', '2023-03-24 11:35:39'),
(117, 6, 7, 1, NULL, NULL, NULL, '2023-05-12', 'not started', '2023-03-24 11:35:40', '2023-03-24 11:35:40'),
(118, 6, 7, 1, NULL, NULL, NULL, '2023-05-17', 'not started', '2023-03-24 11:35:41', '2023-03-24 11:35:41'),
(119, 6, 7, 1, NULL, NULL, NULL, '2023-05-18', 'not started', '2023-03-24 11:35:41', '2023-03-24 11:35:41'),
(120, 6, 7, 1, NULL, NULL, NULL, '2023-05-19', 'not started', '2023-03-24 11:35:41', '2023-03-24 11:35:41'),
(121, 6, 7, 1, NULL, NULL, NULL, '2023-05-24', 'not started', '2023-03-24 11:35:42', '2023-03-24 11:35:42'),
(122, 6, 7, 1, NULL, NULL, NULL, '2023-05-25', 'not started', '2023-03-24 11:35:42', '2023-03-24 11:35:42'),
(123, 6, 7, 1, NULL, NULL, NULL, '2023-05-26', 'not started', '2023-03-24 11:35:43', '2023-03-24 11:35:43'),
(124, 6, 7, 1, NULL, NULL, NULL, '2023-05-31', 'not started', '2023-03-24 11:35:43', '2023-03-24 11:35:43'),
(125, 6, 7, 1, NULL, NULL, NULL, '2023-06-01', 'not started', '2023-03-24 11:35:43', '2023-03-24 11:35:43'),
(126, 7, 6, 2, NULL, NULL, NULL, '2023-03-24', 'not started', '2023-03-24 11:50:35', '2023-03-24 11:50:35'),
(127, 7, 6, 2, NULL, NULL, NULL, '2023-03-27', 'not started', '2023-03-24 11:50:36', '2023-03-24 11:50:36'),
(128, 7, 6, 2, NULL, NULL, NULL, '2023-03-30', 'not started', '2023-03-24 11:50:36', '2023-03-24 11:50:36'),
(129, 7, 6, 2, NULL, NULL, NULL, '2023-03-31', 'not started', '2023-03-24 11:50:37', '2023-03-24 11:50:37'),
(130, 7, 6, 2, NULL, NULL, NULL, '2023-04-03', 'not started', '2023-03-24 11:50:37', '2023-03-24 11:50:37'),
(131, 7, 6, 2, NULL, NULL, NULL, '2023-04-06', 'not started', '2023-03-24 11:50:38', '2023-03-24 11:50:38'),
(132, 7, 6, 2, NULL, NULL, NULL, '2023-04-07', 'not started', '2023-03-24 11:50:38', '2023-03-24 11:50:38'),
(133, 7, 6, 2, NULL, NULL, NULL, '2023-04-10', 'not started', '2023-03-24 11:50:39', '2023-03-24 11:50:39'),
(134, 7, 6, 2, NULL, NULL, NULL, '2023-04-13', 'not started', '2023-03-24 11:50:39', '2023-03-24 11:50:39'),
(135, 7, 6, 2, NULL, NULL, NULL, '2023-04-14', 'not started', '2023-03-24 11:50:40', '2023-03-24 11:50:40'),
(136, 7, 6, 2, NULL, NULL, NULL, '2023-04-17', 'not started', '2023-03-24 11:50:40', '2023-03-24 11:50:40'),
(137, 7, 6, 2, NULL, NULL, NULL, '2023-04-20', 'not started', '2023-03-24 11:50:41', '2023-03-24 11:50:41');

-- --------------------------------------------------------

--
-- Table structure for table `days_offs`
--

CREATE TABLE `days_offs` (
  `id` bigint(20) UNSIGNED NOT NULL,
  `name` varchar(100) COLLATE utf8mb4_unicode_ci DEFAULT NULL,
  `number` int(11) DEFAULT NULL,
  `created_at` timestamp NULL DEFAULT NULL,
  `updated_at` timestamp NULL DEFAULT NULL
) ENGINE=InnoDB DEFAULT CHARSET=utf8mb4 COLLATE=utf8mb4_unicode_ci;

--
-- Dumping data for table `days_offs`
--

INSERT INTO `days_offs` (`id`, `name`, `number`, `created_at`, `updated_at`) VALUES
(13, 'Sun', NULL, '2023-03-20 20:54:55', '2023-03-20 20:54:55'),
(14, 'Tue', NULL, '2023-03-20 20:55:10', '2023-03-20 20:55:10');

-- --------------------------------------------------------

--
-- Table structure for table `delivery_companies`
--

CREATE TABLE `delivery_companies` (
  `id` bigint(20) UNSIGNED NOT NULL,
  `created_at` timestamp NULL DEFAULT NULL,
  `updated_at` timestamp NULL DEFAULT NULL
) ENGINE=InnoDB DEFAULT CHARSET=utf8mb4 COLLATE=utf8mb4_unicode_ci;

-- --------------------------------------------------------

--
-- Table structure for table `delivery_times`
--

CREATE TABLE `delivery_times` (
  `id` bigint(20) UNSIGNED NOT NULL,
  `name` varchar(255) COLLATE utf8mb4_unicode_ci DEFAULT NULL,
  `from` varchar(100) COLLATE utf8mb4_unicode_ci DEFAULT NULL,
  `until` varchar(100) COLLATE utf8mb4_unicode_ci DEFAULT NULL,
  `created_at` timestamp NULL DEFAULT NULL,
  `updated_at` timestamp NULL DEFAULT NULL
) ENGINE=InnoDB DEFAULT CHARSET=utf8mb4 COLLATE=utf8mb4_unicode_ci;

--
-- Dumping data for table `delivery_times`
--

INSERT INTO `delivery_times` (`id`, `name`, `from`, `until`, `created_at`, `updated_at`) VALUES
(1, 'AM', '08:00', '02:00', NULL, NULL),
(2, 'PM', '05:00', '12:00', NULL, NULL);

-- --------------------------------------------------------

--
-- Table structure for table `drinks`
--

CREATE TABLE `drinks` (
  `id` bigint(20) UNSIGNED NOT NULL,
  `cuisine_id` bigint(20) UNSIGNED DEFAULT NULL,
  `name` text COLLATE utf8mb4_unicode_ci DEFAULT NULL,
  `img` text COLLATE utf8mb4_unicode_ci DEFAULT NULL,
  `type` varchar(100) COLLATE utf8mb4_unicode_ci DEFAULT 'Hot Drink',
  `veg` varchar(100) COLLATE utf8mb4_unicode_ci DEFAULT 'Non-Veg',
  `gluten` varchar(100) COLLATE utf8mb4_unicode_ci DEFAULT 'false',
  `dairy` varchar(100) COLLATE utf8mb4_unicode_ci DEFAULT 'false',
  `menu` varchar(100) COLLATE utf8mb4_unicode_ci DEFAULT 'false',
  `vip` varchar(100) COLLATE utf8mb4_unicode_ci DEFAULT 'false',
  `general` varchar(100) COLLATE utf8mb4_unicode_ci DEFAULT 'false',
  `instructions` text COLLATE utf8mb4_unicode_ci DEFAULT NULL,
  `price` double DEFAULT 0,
  `yield` double DEFAULT 0,
  `serving_number` double DEFAULT 0,
  `serving_price` double DEFAULT 0,
  `serving_weight` double DEFAULT 0,
  `grams` double DEFAULT 0,
  `cals` double DEFAULT 0,
  `proteins` double DEFAULT 0,
  `carbs` double DEFAULT 0,
  `fats` double DEFAULT 0,
  `created_at` timestamp NULL DEFAULT NULL,
  `updated_at` timestamp NULL DEFAULT NULL
) ENGINE=InnoDB DEFAULT CHARSET=utf8mb4 COLLATE=utf8mb4_unicode_ci;

-- --------------------------------------------------------

--
-- Table structure for table `drink_components`
--

CREATE TABLE `drink_components` (
  `id` bigint(20) UNSIGNED NOT NULL,
  `drink_id` bigint(20) UNSIGNED NOT NULL,
  `component_id` bigint(20) UNSIGNED NOT NULL,
  `unit_id` bigint(20) UNSIGNED DEFAULT NULL,
  `type` varchar(100) COLLATE utf8mb4_unicode_ci DEFAULT NULL,
  `role` varchar(100) COLLATE utf8mb4_unicode_ci DEFAULT NULL,
  `quantity` double UNSIGNED DEFAULT 0,
  `quantity_grams` double UNSIGNED DEFAULT 0,
  `cals` double DEFAULT NULL,
  `proteins` double DEFAULT NULL,
  `carbs` double DEFAULT NULL,
  `fats` double DEFAULT NULL,
  `created_at` timestamp NULL DEFAULT NULL,
  `updated_at` timestamp NULL DEFAULT NULL
) ENGINE=InnoDB DEFAULT CHARSET=utf8mb4 COLLATE=utf8mb4_unicode_ci;

-- --------------------------------------------------------

--
-- Table structure for table `drink_packings`
--

CREATE TABLE `drink_packings` (
  `id` bigint(20) UNSIGNED NOT NULL,
  `drink_id` bigint(20) UNSIGNED NOT NULL,
  `name` text COLLATE utf8mb4_unicode_ci DEFAULT NULL,
  `quantity` double UNSIGNED DEFAULT 0,
  `created_at` timestamp NULL DEFAULT NULL,
  `updated_at` timestamp NULL DEFAULT NULL
) ENGINE=InnoDB DEFAULT CHARSET=utf8mb4 COLLATE=utf8mb4_unicode_ci;

-- --------------------------------------------------------

--
-- Table structure for table `drink_portions`
--

CREATE TABLE `drink_portions` (
  `id` bigint(20) UNSIGNED NOT NULL,
  `drink_id` bigint(20) UNSIGNED NOT NULL,
  `portion_id` bigint(20) UNSIGNED NOT NULL,
  `unit_id` bigint(20) UNSIGNED DEFAULT NULL,
  `type` varchar(100) COLLATE utf8mb4_unicode_ci DEFAULT NULL,
  `role` varchar(100) COLLATE utf8mb4_unicode_ci DEFAULT NULL,
  `quantity` double UNSIGNED DEFAULT 0,
  `quantity_grams` double UNSIGNED DEFAULT 0,
  `cals` double DEFAULT NULL,
  `proteins` double DEFAULT NULL,
  `carbs` double DEFAULT NULL,
  `fats` double DEFAULT NULL,
  `created_at` timestamp NULL DEFAULT NULL,
  `updated_at` timestamp NULL DEFAULT NULL
) ENGINE=InnoDB DEFAULT CHARSET=utf8mb4 COLLATE=utf8mb4_unicode_ci;

-- --------------------------------------------------------

--
-- Table structure for table `exclude_lists`
--

CREATE TABLE `exclude_lists` (
  `id` bigint(20) UNSIGNED NOT NULL,
  `name` text COLLATE utf8mb4_unicode_ci DEFAULT NULL,
  `created_at` timestamp NULL DEFAULT NULL,
  `updated_at` timestamp NULL DEFAULT NULL
) ENGINE=InnoDB DEFAULT CHARSET=utf8mb4 COLLATE=utf8mb4_unicode_ci;

--
-- Dumping data for table `exclude_lists`
--

INSERT INTO `exclude_lists` (`id`, `name`, `created_at`, `updated_at`) VALUES
(1, 'Tofu', '2022-10-08 12:20:56', '2022-10-08 12:20:56'),
(2, 'Beans', '2022-10-08 12:20:56', '2022-10-08 12:20:56'),
(3, 'Soy', '2022-10-08 12:20:56', '2022-10-08 12:20:56'),
(4, 'Eggs', '2022-10-08 12:20:57', '2022-10-08 12:20:57'),
(5, 'Seafoods', '2022-10-08 12:20:57', '2022-10-08 12:20:57'),
(6, 'Avocado', '2022-10-08 12:20:57', '2022-10-08 12:20:57'),
(7, 'Kiwi', '2022-10-08 12:20:57', '2022-10-08 12:20:57'),
(8, 'Quinoa', '2022-10-08 12:20:57', '2022-10-08 12:20:57'),
(9, 'Barley', '2022-10-08 12:20:57', '2022-10-08 12:20:57'),
(10, 'Oats', '2022-10-08 12:20:57', '2022-10-08 12:20:57'),
(11, 'Chicken', '2022-10-08 12:20:57', '2022-10-08 12:20:57'),
(12, 'Red Meat', '2022-10-08 12:20:57', '2022-10-08 12:20:57'),
(13, 'Turkey', '2022-10-08 12:20:57', '2022-10-08 12:20:57'),
(14, 'Nuts', '2022-10-08 12:20:57', '2022-10-08 12:20:57'),
(15, 'Chia', '2022-10-08 12:20:57', '2022-10-08 12:20:57'),
(16, 'Sesame', '2022-10-08 12:20:57', '2022-10-08 12:20:57'),
(17, 'Tomato', '2022-10-08 12:20:57', '2022-10-08 12:20:57'),
(18, 'Cucumber', '2022-10-08 12:20:57', '2022-10-08 12:20:57'),
(19, 'Zucchini', '2022-10-08 12:20:57', '2022-10-08 12:20:57'),
(20, 'Onions', '2022-10-08 12:20:57', '2022-10-08 12:20:57'),
(21, 'Bell Peppers', '2022-10-08 12:20:57', '2022-10-08 12:20:57'),
(22, 'Eggplant', '2022-10-08 12:20:58', '2022-10-08 12:20:58'),
(23, 'Parsley', '2022-10-08 12:20:58', '2022-10-08 12:20:58'),
(24, 'Garlic', '2022-10-08 12:20:58', '2022-10-08 12:20:58'),
(25, 'Beans/Red Meat', '2022-10-08 12:20:58', '2022-10-08 12:20:58'),
(26, 'Recaito', '2022-10-08 12:20:58', '2022-10-08 12:20:58'),
(27, 'Shrimp', '2022-10-08 12:20:58', '2022-10-08 12:20:58'),
(28, 'Cucumber/Parsley', '2022-10-08 12:20:58', '2022-10-08 12:20:58'),
(29, 'Eggs/Nuts', '2022-10-08 12:20:58', '2022-10-08 12:20:58'),
(30, 'Nuts/Dairy', '2022-10-08 12:20:58', '2022-10-08 12:20:58');

-- --------------------------------------------------------

--
-- Table structure for table `meals`
--

CREATE TABLE `meals` (
  `id` bigint(20) UNSIGNED NOT NULL,
  `cuisine_id` bigint(20) UNSIGNED DEFAULT NULL,
  `name` text COLLATE utf8mb4_unicode_ci DEFAULT NULL,
  `img` text COLLATE utf8mb4_unicode_ci DEFAULT NULL,
  `department` varchar(100) COLLATE utf8mb4_unicode_ci DEFAULT NULL,
  `validity` int(11) DEFAULT 1,
  `instructions` longtext COLLATE utf8mb4_unicode_ci DEFAULT NULL,
  `gluten` varchar(100) COLLATE utf8mb4_unicode_ci DEFAULT 'false',
  `dairy` varchar(100) COLLATE utf8mb4_unicode_ci DEFAULT 'false',
  `source` varchar(100) COLLATE utf8mb4_unicode_ci DEFAULT NULL,
  `menu` varchar(100) COLLATE utf8mb4_unicode_ci DEFAULT 'false',
  `vip` varchar(100) COLLATE utf8mb4_unicode_ci DEFAULT 'false',
  `general` varchar(100) COLLATE utf8mb4_unicode_ci DEFAULT 'false',
  `serving_desc` text COLLATE utf8mb4_unicode_ci DEFAULT NULL,
  `created_at` timestamp NULL DEFAULT NULL,
  `updated_at` timestamp NULL DEFAULT NULL
) ENGINE=InnoDB DEFAULT CHARSET=utf8mb4 COLLATE=utf8mb4_unicode_ci;

-- --------------------------------------------------------

--
-- Table structure for table `meal_drinks`
--

CREATE TABLE `meal_drinks` (
  `id` bigint(20) UNSIGNED NOT NULL,
  `meal_id` bigint(20) UNSIGNED NOT NULL,
  `drink_id` bigint(20) UNSIGNED NOT NULL,
  `note` text COLLATE utf8mb4_unicode_ci DEFAULT NULL,
  `created_at` timestamp NULL DEFAULT NULL,
  `updated_at` timestamp NULL DEFAULT NULL
) ENGINE=InnoDB DEFAULT CHARSET=utf8mb4 COLLATE=utf8mb4_unicode_ci;

-- --------------------------------------------------------

--
-- Table structure for table `meal_packings`
--

CREATE TABLE `meal_packings` (
  `id` bigint(20) UNSIGNED NOT NULL,
  `meal_id` bigint(20) UNSIGNED NOT NULL,
  `name` text COLLATE utf8mb4_unicode_ci DEFAULT NULL,
  `created_at` timestamp NULL DEFAULT NULL,
  `updated_at` timestamp NULL DEFAULT NULL
) ENGINE=InnoDB DEFAULT CHARSET=utf8mb4 COLLATE=utf8mb4_unicode_ci;

-- --------------------------------------------------------

--
-- Table structure for table `meal_portions`
--

CREATE TABLE `meal_portions` (
  `id` bigint(20) UNSIGNED NOT NULL,
  `meal_id` bigint(20) UNSIGNED NOT NULL,
  `portion_id` bigint(20) UNSIGNED NOT NULL,
  `note` text COLLATE utf8mb4_unicode_ci DEFAULT NULL,
  `created_at` timestamp NULL DEFAULT NULL,
  `updated_at` timestamp NULL DEFAULT NULL
) ENGINE=InnoDB DEFAULT CHARSET=utf8mb4 COLLATE=utf8mb4_unicode_ci;

-- --------------------------------------------------------

--
-- Table structure for table `meal_sauces`
--

CREATE TABLE `meal_sauces` (
  `id` bigint(20) UNSIGNED NOT NULL,
  `meal_id` bigint(20) UNSIGNED NOT NULL,
  `sauce_id` bigint(20) UNSIGNED NOT NULL,
  `note` text COLLATE utf8mb4_unicode_ci DEFAULT NULL,
  `created_at` timestamp NULL DEFAULT NULL,
  `updated_at` timestamp NULL DEFAULT NULL
) ENGINE=InnoDB DEFAULT CHARSET=utf8mb4 COLLATE=utf8mb4_unicode_ci;

-- --------------------------------------------------------

--
-- Table structure for table `meal_sides`
--

CREATE TABLE `meal_sides` (
  `id` bigint(20) UNSIGNED NOT NULL,
  `meal_id` bigint(20) UNSIGNED NOT NULL,
  `side_id` bigint(20) UNSIGNED NOT NULL,
  `note` text COLLATE utf8mb4_unicode_ci DEFAULT NULL,
  `created_at` timestamp NULL DEFAULT NULL,
  `updated_at` timestamp NULL DEFAULT NULL
) ENGINE=InnoDB DEFAULT CHARSET=utf8mb4 COLLATE=utf8mb4_unicode_ci;

-- --------------------------------------------------------

--
-- Table structure for table `meal_snacks`
--

CREATE TABLE `meal_snacks` (
  `id` bigint(20) UNSIGNED NOT NULL,
  `meal_id` bigint(20) UNSIGNED NOT NULL,
  `snack_id` bigint(20) UNSIGNED NOT NULL,
  `note` text COLLATE utf8mb4_unicode_ci DEFAULT NULL,
  `created_at` timestamp NULL DEFAULT NULL,
  `updated_at` timestamp NULL DEFAULT NULL
) ENGINE=InnoDB DEFAULT CHARSET=utf8mb4 COLLATE=utf8mb4_unicode_ci;

-- --------------------------------------------------------

--
-- Table structure for table `meal_types`
--

CREATE TABLE `meal_types` (
  `id` bigint(20) UNSIGNED NOT NULL,
  `name` varchar(255) COLLATE utf8mb4_unicode_ci DEFAULT NULL,
  `shorthand` varchar(100) COLLATE utf8mb4_unicode_ci DEFAULT NULL,
  `created_at` timestamp NULL DEFAULT NULL,
  `updated_at` timestamp NULL DEFAULT NULL
) ENGINE=InnoDB DEFAULT CHARSET=utf8mb4 COLLATE=utf8mb4_unicode_ci;

--
-- Dumping data for table `meal_types`
--

INSERT INTO `meal_types` (`id`, `name`, `shorthand`, `created_at`, `updated_at`) VALUES
(1, 'Breakfast', 'B', '2023-03-14 04:42:45', '2023-03-14 04:42:45'),
(2, 'Lunch', 'L', '2023-03-14 04:42:45', '2023-03-14 04:42:45'),
(3, 'Dinner', 'D', '2023-03-14 04:42:45', '2023-03-14 04:42:45'),
(4, 'Lunch Side', 'LS', '2023-03-14 04:42:45', '2023-03-14 04:42:45'),
(5, 'Dinner Side', 'DS', '2023-03-14 04:42:45', '2023-03-14 04:42:45'),
(6, 'Morning Snack 1', 'S', '2023-03-14 04:42:46', '2023-03-14 04:42:46'),
(7, 'Morning Snack 2', 'S2', '2023-03-14 04:42:46', '2023-03-14 04:42:46'),
(8, 'Afternoon Snack', 'S3', '2023-03-14 04:42:46', '2023-03-14 04:42:46');

-- --------------------------------------------------------

--
-- Table structure for table `meal_type_items`
--

CREATE TABLE `meal_type_items` (
  `id` bigint(20) UNSIGNED NOT NULL,
  `meal_type_id` bigint(20) UNSIGNED NOT NULL,
  `name` text COLLATE utf8mb4_unicode_ci DEFAULT NULL,
  `created_at` timestamp NULL DEFAULT NULL,
  `updated_at` timestamp NULL DEFAULT NULL
) ENGINE=InnoDB DEFAULT CHARSET=utf8mb4 COLLATE=utf8mb4_unicode_ci;

-- --------------------------------------------------------

--
-- Table structure for table `migrations`
--

CREATE TABLE `migrations` (
  `id` int(10) UNSIGNED NOT NULL,
  `migration` varchar(255) COLLATE utf8mb4_unicode_ci NOT NULL,
  `batch` int(11) NOT NULL
) ENGINE=InnoDB DEFAULT CHARSET=utf8mb4 COLLATE=utf8mb4_unicode_ci;

--
-- Dumping data for table `migrations`
--

INSERT INTO `migrations` (`id`, `migration`, `batch`) VALUES
(1, '2014_10_12_000000_create_users_table', 1),
(2, '2014_10_12_100000_create_password_resets_table', 1),
(3, '2019_08_18_000000_create_cities_table', 1),
(4, '2019_08_18_000000_create_city_districts_table', 1),
(5, '2019_08_19_000000_create_allergy_lists_table', 1),
(6, '2019_08_19_000000_create_exclude_lists_table', 1),
(7, '2019_08_19_000000_create_units_table', 1),
(8, '2019_08_19_000001_create_promocodes_table', 1),
(9, '2019_08_19_000002_create_delivery_times_table', 1),
(10, '2019_08_19_000003_create_days_offs_table', 1),
(11, '2019_08_19_000003_create_delivery_companies_table', 1),
(12, '2023_02_21_062351_create_component_categories_table', 1),
(13, '2023_02_21_062351_create_component_groups_table', 1),
(14, '2023_02_21_062352_create_components_table', 1),
(15, '2023_02_21_062353_create_component_types_table', 1),
(16, '2023_02_21_062354_create_cuisines_table', 1),
(17, '2023_02_21_062354_create_meal_types_table', 1),
(18, '2023_02_21_062355_create_meal_type_items_table', 1),
(19, '2023_02_21_062355_create_packages_table', 1),
(20, '2023_02_21_062355_create_portions_table', 1),
(21, '2023_02_21_062356_create_portion_components_table', 1),
(22, '2023_02_21_062356_create_portion_packings_table', 1),
(23, '2023_02_21_062356_create_portion_portions_table', 1),
(24, '2023_02_21_062358_create_sauces_table', 1),
(25, '2023_02_21_062359_create_sauce_components_table', 1),
(26, '2023_02_21_062359_create_sauce_packings_table', 1),
(27, '2023_02_21_062359_create_sauce_portions_table', 1),
(28, '2023_02_21_062368_create_sides_table', 1),
(29, '2023_02_21_062369_create_side_components_table', 1),
(30, '2023_02_21_062369_create_side_packings_table', 1),
(31, '2023_02_21_062369_create_side_portions_table', 1),
(32, '2023_02_21_062378_create_drinks_table', 1),
(33, '2023_02_21_062379_create_drink_components_table', 1),
(34, '2023_02_21_062379_create_drink_packings_table', 1),
(35, '2023_02_21_062379_create_drink_portions_table', 1),
(36, '2023_02_21_062388_create_snacks_table', 1),
(37, '2023_02_21_062389_create_snack_components_table', 1),
(38, '2023_02_21_062389_create_snack_packings_table', 1),
(39, '2023_02_21_062389_create_snack_portions_table', 1),
(40, '2023_02_21_063130_create_package_intakes_table', 1),
(41, '2023_02_21_084518_create_package_intake_meals_table', 1),
(42, '2023_02_21_092356_create_meals_table', 1),
(43, '2023_02_21_095339_create_meal_sauces_table', 1),
(44, '2023_02_21_095622_create_meal_sides_table', 1),
(45, '2023_02_21_095741_create_meal_drinks_table', 1),
(46, '2023_02_21_095922_create_meal_snacks_table', 1),
(47, '2023_02_21_100039_create_meal_portions_table', 1),
(48, '2023_02_21_100040_create_meal_packings_table', 1),
(49, '2023_03_01_070532_create_package_bundles_table', 1),
(50, '2023_03_01_070909_create_package_bundle_types_table', 1),
(51, '2023_03_01_071159_create_package_bundle_days_table', 1),
(52, '2023_03_02_072615_create_package_meals_table', 1),
(53, '2023_03_02_090646_create_package_meal_portions_table', 1),
(54, '2023_03_02_091834_create_package_meal_sauces_table', 1),
(55, '2023_03_02_092429_create_package_meal_snacks_table', 1),
(56, '2023_03_02_092637_create_package_meal_sides_table', 1),
(57, '2023_03_02_093829_create_package_meal_drinks_table', 1),
(58, '2023_03_02_095720_create_package_meal_packings_table', 1),
(59, '2023_03_02_095721_create_package_plans_table', 1),
(60, '2023_03_02_095722_create_package_plan_meals_table', 1),
(61, '2023_03_02_101117_create_package_plan_snacks_table', 1),
(62, '2023_03_02_101445_create_package_plan_sides_table', 1),
(63, '2023_03_02_101642_create_package_plan_drinks_table', 1),
(64, '2023_03_02_101650_create_chefs_table', 1),
(65, '2023_03_02_104352_create_customer_leads_table', 1),
(66, '2023_03_02_105611_create_customer_lead_addresses_table', 1),
(67, '2023_03_02_113710_create_customer_lead_excludes_table', 1),
(68, '2023_03_02_113741_create_customer_lead_allergies_table', 1),
(69, '2023_03_02_114913_create_customer_lead_subscriptions_table', 1),
(70, '2023_03_11_083246_create_settings_table', 1),
(71, '2023_03_11_101956_create_customers_table', 1),
(72, '2023_03_11_102221_create_customer_addresses_table', 1),
(73, '2023_03_11_102313_create_customer_excludes_table', 1),
(74, '2023_03_11_102333_create_customer_allergies_table', 1),
(75, '2023_03_11_102355_create_customer_subscriptions_table', 1),
(77, '2023_03_11_104739_create_customer_meals_table', 1),
(78, '2023_03_11_110706_create_customer_sides_table', 1),
(79, '2023_03_11_110900_create_customer_snacks_table', 1),
(80, '2023_03_11_111038_create_customer_drinks_table', 1),
(82, '2023_03_11_104143_create_customer_deliveries_table', 2);

-- --------------------------------------------------------

--
-- Table structure for table `packages`
--

CREATE TABLE `packages` (
  `id` bigint(20) UNSIGNED NOT NULL,
  `name` text COLLATE utf8mb4_unicode_ci DEFAULT NULL,
  `img` text COLLATE utf8mb4_unicode_ci DEFAULT NULL,
  `desc` text COLLATE utf8mb4_unicode_ci DEFAULT NULL,
  `price` double DEFAULT 0,
  `active` varchar(100) COLLATE utf8mb4_unicode_ci DEFAULT 'true',
  `created_at` timestamp NULL DEFAULT NULL,
  `updated_at` timestamp NULL DEFAULT NULL
) ENGINE=InnoDB DEFAULT CHARSET=utf8mb4 COLLATE=utf8mb4_unicode_ci;

--
-- Dumping data for table `packages`
--

INSERT INTO `packages` (`id`, `name`, `img`, `desc`, `price`, `active`, `created_at`, `updated_at`) VALUES
(1, 'Weight Management', '1679018007.png', 'Lorem ipsum dolor sit amet consectetur adipisicing elit. In illum vel, quasi sequi fugiat nobis.', 850, 'true', '2023-03-14 04:47:03', '2023-03-23 08:46:13'),
(2, 'Fitness', '1679019820.png', 'Lorem ipsum dolor sit amet consectetur adipisicing elit. In illum vel, quasi sequi fugiat nobis.', 600, 'true', '2023-03-17 00:23:24', '2023-03-23 08:45:49');

-- --------------------------------------------------------

--
-- Table structure for table `package_bundles`
--

CREATE TABLE `package_bundles` (
  `id` bigint(20) UNSIGNED NOT NULL,
  `package_id` bigint(20) UNSIGNED NOT NULL,
  `name` text COLLATE utf8mb4_unicode_ci DEFAULT NULL,
  `img` text COLLATE utf8mb4_unicode_ci DEFAULT NULL,
  `note` text COLLATE utf8mb4_unicode_ci DEFAULT NULL,
  `created_at` timestamp NULL DEFAULT NULL,
  `updated_at` timestamp NULL DEFAULT NULL
) ENGINE=InnoDB DEFAULT CHARSET=utf8mb4 COLLATE=utf8mb4_unicode_ci;

--
-- Dumping data for table `package_bundles`
--

INSERT INTO `package_bundles` (`id`, `package_id`, `name`, `img`, `note`, `created_at`, `updated_at`) VALUES
(2, 1, 'Half AM', '1678777397.svg', NULL, '2023-03-14 05:03:17', '2023-03-14 05:03:17'),
(3, 1, 'Half PM', '1678777429.svg', NULL, '2023-03-14 05:03:49', '2023-03-14 05:03:49'),
(4, 2, 'Half AM', '1679660576.png', NULL, '2023-03-24 10:22:56', '2023-03-24 10:22:56'),
(5, 2, 'Half PM', '1679660663.png', NULL, '2023-03-24 10:24:23', '2023-03-24 10:24:23');

-- --------------------------------------------------------

--
-- Table structure for table `package_bundle_days`
--

CREATE TABLE `package_bundle_days` (
  `id` bigint(20) UNSIGNED NOT NULL,
  `package_id` bigint(20) UNSIGNED NOT NULL,
  `package_bundle_id` bigint(20) UNSIGNED NOT NULL,
  `days` int(10) UNSIGNED DEFAULT NULL,
  `discount` double DEFAULT 0,
  `created_at` timestamp NULL DEFAULT NULL,
  `updated_at` timestamp NULL DEFAULT NULL
) ENGINE=InnoDB DEFAULT CHARSET=utf8mb4 COLLATE=utf8mb4_unicode_ci;

--
-- Dumping data for table `package_bundle_days`
--

INSERT INTO `package_bundle_days` (`id`, `package_id`, `package_bundle_id`, `days`, `discount`, `created_at`, `updated_at`) VALUES
(7, 1, 3, 15, 0, '2023-03-14 05:06:56', '2023-03-14 05:06:56'),
(8, 1, 3, 30, 5, '2023-03-14 05:06:56', '2023-03-14 05:06:56'),
(20, 2, 4, 12, 0, '2023-03-24 10:25:21', '2023-03-24 10:25:21'),
(21, 2, 4, 15, 2, '2023-03-24 10:25:21', '2023-03-24 10:25:21'),
(24, 1, 2, 15, 10, '2023-03-25 07:07:10', '2023-03-25 07:07:10'),
(25, 1, 2, 25, 5, '2023-03-25 07:07:11', '2023-03-25 07:07:11');

-- --------------------------------------------------------

--
-- Table structure for table `package_bundle_types`
--

CREATE TABLE `package_bundle_types` (
  `id` bigint(20) UNSIGNED NOT NULL,
  `package_id` bigint(20) UNSIGNED NOT NULL,
  `package_bundle_id` bigint(20) UNSIGNED NOT NULL,
  `meal_type_id` bigint(20) UNSIGNED NOT NULL,
  `created_at` timestamp NULL DEFAULT NULL,
  `updated_at` timestamp NULL DEFAULT NULL
) ENGINE=InnoDB DEFAULT CHARSET=utf8mb4 COLLATE=utf8mb4_unicode_ci;

--
-- Dumping data for table `package_bundle_types`
--

INSERT INTO `package_bundle_types` (`id`, `package_id`, `package_bundle_id`, `meal_type_id`, `created_at`, `updated_at`) VALUES
(29, 1, 3, 2, '2023-03-14 05:06:56', '2023-03-14 05:06:56'),
(30, 1, 3, 3, '2023-03-14 05:06:56', '2023-03-14 05:06:56'),
(31, 1, 3, 4, '2023-03-14 05:06:56', '2023-03-14 05:06:56'),
(32, 1, 3, 5, '2023-03-14 05:06:56', '2023-03-14 05:06:56'),
(33, 1, 3, 7, '2023-03-14 05:06:56', '2023-03-14 05:06:56'),
(64, 2, 5, 1, '2023-03-24 10:24:23', '2023-03-24 10:24:23'),
(65, 2, 5, 4, '2023-03-24 10:24:23', '2023-03-24 10:24:23'),
(66, 2, 5, 7, '2023-03-24 10:24:23', '2023-03-24 10:24:23'),
(67, 2, 4, 1, '2023-03-24 10:25:21', '2023-03-24 10:25:21'),
(68, 2, 4, 2, '2023-03-24 10:25:21', '2023-03-24 10:25:21'),
(69, 2, 4, 3, '2023-03-24 10:25:21', '2023-03-24 10:25:21'),
(70, 2, 4, 4, '2023-03-24 10:25:21', '2023-03-24 10:25:21'),
(71, 2, 4, 5, '2023-03-24 10:25:21', '2023-03-24 10:25:21'),
(72, 2, 4, 6, '2023-03-24 10:25:21', '2023-03-24 10:25:21'),
(80, 1, 2, 1, '2023-03-25 07:07:09', '2023-03-25 07:07:09'),
(81, 1, 2, 2, '2023-03-25 07:07:09', '2023-03-25 07:07:09'),
(82, 1, 2, 3, '2023-03-25 07:07:09', '2023-03-25 07:07:09'),
(83, 1, 2, 4, '2023-03-25 07:07:09', '2023-03-25 07:07:09'),
(84, 1, 2, 5, '2023-03-25 07:07:09', '2023-03-25 07:07:09'),
(85, 1, 2, 7, '2023-03-25 07:07:09', '2023-03-25 07:07:09'),
(86, 1, 2, 8, '2023-03-25 07:07:10', '2023-03-25 07:07:10');

-- --------------------------------------------------------

--
-- Table structure for table `package_intakes`
--

CREATE TABLE `package_intakes` (
  `id` bigint(20) UNSIGNED NOT NULL,
  `package_id` bigint(20) UNSIGNED NOT NULL,
  `title` text COLLATE utf8mb4_unicode_ci DEFAULT NULL,
  `range` varchar(255) COLLATE utf8mb4_unicode_ci DEFAULT NULL,
  `desc` text COLLATE utf8mb4_unicode_ci DEFAULT NULL,
  `scale_percentage` double DEFAULT NULL,
  `scale_cals` double DEFAULT NULL,
  `cals` double DEFAULT NULL,
  `proteins` double DEFAULT NULL,
  `carbs` double DEFAULT NULL,
  `fats` double DEFAULT NULL,
  `proteins_percentage` double DEFAULT 0,
  `carbs_percentage` double DEFAULT 0,
  `fats_percentage` double DEFAULT 0,
  `price` double DEFAULT 0,
  `created_at` timestamp NULL DEFAULT NULL,
  `updated_at` timestamp NULL DEFAULT NULL
) ENGINE=InnoDB DEFAULT CHARSET=utf8mb4 COLLATE=utf8mb4_unicode_ci;

--
-- Dumping data for table `package_intakes`
--

INSERT INTO `package_intakes` (`id`, `package_id`, `title`, `range`, `desc`, `scale_percentage`, `scale_cals`, `cals`, `proteins`, `carbs`, `fats`, `proteins_percentage`, `carbs_percentage`, `fats_percentage`, `price`, `created_at`, `updated_at`) VALUES
(1, 1, '1100', '1100', 'Range description for 1100 - 1300', 0, 0, 1100, 330, 550, 220, 30, 50, 20, 960, '2023-03-14 04:47:03', '2023-03-14 04:47:04'),
(2, 1, '1200', '1200', 'Range description for 1200 - 1400', 0, 0, 1200, 360, 600, 240, 30, 50, 20, 1040, '2023-03-14 04:47:04', '2023-03-14 04:47:05'),
(3, 2, '1200 - 1600', '1200', 'Another Range', 0, 0, 1200, 360, 600, 240, 30, 50, 20, 800, '2023-03-17 00:23:24', '2023-03-17 00:23:25');

-- --------------------------------------------------------

--
-- Table structure for table `package_intake_meals`
--

CREATE TABLE `package_intake_meals` (
  `id` bigint(20) UNSIGNED NOT NULL,
  `package_id` bigint(20) UNSIGNED NOT NULL,
  `package_intake_id` bigint(20) UNSIGNED NOT NULL,
  `meal_type_id` bigint(20) UNSIGNED NOT NULL,
  `cals` double DEFAULT 0,
  `proteins` double DEFAULT 0,
  `carbs` double DEFAULT 0,
  `fats` double DEFAULT 0,
  `price` double DEFAULT 0,
  `proteins_percentage` double DEFAULT 0,
  `carbs_percentage` double DEFAULT 0,
  `fats_percentage` double DEFAULT 0,
  `created_at` timestamp NULL DEFAULT NULL,
  `updated_at` timestamp NULL DEFAULT NULL
) ENGINE=InnoDB DEFAULT CHARSET=utf8mb4 COLLATE=utf8mb4_unicode_ci;

--
-- Dumping data for table `package_intake_meals`
--

INSERT INTO `package_intake_meals` (`id`, `package_id`, `package_intake_id`, `meal_type_id`, `cals`, `proteins`, `carbs`, `fats`, `price`, `proteins_percentage`, `carbs_percentage`, `fats_percentage`, `created_at`, `updated_at`) VALUES
(1, 1, 1, 1, 200, 60, 100, 40, 120, 30, 50, 20, '2023-03-14 04:47:03', '2023-03-14 04:47:03'),
(2, 1, 1, 2, 200, 60, 100, 40, 120, 30, 50, 20, '2023-03-14 04:47:03', '2023-03-14 04:47:03'),
(3, 1, 1, 3, 200, 60, 100, 40, 120, 30, 50, 20, '2023-03-14 04:47:03', '2023-03-14 04:47:03'),
(4, 1, 1, 4, 200, 60, 100, 40, 120, 30, 50, 20, '2023-03-14 04:47:03', '2023-03-14 04:47:03'),
(5, 1, 1, 5, 200, 60, 100, 40, 120, 30, 50, 20, '2023-03-14 04:47:03', '2023-03-14 04:47:03'),
(6, 1, 1, 6, 200, 60, 100, 40, 120, 30, 50, 20, '2023-03-14 04:47:03', '2023-03-14 04:47:03'),
(7, 1, 1, 7, 200, 60, 100, 40, 120, 30, 50, 20, '2023-03-14 04:47:04', '2023-03-14 04:47:04'),
(8, 1, 1, 8, 200, 60, 100, 40, 120, 30, 50, 20, '2023-03-14 04:47:04', '2023-03-14 04:47:04'),
(9, 1, 2, 1, 200, 60, 100, 40, 130, 30, 50, 20, '2023-03-14 04:47:04', '2023-03-14 04:47:04'),
(10, 1, 2, 2, 200, 60, 100, 40, 130, 30, 50, 20, '2023-03-14 04:47:04', '2023-03-14 04:47:04'),
(11, 1, 2, 3, 200, 60, 100, 40, 130, 30, 50, 20, '2023-03-14 04:47:04', '2023-03-14 04:47:04'),
(12, 1, 2, 4, 200, 60, 100, 40, 130, 30, 50, 20, '2023-03-14 04:47:04', '2023-03-14 04:47:04'),
(13, 1, 2, 5, 200, 60, 100, 40, 130, 30, 50, 20, '2023-03-14 04:47:04', '2023-03-14 04:47:04'),
(14, 1, 2, 6, 200, 60, 100, 40, 130, 30, 50, 20, '2023-03-14 04:47:04', '2023-03-14 04:47:04'),
(15, 1, 2, 7, 200, 60, 100, 40, 130, 30, 50, 20, '2023-03-14 04:47:04', '2023-03-14 04:47:04'),
(16, 1, 2, 8, 200, 60, 100, 40, 130, 30, 50, 20, '2023-03-14 04:47:05', '2023-03-14 04:47:05'),
(17, 2, 3, 1, 150, 45, 75, 30, 100, 30, 50, 20, '2023-03-17 00:23:24', '2023-03-17 00:23:24'),
(18, 2, 3, 2, 150, 45, 75, 30, 100, 30, 50, 20, '2023-03-17 00:23:24', '2023-03-17 00:23:24'),
(19, 2, 3, 3, 150, 45, 75, 30, 100, 30, 50, 20, '2023-03-17 00:23:24', '2023-03-17 00:23:24'),
(20, 2, 3, 4, 150, 45, 75, 30, 100, 30, 50, 20, '2023-03-17 00:23:24', '2023-03-17 00:23:24'),
(21, 2, 3, 5, 150, 45, 75, 30, 100, 30, 50, 20, '2023-03-17 00:23:24', '2023-03-17 00:23:24'),
(22, 2, 3, 6, 150, 45, 75, 30, 100, 30, 50, 20, '2023-03-17 00:23:24', '2023-03-17 00:23:24'),
(23, 2, 3, 7, 150, 45, 75, 30, 100, 30, 50, 20, '2023-03-17 00:23:25', '2023-03-17 00:23:25'),
(24, 2, 3, 8, 150, 45, 75, 30, 100, 30, 50, 20, '2023-03-17 00:23:25', '2023-03-17 00:23:25');

-- --------------------------------------------------------

--
-- Table structure for table `package_meals`
--

CREATE TABLE `package_meals` (
  `id` bigint(20) UNSIGNED NOT NULL,
  `package_id` bigint(20) UNSIGNED NOT NULL,
  `package_intake_id` bigint(20) UNSIGNED NOT NULL,
  `meal_id` bigint(20) UNSIGNED NOT NULL,
  `meal_type_id` bigint(20) UNSIGNED NOT NULL,
  `meal_type_item_id` bigint(20) UNSIGNED DEFAULT NULL,
  `scale_calories` double DEFAULT NULL,
  `scale_percentage` double DEFAULT NULL,
  `oneRange` varchar(100) COLLATE utf8mb4_unicode_ci DEFAULT 'false',
  `price` double DEFAULT 0,
  `serving_price` double DEFAULT 0,
  `cals` double DEFAULT 0,
  `proteins` double DEFAULT 0,
  `carbs` double DEFAULT 0,
  `fats` double DEFAULT 0,
  `yield` varchar(100) COLLATE utf8mb4_unicode_ci DEFAULT NULL,
  `serving_number` double DEFAULT 0,
  `serving_grams` double DEFAULT 0,
  `created_at` timestamp NULL DEFAULT NULL,
  `updated_at` timestamp NULL DEFAULT NULL
) ENGINE=InnoDB DEFAULT CHARSET=utf8mb4 COLLATE=utf8mb4_unicode_ci;

-- --------------------------------------------------------

--
-- Table structure for table `package_meal_drinks`
--

CREATE TABLE `package_meal_drinks` (
  `id` bigint(20) UNSIGNED NOT NULL,
  `package_meal_id` bigint(20) UNSIGNED NOT NULL,
  `meal_drink_id` bigint(20) UNSIGNED NOT NULL,
  `drink_id` bigint(20) UNSIGNED NOT NULL,
  `unit_id` bigint(20) UNSIGNED NOT NULL,
  `quantity` double DEFAULT 0,
  `quantity_grams` double DEFAULT 0,
  `price` double DEFAULT 0,
  `serving_price` double DEFAULT 0,
  `cals` double DEFAULT 0,
  `proteins` double DEFAULT 0,
  `carbs` double DEFAULT 0,
  `fats` double DEFAULT 0,
  `created_at` timestamp NULL DEFAULT NULL,
  `updated_at` timestamp NULL DEFAULT NULL
) ENGINE=InnoDB DEFAULT CHARSET=utf8mb4 COLLATE=utf8mb4_unicode_ci;

-- --------------------------------------------------------

--
-- Table structure for table `package_meal_packings`
--

CREATE TABLE `package_meal_packings` (
  `id` bigint(20) UNSIGNED NOT NULL,
  `package_meal_id` bigint(20) UNSIGNED NOT NULL,
  `meal_packing_id` bigint(20) UNSIGNED NOT NULL,
  `quantity` double DEFAULT 0,
  `created_at` timestamp NULL DEFAULT NULL,
  `updated_at` timestamp NULL DEFAULT NULL
) ENGINE=InnoDB DEFAULT CHARSET=utf8mb4 COLLATE=utf8mb4_unicode_ci;

-- --------------------------------------------------------

--
-- Table structure for table `package_meal_portions`
--

CREATE TABLE `package_meal_portions` (
  `id` bigint(20) UNSIGNED NOT NULL,
  `package_meal_id` bigint(20) UNSIGNED NOT NULL,
  `meal_portion_id` bigint(20) UNSIGNED NOT NULL,
  `portion_id` bigint(20) UNSIGNED NOT NULL,
  `unit_id` bigint(20) UNSIGNED NOT NULL,
  `quantity` double DEFAULT 0,
  `quantity_grams` double DEFAULT 0,
  `price` double DEFAULT 0,
  `serving_price` double DEFAULT 0,
  `cals` double DEFAULT 0,
  `proteins` double DEFAULT 0,
  `carbs` double DEFAULT 0,
  `fats` double DEFAULT 0,
  `created_at` timestamp NULL DEFAULT NULL,
  `updated_at` timestamp NULL DEFAULT NULL
) ENGINE=InnoDB DEFAULT CHARSET=utf8mb4 COLLATE=utf8mb4_unicode_ci;

-- --------------------------------------------------------

--
-- Table structure for table `package_meal_sauces`
--

CREATE TABLE `package_meal_sauces` (
  `id` bigint(20) UNSIGNED NOT NULL,
  `package_meal_id` bigint(20) UNSIGNED NOT NULL,
  `meal_sauce_id` bigint(20) UNSIGNED NOT NULL,
  `sauce_id` bigint(20) UNSIGNED NOT NULL,
  `unit_id` bigint(20) UNSIGNED NOT NULL,
  `quantity` double DEFAULT 0,
  `quantity_grams` double DEFAULT 0,
  `price` double DEFAULT 0,
  `serving_price` double DEFAULT 0,
  `cals` double DEFAULT 0,
  `proteins` double DEFAULT 0,
  `carbs` double DEFAULT 0,
  `fats` double DEFAULT 0,
  `created_at` timestamp NULL DEFAULT NULL,
  `updated_at` timestamp NULL DEFAULT NULL
) ENGINE=InnoDB DEFAULT CHARSET=utf8mb4 COLLATE=utf8mb4_unicode_ci;

-- --------------------------------------------------------

--
-- Table structure for table `package_meal_sides`
--

CREATE TABLE `package_meal_sides` (
  `id` bigint(20) UNSIGNED NOT NULL,
  `package_meal_id` bigint(20) UNSIGNED NOT NULL,
  `meal_side_id` bigint(20) UNSIGNED NOT NULL,
  `side_id` bigint(20) UNSIGNED NOT NULL,
  `unit_id` bigint(20) UNSIGNED NOT NULL,
  `quantity` double DEFAULT 0,
  `quantity_grams` double DEFAULT 0,
  `price` double DEFAULT 0,
  `serving_price` double DEFAULT 0,
  `cals` double DEFAULT 0,
  `proteins` double DEFAULT 0,
  `carbs` double DEFAULT 0,
  `fats` double DEFAULT 0,
  `created_at` timestamp NULL DEFAULT NULL,
  `updated_at` timestamp NULL DEFAULT NULL
) ENGINE=InnoDB DEFAULT CHARSET=utf8mb4 COLLATE=utf8mb4_unicode_ci;

-- --------------------------------------------------------

--
-- Table structure for table `package_meal_snacks`
--

CREATE TABLE `package_meal_snacks` (
  `id` bigint(20) UNSIGNED NOT NULL,
  `package_meal_id` bigint(20) UNSIGNED NOT NULL,
  `meal_snack_id` bigint(20) UNSIGNED NOT NULL,
  `snack_id` bigint(20) UNSIGNED NOT NULL,
  `unit_id` bigint(20) UNSIGNED NOT NULL,
  `quantity` double DEFAULT 0,
  `quantity_grams` double DEFAULT 0,
  `price` double DEFAULT 0,
  `serving_price` double DEFAULT 0,
  `cals` double DEFAULT 0,
  `proteins` double DEFAULT 0,
  `carbs` double DEFAULT 0,
  `fats` double DEFAULT 0,
  `created_at` timestamp NULL DEFAULT NULL,
  `updated_at` timestamp NULL DEFAULT NULL
) ENGINE=InnoDB DEFAULT CHARSET=utf8mb4 COLLATE=utf8mb4_unicode_ci;

-- --------------------------------------------------------

--
-- Table structure for table `package_plans`
--

CREATE TABLE `package_plans` (
  `id` bigint(20) UNSIGNED NOT NULL,
  `package_id` bigint(20) UNSIGNED NOT NULL,
  `package_intake_id` bigint(20) UNSIGNED NOT NULL,
  `date` varchar(100) COLLATE utf8mb4_unicode_ci DEFAULT NULL,
  `created_at` timestamp NULL DEFAULT NULL,
  `updated_at` timestamp NULL DEFAULT NULL
) ENGINE=InnoDB DEFAULT CHARSET=utf8mb4 COLLATE=utf8mb4_unicode_ci;

-- --------------------------------------------------------

--
-- Table structure for table `package_plan_drinks`
--

CREATE TABLE `package_plan_drinks` (
  `id` bigint(20) UNSIGNED NOT NULL,
  `package_id` bigint(20) UNSIGNED NOT NULL,
  `package_intake_id` bigint(20) UNSIGNED NOT NULL,
  `package_plan_id` bigint(20) UNSIGNED DEFAULT NULL,
  `meal_type_id` bigint(20) UNSIGNED DEFAULT NULL,
  `drink_id` bigint(20) UNSIGNED DEFAULT NULL,
  `default` varchar(255) COLLATE utf8mb4_unicode_ci DEFAULT 'false',
  `created_at` timestamp NULL DEFAULT NULL,
  `updated_at` timestamp NULL DEFAULT NULL
) ENGINE=InnoDB DEFAULT CHARSET=utf8mb4 COLLATE=utf8mb4_unicode_ci;

-- --------------------------------------------------------

--
-- Table structure for table `package_plan_meals`
--

CREATE TABLE `package_plan_meals` (
  `id` bigint(20) UNSIGNED NOT NULL,
  `package_id` bigint(20) UNSIGNED NOT NULL,
  `package_intake_id` bigint(20) UNSIGNED NOT NULL,
  `package_plan_id` bigint(20) UNSIGNED DEFAULT NULL,
  `package_meal_id` bigint(20) UNSIGNED DEFAULT NULL,
  `meal_type_id` bigint(20) UNSIGNED DEFAULT NULL,
  `meal_id` bigint(20) UNSIGNED DEFAULT NULL,
  `default` varchar(255) COLLATE utf8mb4_unicode_ci DEFAULT 'false',
  `created_at` timestamp NULL DEFAULT NULL,
  `updated_at` timestamp NULL DEFAULT NULL
) ENGINE=InnoDB DEFAULT CHARSET=utf8mb4 COLLATE=utf8mb4_unicode_ci;

-- --------------------------------------------------------

--
-- Table structure for table `package_plan_sides`
--

CREATE TABLE `package_plan_sides` (
  `id` bigint(20) UNSIGNED NOT NULL,
  `package_id` bigint(20) UNSIGNED NOT NULL,
  `package_intake_id` bigint(20) UNSIGNED NOT NULL,
  `package_plan_id` bigint(20) UNSIGNED DEFAULT NULL,
  `meal_type_id` bigint(20) UNSIGNED DEFAULT NULL,
  `side_id` bigint(20) UNSIGNED DEFAULT NULL,
  `default` varchar(255) COLLATE utf8mb4_unicode_ci DEFAULT 'false',
  `created_at` timestamp NULL DEFAULT NULL,
  `updated_at` timestamp NULL DEFAULT NULL
) ENGINE=InnoDB DEFAULT CHARSET=utf8mb4 COLLATE=utf8mb4_unicode_ci;

-- --------------------------------------------------------

--
-- Table structure for table `package_plan_snacks`
--

CREATE TABLE `package_plan_snacks` (
  `id` bigint(20) UNSIGNED NOT NULL,
  `package_id` bigint(20) UNSIGNED NOT NULL,
  `package_intake_id` bigint(20) UNSIGNED NOT NULL,
  `package_plan_id` bigint(20) UNSIGNED DEFAULT NULL,
  `meal_type_id` bigint(20) UNSIGNED DEFAULT NULL,
  `snack_id` bigint(20) UNSIGNED DEFAULT NULL,
  `default` varchar(255) COLLATE utf8mb4_unicode_ci DEFAULT 'false',
  `created_at` timestamp NULL DEFAULT NULL,
  `updated_at` timestamp NULL DEFAULT NULL
) ENGINE=InnoDB DEFAULT CHARSET=utf8mb4 COLLATE=utf8mb4_unicode_ci;

-- --------------------------------------------------------

--
-- Table structure for table `portions`
--

CREATE TABLE `portions` (
  `id` bigint(20) UNSIGNED NOT NULL,
  `cuisine_id` bigint(20) UNSIGNED DEFAULT NULL,
  `name` text COLLATE utf8mb4_unicode_ci DEFAULT NULL,
  `img` text COLLATE utf8mb4_unicode_ci DEFAULT NULL,
  `source` varchar(100) COLLATE utf8mb4_unicode_ci DEFAULT NULL,
  `validity` int(11) DEFAULT 1,
  `instructions` text COLLATE utf8mb4_unicode_ci DEFAULT NULL,
  `price` double DEFAULT 0,
  `yield` double DEFAULT 0,
  `serving_number` double DEFAULT 0,
  `serving_price` double DEFAULT 0,
  `serving_weight` double DEFAULT 0,
  `grams` double DEFAULT 0,
  `cals` double DEFAULT NULL,
  `proteins` double DEFAULT NULL,
  `carbs` double DEFAULT NULL,
  `fats` double DEFAULT NULL,
  `created_at` timestamp NULL DEFAULT NULL,
  `updated_at` timestamp NULL DEFAULT NULL
) ENGINE=InnoDB DEFAULT CHARSET=utf8mb4 COLLATE=utf8mb4_unicode_ci;

-- --------------------------------------------------------

--
-- Table structure for table `portion_components`
--

CREATE TABLE `portion_components` (
  `id` bigint(20) UNSIGNED NOT NULL,
  `portion_id` bigint(20) UNSIGNED NOT NULL,
  `component_id` bigint(20) UNSIGNED NOT NULL,
  `unit_id` bigint(20) UNSIGNED DEFAULT NULL,
  `type` varchar(100) COLLATE utf8mb4_unicode_ci DEFAULT NULL,
  `role` varchar(100) COLLATE utf8mb4_unicode_ci DEFAULT NULL,
  `quantity` double UNSIGNED DEFAULT 0,
  `quantity_grams` double UNSIGNED DEFAULT 0,
  `percentage` double DEFAULT NULL,
  `cals` double DEFAULT 0,
  `proteins` double DEFAULT 0,
  `carbs` double DEFAULT 0,
  `fats` double DEFAULT 0,
  `created_at` timestamp NULL DEFAULT NULL,
  `updated_at` timestamp NULL DEFAULT NULL
) ENGINE=InnoDB DEFAULT CHARSET=utf8mb4 COLLATE=utf8mb4_unicode_ci;

-- --------------------------------------------------------

--
-- Table structure for table `portion_packings`
--

CREATE TABLE `portion_packings` (
  `id` bigint(20) UNSIGNED NOT NULL,
  `portion_id` bigint(20) UNSIGNED NOT NULL,
  `name` text COLLATE utf8mb4_unicode_ci DEFAULT NULL,
  `quantity` double UNSIGNED DEFAULT 0,
  `created_at` timestamp NULL DEFAULT NULL,
  `updated_at` timestamp NULL DEFAULT NULL
) ENGINE=InnoDB DEFAULT CHARSET=utf8mb4 COLLATE=utf8mb4_unicode_ci;

-- --------------------------------------------------------

--
-- Table structure for table `portion_portions`
--

CREATE TABLE `portion_portions` (
  `id` bigint(20) UNSIGNED NOT NULL,
  `portion_id` bigint(20) UNSIGNED NOT NULL,
  `subportion_id` bigint(20) UNSIGNED DEFAULT NULL,
  `unit_id` bigint(20) UNSIGNED DEFAULT NULL,
  `type` varchar(100) COLLATE utf8mb4_unicode_ci DEFAULT NULL,
  `role` varchar(100) COLLATE utf8mb4_unicode_ci DEFAULT NULL,
  `quantity` double UNSIGNED DEFAULT 0,
  `quantity_grams` double UNSIGNED DEFAULT 0,
  `percentage` double DEFAULT NULL,
  `cals` double DEFAULT 0,
  `proteins` double DEFAULT 0,
  `carbs` double DEFAULT 0,
  `fats` double DEFAULT 0,
  `created_at` timestamp NULL DEFAULT NULL,
  `updated_at` timestamp NULL DEFAULT NULL
) ENGINE=InnoDB DEFAULT CHARSET=utf8mb4 COLLATE=utf8mb4_unicode_ci;

-- --------------------------------------------------------

--
-- Table structure for table `promocodes`
--

CREATE TABLE `promocodes` (
  `id` bigint(20) UNSIGNED NOT NULL,
  `name` text COLLATE utf8mb4_unicode_ci DEFAULT NULL,
  `code` varchar(100) COLLATE utf8mb4_unicode_ci DEFAULT NULL,
  `percentage` double DEFAULT 0,
  `limit` int(11) DEFAULT 1,
  `used` int(11) DEFAULT 0,
  `status` varchar(100) COLLATE utf8mb4_unicode_ci DEFAULT 'active',
  `created_at` timestamp NULL DEFAULT NULL,
  `updated_at` timestamp NULL DEFAULT NULL
) ENGINE=InnoDB DEFAULT CHARSET=utf8mb4 COLLATE=utf8mb4_unicode_ci;

-- --------------------------------------------------------

--
-- Table structure for table `sauces`
--

CREATE TABLE `sauces` (
  `id` bigint(20) UNSIGNED NOT NULL,
  `cuisine_id` bigint(20) UNSIGNED DEFAULT NULL,
  `name` text COLLATE utf8mb4_unicode_ci DEFAULT NULL,
  `img` text COLLATE utf8mb4_unicode_ci DEFAULT NULL,
  `veg` varchar(100) COLLATE utf8mb4_unicode_ci DEFAULT NULL,
  `gluten` varchar(100) COLLATE utf8mb4_unicode_ci DEFAULT 'false',
  `dairy` varchar(100) COLLATE utf8mb4_unicode_ci DEFAULT 'false',
  `menu` varchar(100) COLLATE utf8mb4_unicode_ci DEFAULT 'false',
  `vip` varchar(100) COLLATE utf8mb4_unicode_ci DEFAULT 'false',
  `general` varchar(100) COLLATE utf8mb4_unicode_ci DEFAULT 'false',
  `instructions` text COLLATE utf8mb4_unicode_ci DEFAULT NULL,
  `price` double DEFAULT 0,
  `yield` double DEFAULT 0,
  `serving_number` double DEFAULT 0,
  `serving_price` double DEFAULT 0,
  `serving_weight` double DEFAULT 0,
  `grams` double DEFAULT 0,
  `cals` double DEFAULT 0,
  `proteins` double DEFAULT 0,
  `carbs` double DEFAULT 0,
  `fats` double DEFAULT 0,
  `created_at` timestamp NULL DEFAULT NULL,
  `updated_at` timestamp NULL DEFAULT NULL
) ENGINE=InnoDB DEFAULT CHARSET=utf8mb4 COLLATE=utf8mb4_unicode_ci;

-- --------------------------------------------------------

--
-- Table structure for table `sauce_components`
--

CREATE TABLE `sauce_components` (
  `id` bigint(20) UNSIGNED NOT NULL,
  `sauce_id` bigint(20) UNSIGNED NOT NULL,
  `component_id` bigint(20) UNSIGNED NOT NULL,
  `unit_id` bigint(20) UNSIGNED DEFAULT NULL,
  `type` varchar(100) COLLATE utf8mb4_unicode_ci DEFAULT NULL,
  `role` varchar(100) COLLATE utf8mb4_unicode_ci DEFAULT NULL,
  `quantity` double UNSIGNED DEFAULT 0,
  `quantity_grams` double UNSIGNED DEFAULT 0,
  `cals` double DEFAULT NULL,
  `proteins` double DEFAULT NULL,
  `carbs` double DEFAULT NULL,
  `fats` double DEFAULT NULL,
  `created_at` timestamp NULL DEFAULT NULL,
  `updated_at` timestamp NULL DEFAULT NULL
) ENGINE=InnoDB DEFAULT CHARSET=utf8mb4 COLLATE=utf8mb4_unicode_ci;

-- --------------------------------------------------------

--
-- Table structure for table `sauce_packings`
--

CREATE TABLE `sauce_packings` (
  `id` bigint(20) UNSIGNED NOT NULL,
  `sauce_id` bigint(20) UNSIGNED NOT NULL,
  `name` text COLLATE utf8mb4_unicode_ci DEFAULT NULL,
  `quantity` double UNSIGNED DEFAULT 0,
  `created_at` timestamp NULL DEFAULT NULL,
  `updated_at` timestamp NULL DEFAULT NULL
) ENGINE=InnoDB DEFAULT CHARSET=utf8mb4 COLLATE=utf8mb4_unicode_ci;

-- --------------------------------------------------------

--
-- Table structure for table `sauce_portions`
--

CREATE TABLE `sauce_portions` (
  `id` bigint(20) UNSIGNED NOT NULL,
  `sauce_id` bigint(20) UNSIGNED NOT NULL,
  `portion_id` bigint(20) UNSIGNED NOT NULL,
  `unit_id` bigint(20) UNSIGNED DEFAULT NULL,
  `type` varchar(100) COLLATE utf8mb4_unicode_ci DEFAULT NULL,
  `role` varchar(100) COLLATE utf8mb4_unicode_ci DEFAULT NULL,
  `quantity` double UNSIGNED DEFAULT 0,
  `quantity_grams` double UNSIGNED DEFAULT 0,
  `cals` double DEFAULT NULL,
  `proteins` double DEFAULT NULL,
  `carbs` double DEFAULT NULL,
  `fats` double DEFAULT NULL,
  `created_at` timestamp NULL DEFAULT NULL,
  `updated_at` timestamp NULL DEFAULT NULL
) ENGINE=InnoDB DEFAULT CHARSET=utf8mb4 COLLATE=utf8mb4_unicode_ci;

-- --------------------------------------------------------

--
-- Table structure for table `settings`
--

CREATE TABLE `settings` (
  `id` bigint(20) UNSIGNED NOT NULL,
  `logo` text COLLATE utf8mb4_unicode_ci DEFAULT NULL,
  `bag_price` double DEFAULT 0,
  `created_at` timestamp NULL DEFAULT NULL,
  `updated_at` timestamp NULL DEFAULT NULL
) ENGINE=InnoDB DEFAULT CHARSET=utf8mb4 COLLATE=utf8mb4_unicode_ci;

--
-- Dumping data for table `settings`
--

INSERT INTO `settings` (`id`, `logo`, `bag_price`, `created_at`, `updated_at`) VALUES
(1, '', 100, '2023-03-14 04:52:06', '2023-03-14 04:52:06');

-- --------------------------------------------------------

--
-- Table structure for table `sides`
--

CREATE TABLE `sides` (
  `id` bigint(20) UNSIGNED NOT NULL,
  `cuisine_id` bigint(20) UNSIGNED DEFAULT NULL,
  `name` text COLLATE utf8mb4_unicode_ci DEFAULT NULL,
  `img` text COLLATE utf8mb4_unicode_ci DEFAULT NULL,
  `veg` varchar(100) COLLATE utf8mb4_unicode_ci DEFAULT 'Non-Veg',
  `gluten` varchar(100) COLLATE utf8mb4_unicode_ci DEFAULT 'false',
  `dairy` varchar(100) COLLATE utf8mb4_unicode_ci DEFAULT 'false',
  `menu` varchar(100) COLLATE utf8mb4_unicode_ci DEFAULT 'false',
  `vip` varchar(100) COLLATE utf8mb4_unicode_ci DEFAULT 'false',
  `general` varchar(100) COLLATE utf8mb4_unicode_ci DEFAULT 'false',
  `instructions` text COLLATE utf8mb4_unicode_ci DEFAULT NULL,
  `price` double DEFAULT 0,
  `yield` double DEFAULT 0,
  `serving_number` double DEFAULT 0,
  `serving_price` double DEFAULT 0,
  `serving_weight` double DEFAULT 0,
  `grams` double DEFAULT 0,
  `cals` double DEFAULT 0,
  `proteins` double DEFAULT 0,
  `carbs` double DEFAULT 0,
  `fats` double DEFAULT 0,
  `created_at` timestamp NULL DEFAULT NULL,
  `updated_at` timestamp NULL DEFAULT NULL
) ENGINE=InnoDB DEFAULT CHARSET=utf8mb4 COLLATE=utf8mb4_unicode_ci;

-- --------------------------------------------------------

--
-- Table structure for table `side_components`
--

CREATE TABLE `side_components` (
  `id` bigint(20) UNSIGNED NOT NULL,
  `side_id` bigint(20) UNSIGNED NOT NULL,
  `component_id` bigint(20) UNSIGNED NOT NULL,
  `unit_id` bigint(20) UNSIGNED DEFAULT NULL,
  `type` varchar(100) COLLATE utf8mb4_unicode_ci DEFAULT NULL,
  `role` varchar(100) COLLATE utf8mb4_unicode_ci DEFAULT NULL,
  `quantity` double UNSIGNED DEFAULT 0,
  `quantity_grams` double UNSIGNED DEFAULT 0,
  `cals` double DEFAULT NULL,
  `proteins` double DEFAULT NULL,
  `carbs` double DEFAULT NULL,
  `fats` double DEFAULT NULL,
  `created_at` timestamp NULL DEFAULT NULL,
  `updated_at` timestamp NULL DEFAULT NULL
) ENGINE=InnoDB DEFAULT CHARSET=utf8mb4 COLLATE=utf8mb4_unicode_ci;

-- --------------------------------------------------------

--
-- Table structure for table `side_packings`
--

CREATE TABLE `side_packings` (
  `id` bigint(20) UNSIGNED NOT NULL,
  `side_id` bigint(20) UNSIGNED NOT NULL,
  `name` text COLLATE utf8mb4_unicode_ci DEFAULT NULL,
  `quantity` double UNSIGNED DEFAULT 0,
  `created_at` timestamp NULL DEFAULT NULL,
  `updated_at` timestamp NULL DEFAULT NULL
) ENGINE=InnoDB DEFAULT CHARSET=utf8mb4 COLLATE=utf8mb4_unicode_ci;

-- --------------------------------------------------------

--
-- Table structure for table `side_portions`
--

CREATE TABLE `side_portions` (
  `id` bigint(20) UNSIGNED NOT NULL,
  `side_id` bigint(20) UNSIGNED NOT NULL,
  `portion_id` bigint(20) UNSIGNED NOT NULL,
  `unit_id` bigint(20) UNSIGNED DEFAULT NULL,
  `type` varchar(100) COLLATE utf8mb4_unicode_ci DEFAULT NULL,
  `role` varchar(100) COLLATE utf8mb4_unicode_ci DEFAULT NULL,
  `quantity` double UNSIGNED DEFAULT 0,
  `quantity_grams` double UNSIGNED DEFAULT 0,
  `cals` double DEFAULT NULL,
  `proteins` double DEFAULT NULL,
  `carbs` double DEFAULT NULL,
  `fats` double DEFAULT NULL,
  `created_at` timestamp NULL DEFAULT NULL,
  `updated_at` timestamp NULL DEFAULT NULL
) ENGINE=InnoDB DEFAULT CHARSET=utf8mb4 COLLATE=utf8mb4_unicode_ci;

-- --------------------------------------------------------

--
-- Table structure for table `snacks`
--

CREATE TABLE `snacks` (
  `id` bigint(20) UNSIGNED NOT NULL,
  `cuisine_id` bigint(20) UNSIGNED DEFAULT NULL,
  `name` text COLLATE utf8mb4_unicode_ci DEFAULT NULL,
  `img` text COLLATE utf8mb4_unicode_ci DEFAULT NULL,
  `veg` varchar(100) COLLATE utf8mb4_unicode_ci DEFAULT 'Non-Veg',
  `gluten` varchar(100) COLLATE utf8mb4_unicode_ci DEFAULT 'false',
  `dairy` varchar(100) COLLATE utf8mb4_unicode_ci DEFAULT 'false',
  `menu` varchar(100) COLLATE utf8mb4_unicode_ci DEFAULT 'false',
  `vip` varchar(100) COLLATE utf8mb4_unicode_ci DEFAULT 'false',
  `general` varchar(100) COLLATE utf8mb4_unicode_ci DEFAULT 'false',
  `instructions` text COLLATE utf8mb4_unicode_ci DEFAULT NULL,
  `price` double DEFAULT 0,
  `yield` double DEFAULT 0,
  `serving_number` double DEFAULT 0,
  `serving_price` double DEFAULT 0,
  `serving_weight` double DEFAULT 0,
  `grams` double DEFAULT 0,
  `cals` double DEFAULT 0,
  `proteins` double DEFAULT 0,
  `carbs` double DEFAULT 0,
  `fats` double DEFAULT 0,
  `created_at` timestamp NULL DEFAULT NULL,
  `updated_at` timestamp NULL DEFAULT NULL
) ENGINE=InnoDB DEFAULT CHARSET=utf8mb4 COLLATE=utf8mb4_unicode_ci;

-- --------------------------------------------------------

--
-- Table structure for table `snack_components`
--

CREATE TABLE `snack_components` (
  `id` bigint(20) UNSIGNED NOT NULL,
  `snack_id` bigint(20) UNSIGNED NOT NULL,
  `component_id` bigint(20) UNSIGNED NOT NULL,
  `unit_id` bigint(20) UNSIGNED DEFAULT NULL,
  `type` varchar(100) COLLATE utf8mb4_unicode_ci DEFAULT NULL,
  `role` varchar(100) COLLATE utf8mb4_unicode_ci DEFAULT NULL,
  `quantity` double UNSIGNED DEFAULT 0,
  `quantity_grams` double UNSIGNED DEFAULT 0,
  `cals` double DEFAULT NULL,
  `proteins` double DEFAULT NULL,
  `carbs` double DEFAULT NULL,
  `fats` double DEFAULT NULL,
  `created_at` timestamp NULL DEFAULT NULL,
  `updated_at` timestamp NULL DEFAULT NULL
) ENGINE=InnoDB DEFAULT CHARSET=utf8mb4 COLLATE=utf8mb4_unicode_ci;

-- --------------------------------------------------------

--
-- Table structure for table `snack_packings`
--

CREATE TABLE `snack_packings` (
  `id` bigint(20) UNSIGNED NOT NULL,
  `snack_id` bigint(20) UNSIGNED NOT NULL,
  `name` text COLLATE utf8mb4_unicode_ci DEFAULT NULL,
  `quantity` double UNSIGNED DEFAULT 0,
  `created_at` timestamp NULL DEFAULT NULL,
  `updated_at` timestamp NULL DEFAULT NULL
) ENGINE=InnoDB DEFAULT CHARSET=utf8mb4 COLLATE=utf8mb4_unicode_ci;

-- --------------------------------------------------------

--
-- Table structure for table `snack_portions`
--

CREATE TABLE `snack_portions` (
  `id` bigint(20) UNSIGNED NOT NULL,
  `snack_id` bigint(20) UNSIGNED NOT NULL,
  `portion_id` bigint(20) UNSIGNED NOT NULL,
  `unit_id` bigint(20) UNSIGNED DEFAULT NULL,
  `type` varchar(100) COLLATE utf8mb4_unicode_ci DEFAULT NULL,
  `role` varchar(100) COLLATE utf8mb4_unicode_ci DEFAULT NULL,
  `quantity` double UNSIGNED DEFAULT 0,
  `quantity_grams` double UNSIGNED DEFAULT 0,
  `cals` double DEFAULT NULL,
  `proteins` double DEFAULT NULL,
  `carbs` double DEFAULT NULL,
  `fats` double DEFAULT NULL,
  `created_at` timestamp NULL DEFAULT NULL,
  `updated_at` timestamp NULL DEFAULT NULL
) ENGINE=InnoDB DEFAULT CHARSET=utf8mb4 COLLATE=utf8mb4_unicode_ci;

-- --------------------------------------------------------

--
-- Table structure for table `units`
--

CREATE TABLE `units` (
  `id` bigint(20) UNSIGNED NOT NULL,
  `name` varchar(100) COLLATE utf8mb4_unicode_ci DEFAULT NULL,
  `liters` double DEFAULT 0,
  `grams` double DEFAULT 0,
  `created_at` timestamp NULL DEFAULT NULL,
  `updated_at` timestamp NULL DEFAULT NULL
) ENGINE=InnoDB DEFAULT CHARSET=utf8mb4 COLLATE=utf8mb4_unicode_ci;

--
-- Indexes for dumped tables
--

--
-- Indexes for table `allergy_lists`
--
ALTER TABLE `allergy_lists`
  ADD PRIMARY KEY (`id`);

--
-- Indexes for table `cities`
--
ALTER TABLE `cities`
  ADD PRIMARY KEY (`id`);

--
-- Indexes for table `city_districts`
--
ALTER TABLE `city_districts`
  ADD PRIMARY KEY (`id`),
  ADD KEY `city_districts_city_id_foreign` (`city_id`);

--
-- Indexes for table `components`
--
ALTER TABLE `components`
  ADD PRIMARY KEY (`id`),
  ADD KEY `components_component_category_id_foreign` (`component_category_id`),
  ADD KEY `components_component_group_id_foreign` (`component_group_id`),
  ADD KEY `components_exclude_list_id_foreign` (`exclude_list_id`),
  ADD KEY `components_allergy_list_id_foreign` (`allergy_list_id`);

--
-- Indexes for table `component_categories`
--
ALTER TABLE `component_categories`
  ADD PRIMARY KEY (`id`);

--
-- Indexes for table `component_groups`
--
ALTER TABLE `component_groups`
  ADD PRIMARY KEY (`id`);

--
-- Indexes for table `component_types`
--
ALTER TABLE `component_types`
  ADD PRIMARY KEY (`id`),
  ADD KEY `component_types_component_id_foreign` (`component_id`);

--
-- Indexes for table `cuisines`
--
ALTER TABLE `cuisines`
  ADD PRIMARY KEY (`id`);

--
-- Indexes for table `customer_addresses`
--
ALTER TABLE `customer_addresses`
  ADD PRIMARY KEY (`id`),
  ADD KEY `customer_addresses_customer_id_foreign` (`customer_id`),
  ADD KEY `customer_addresses_city_id_foreign` (`city_id`),
  ADD KEY `customer_addresses_city_district_id_foreign` (`city_district_id`);

--
-- Indexes for table `customer_allergies`
--
ALTER TABLE `customer_allergies`
  ADD PRIMARY KEY (`id`),
  ADD KEY `customer_allergies_customer_id_foreign` (`customer_id`),
  ADD KEY `customer_allergies_allergy_list_id_foreign` (`allergy_list_id`);

--
-- Indexes for table `customer_deliveries`
--
ALTER TABLE `customer_deliveries`
  ADD PRIMARY KEY (`id`),
  ADD KEY `customer_deliveries_customer_id_foreign` (`customer_id`),
  ADD KEY `customer_deliveries_package_id_foreign` (`package_id`),
  ADD KEY `customer_deliveries_delivery_company_id_foreign` (`delivery_company_id`),
  ADD KEY `customer_deliveries_delivery_time_id_foreign` (`delivery_time_id`);

--
-- Indexes for table `customer_drinks`
--
ALTER TABLE `customer_drinks`
  ADD PRIMARY KEY (`id`),
  ADD KEY `customer_drinks_customer_id_foreign` (`customer_id`),
  ADD KEY `customer_drinks_meal_type_id_foreign` (`meal_type_id`),
  ADD KEY `customer_drinks_package_id_foreign` (`package_id`),
  ADD KEY `customer_drinks_package_plan_drink_id_foreign` (`package_plan_drink_id`),
  ADD KEY `customer_drinks_drink_id_foreign` (`drink_id`),
  ADD KEY `customer_drinks_chef_id_foreign` (`chef_id`);

--
-- Indexes for table `customer_excludes`
--
ALTER TABLE `customer_excludes`
  ADD PRIMARY KEY (`id`),
  ADD KEY `customer_excludes_customer_id_foreign` (`customer_id`),
  ADD KEY `customer_excludes_exclude_list_id_foreign` (`exclude_list_id`);

--
-- Indexes for table `customer_lead_addresses`
--
ALTER TABLE `customer_lead_addresses`
  ADD PRIMARY KEY (`id`),
  ADD KEY `customer_lead_addresses_customer_lead_id_foreign` (`customer_lead_id`),
  ADD KEY `customer_lead_addresses_city_id_foreign` (`city_id`),
  ADD KEY `customer_lead_addresses_city_district_id_foreign` (`city_district_id`);

--
-- Indexes for table `customer_lead_allergies`
--
ALTER TABLE `customer_lead_allergies`
  ADD PRIMARY KEY (`id`),
  ADD KEY `customer_lead_allergies_customer_lead_id_foreign` (`customer_lead_id`),
  ADD KEY `customer_lead_allergies_allergy_list_id_foreign` (`allergy_list_id`);

--
-- Indexes for table `customer_lead_excludes`
--
ALTER TABLE `customer_lead_excludes`
  ADD PRIMARY KEY (`id`),
  ADD KEY `customer_lead_excludes_customer_lead_id_foreign` (`customer_lead_id`),
  ADD KEY `customer_lead_excludes_exclude_list_id_foreign` (`exclude_list_id`);

--
-- Indexes for table `customer_meals`
--
ALTER TABLE `customer_meals`
  ADD PRIMARY KEY (`id`),
  ADD KEY `customer_meals_customer_id_foreign` (`customer_id`),
  ADD KEY `customer_meals_meal_type_id_foreign` (`meal_type_id`),
  ADD KEY `customer_meals_package_id_foreign` (`package_id`),
  ADD KEY `customer_meals_package_plan_meal_id_foreign` (`package_plan_meal_id`),
  ADD KEY `customer_meals_package_meal_id_foreign` (`package_meal_id`),
  ADD KEY `customer_meals_meal_id_foreign` (`meal_id`),
  ADD KEY `customer_meals_chef_id_foreign` (`chef_id`);

--
-- Indexes for table `customer_sides`
--
ALTER TABLE `customer_sides`
  ADD PRIMARY KEY (`id`),
  ADD KEY `customer_sides_customer_id_foreign` (`customer_id`),
  ADD KEY `customer_sides_meal_type_id_foreign` (`meal_type_id`),
  ADD KEY `customer_sides_package_id_foreign` (`package_id`),
  ADD KEY `customer_sides_package_plan_side_id_foreign` (`package_plan_side_id`),
  ADD KEY `customer_sides_side_id_foreign` (`side_id`),
  ADD KEY `customer_sides_chef_id_foreign` (`chef_id`);

--
-- Indexes for table `customer_snacks`
--
ALTER TABLE `customer_snacks`
  ADD PRIMARY KEY (`id`),
  ADD KEY `customer_snacks_customer_id_foreign` (`customer_id`),
  ADD KEY `customer_snacks_meal_type_id_foreign` (`meal_type_id`),
  ADD KEY `customer_snacks_package_id_foreign` (`package_id`),
  ADD KEY `customer_snacks_package_plan_snack_id_foreign` (`package_plan_snack_id`),
  ADD KEY `customer_snacks_snack_id_foreign` (`snack_id`),
  ADD KEY `customer_snacks_chef_id_foreign` (`chef_id`);

--
-- Indexes for table `days_offs`
--
ALTER TABLE `days_offs`
  ADD PRIMARY KEY (`id`);

--
-- Indexes for table `delivery_companies`
--
ALTER TABLE `delivery_companies`
  ADD PRIMARY KEY (`id`);

--
-- Indexes for table `delivery_times`
--
ALTER TABLE `delivery_times`
  ADD PRIMARY KEY (`id`);

--
-- Indexes for table `drinks`
--
ALTER TABLE `drinks`
  ADD PRIMARY KEY (`id`),
  ADD KEY `drinks_cuisine_id_foreign` (`cuisine_id`);

--
-- Indexes for table `drink_components`
--
ALTER TABLE `drink_components`
  ADD PRIMARY KEY (`id`),
  ADD KEY `drink_components_drink_id_foreign` (`drink_id`),
  ADD KEY `drink_components_component_id_foreign` (`component_id`),
  ADD KEY `drink_components_unit_id_foreign` (`unit_id`);

--
-- Indexes for table `drink_packings`
--
ALTER TABLE `drink_packings`
  ADD PRIMARY KEY (`id`),
  ADD KEY `drink_packings_drink_id_foreign` (`drink_id`);

--
-- Indexes for table `drink_portions`
--
ALTER TABLE `drink_portions`
  ADD PRIMARY KEY (`id`),
  ADD KEY `drink_portions_drink_id_foreign` (`drink_id`),
  ADD KEY `drink_portions_portion_id_foreign` (`portion_id`),
  ADD KEY `drink_portions_unit_id_foreign` (`unit_id`);

--
-- Indexes for table `exclude_lists`
--
ALTER TABLE `exclude_lists`
  ADD PRIMARY KEY (`id`);

--
-- Indexes for table `meals`
--
ALTER TABLE `meals`
  ADD PRIMARY KEY (`id`),
  ADD KEY `meals_cuisine_id_foreign` (`cuisine_id`);

--
-- Indexes for table `meal_drinks`
--
ALTER TABLE `meal_drinks`
  ADD PRIMARY KEY (`id`),
  ADD KEY `meal_drinks_meal_id_foreign` (`meal_id`),
  ADD KEY `meal_drinks_drink_id_foreign` (`drink_id`);

--
-- Indexes for table `meal_packings`
--
ALTER TABLE `meal_packings`
  ADD PRIMARY KEY (`id`),
  ADD KEY `meal_packings_meal_id_foreign` (`meal_id`);

--
-- Indexes for table `meal_portions`
--
ALTER TABLE `meal_portions`
  ADD PRIMARY KEY (`id`),
  ADD KEY `meal_portions_meal_id_foreign` (`meal_id`),
  ADD KEY `meal_portions_portion_id_foreign` (`portion_id`);

--
-- Indexes for table `meal_sauces`
--
ALTER TABLE `meal_sauces`
  ADD PRIMARY KEY (`id`),
  ADD KEY `meal_sauces_meal_id_foreign` (`meal_id`),
  ADD KEY `meal_sauces_sauce_id_foreign` (`sauce_id`);

--
-- Indexes for table `meal_sides`
--
ALTER TABLE `meal_sides`
  ADD PRIMARY KEY (`id`),
  ADD KEY `meal_sides_meal_id_foreign` (`meal_id`),
  ADD KEY `meal_sides_side_id_foreign` (`side_id`);

--
-- Indexes for table `meal_snacks`
--
ALTER TABLE `meal_snacks`
  ADD PRIMARY KEY (`id`),
  ADD KEY `meal_snacks_meal_id_foreign` (`meal_id`),
  ADD KEY `meal_snacks_snack_id_foreign` (`snack_id`);

--
-- Indexes for table `meal_types`
--
ALTER TABLE `meal_types`
  ADD PRIMARY KEY (`id`);

--
-- Indexes for table `meal_type_items`
--
ALTER TABLE `meal_type_items`
  ADD PRIMARY KEY (`id`),
  ADD KEY `meal_type_items_meal_type_id_foreign` (`meal_type_id`);

--
-- Indexes for table `migrations`
--
ALTER TABLE `migrations`
  ADD PRIMARY KEY (`id`);

--
-- Indexes for table `packages`
--
ALTER TABLE `packages`
  ADD PRIMARY KEY (`id`);

--
-- Indexes for table `package_bundles`
--
ALTER TABLE `package_bundles`
  ADD PRIMARY KEY (`id`),
  ADD KEY `package_bundles_package_id_foreign` (`package_id`);

--
-- Indexes for table `package_bundle_days`
--
ALTER TABLE `package_bundle_days`
  ADD PRIMARY KEY (`id`),
  ADD KEY `package_bundle_days_package_id_foreign` (`package_id`),
  ADD KEY `package_bundle_days_package_bundle_id_foreign` (`package_bundle_id`);

--
-- Indexes for table `package_bundle_types`
--
ALTER TABLE `package_bundle_types`
  ADD PRIMARY KEY (`id`),
  ADD KEY `package_bundle_types_package_id_foreign` (`package_id`),
  ADD KEY `package_bundle_types_package_bundle_id_foreign` (`package_bundle_id`),
  ADD KEY `package_bundle_types_meal_type_id_foreign` (`meal_type_id`);

--
-- Indexes for table `package_intakes`
--
ALTER TABLE `package_intakes`
  ADD PRIMARY KEY (`id`),
  ADD KEY `package_intakes_package_id_foreign` (`package_id`);

--
-- Indexes for table `package_intake_meals`
--
ALTER TABLE `package_intake_meals`
  ADD PRIMARY KEY (`id`),
  ADD KEY `package_intake_meals_package_id_foreign` (`package_id`),
  ADD KEY `package_intake_meals_package_intake_id_foreign` (`package_intake_id`),
  ADD KEY `package_intake_meals_meal_type_id_foreign` (`meal_type_id`);

--
-- Indexes for table `package_meals`
--
ALTER TABLE `package_meals`
  ADD PRIMARY KEY (`id`),
  ADD KEY `package_meals_package_id_foreign` (`package_id`),
  ADD KEY `package_meals_package_intake_id_foreign` (`package_intake_id`),
  ADD KEY `package_meals_meal_id_foreign` (`meal_id`),
  ADD KEY `package_meals_meal_type_id_foreign` (`meal_type_id`),
  ADD KEY `package_meals_meal_type_item_id_foreign` (`meal_type_item_id`);

--
-- Indexes for table `package_meal_drinks`
--
ALTER TABLE `package_meal_drinks`
  ADD PRIMARY KEY (`id`),
  ADD KEY `package_meal_drinks_package_meal_id_foreign` (`package_meal_id`),
  ADD KEY `package_meal_drinks_meal_drink_id_foreign` (`meal_drink_id`),
  ADD KEY `package_meal_drinks_drink_id_foreign` (`drink_id`),
  ADD KEY `package_meal_drinks_unit_id_foreign` (`unit_id`);

--
-- Indexes for table `package_meal_packings`
--
ALTER TABLE `package_meal_packings`
  ADD PRIMARY KEY (`id`),
  ADD KEY `package_meal_packings_package_meal_id_foreign` (`package_meal_id`),
  ADD KEY `package_meal_packings_meal_packing_id_foreign` (`meal_packing_id`);

--
-- Indexes for table `package_meal_portions`
--
ALTER TABLE `package_meal_portions`
  ADD PRIMARY KEY (`id`),
  ADD KEY `package_meal_portions_package_meal_id_foreign` (`package_meal_id`),
  ADD KEY `package_meal_portions_meal_portion_id_foreign` (`meal_portion_id`),
  ADD KEY `package_meal_portions_portion_id_foreign` (`portion_id`),
  ADD KEY `package_meal_portions_unit_id_foreign` (`unit_id`);

--
-- Indexes for table `package_meal_sauces`
--
ALTER TABLE `package_meal_sauces`
  ADD PRIMARY KEY (`id`),
  ADD KEY `package_meal_sauces_package_meal_id_foreign` (`package_meal_id`),
  ADD KEY `package_meal_sauces_meal_sauce_id_foreign` (`meal_sauce_id`),
  ADD KEY `package_meal_sauces_sauce_id_foreign` (`sauce_id`),
  ADD KEY `package_meal_sauces_unit_id_foreign` (`unit_id`);

--
-- Indexes for table `package_meal_sides`
--
ALTER TABLE `package_meal_sides`
  ADD PRIMARY KEY (`id`),
  ADD KEY `package_meal_sides_package_meal_id_foreign` (`package_meal_id`),
  ADD KEY `package_meal_sides_meal_side_id_foreign` (`meal_side_id`),
  ADD KEY `package_meal_sides_side_id_foreign` (`side_id`),
  ADD KEY `package_meal_sides_unit_id_foreign` (`unit_id`);

--
-- Indexes for table `package_meal_snacks`
--
ALTER TABLE `package_meal_snacks`
  ADD PRIMARY KEY (`id`),
  ADD KEY `package_meal_snacks_package_meal_id_foreign` (`package_meal_id`),
  ADD KEY `package_meal_snacks_meal_snack_id_foreign` (`meal_snack_id`),
  ADD KEY `package_meal_snacks_snack_id_foreign` (`snack_id`),
  ADD KEY `package_meal_snacks_unit_id_foreign` (`unit_id`);

--
-- Indexes for table `package_plans`
--
ALTER TABLE `package_plans`
  ADD PRIMARY KEY (`id`),
  ADD KEY `package_plans_package_id_foreign` (`package_id`),
  ADD KEY `package_plans_package_intake_id_foreign` (`package_intake_id`);

--
-- Indexes for table `package_plan_drinks`
--
ALTER TABLE `package_plan_drinks`
  ADD PRIMARY KEY (`id`),
  ADD KEY `package_plan_drinks_package_id_foreign` (`package_id`),
  ADD KEY `package_plan_drinks_package_intake_id_foreign` (`package_intake_id`),
  ADD KEY `package_plan_drinks_package_plan_id_foreign` (`package_plan_id`),
  ADD KEY `package_plan_drinks_meal_type_id_foreign` (`meal_type_id`),
  ADD KEY `package_plan_drinks_drink_id_foreign` (`drink_id`);

--
-- Indexes for table `package_plan_meals`
--
ALTER TABLE `package_plan_meals`
  ADD PRIMARY KEY (`id`),
  ADD KEY `package_plan_meals_package_id_foreign` (`package_id`),
  ADD KEY `package_plan_meals_package_intake_id_foreign` (`package_intake_id`),
  ADD KEY `package_plan_meals_package_plan_id_foreign` (`package_plan_id`),
  ADD KEY `package_plan_meals_package_meal_id_foreign` (`package_meal_id`),
  ADD KEY `package_plan_meals_meal_type_id_foreign` (`meal_type_id`),
  ADD KEY `package_plan_meals_meal_id_foreign` (`meal_id`);

--
-- Indexes for table `package_plan_sides`
--
ALTER TABLE `package_plan_sides`
  ADD PRIMARY KEY (`id`),
  ADD KEY `package_plan_sides_package_id_foreign` (`package_id`),
  ADD KEY `package_plan_sides_package_intake_id_foreign` (`package_intake_id`),
  ADD KEY `package_plan_sides_package_plan_id_foreign` (`package_plan_id`),
  ADD KEY `package_plan_sides_meal_type_id_foreign` (`meal_type_id`),
  ADD KEY `package_plan_sides_side_id_foreign` (`side_id`);

--
-- Indexes for table `package_plan_snacks`
--
ALTER TABLE `package_plan_snacks`
  ADD PRIMARY KEY (`id`),
  ADD KEY `package_plan_snacks_package_id_foreign` (`package_id`),
  ADD KEY `package_plan_snacks_package_intake_id_foreign` (`package_intake_id`),
  ADD KEY `package_plan_snacks_package_plan_id_foreign` (`package_plan_id`),
  ADD KEY `package_plan_snacks_meal_type_id_foreign` (`meal_type_id`),
  ADD KEY `package_plan_snacks_snack_id_foreign` (`snack_id`);

--
-- Indexes for table `portions`
--
ALTER TABLE `portions`
  ADD PRIMARY KEY (`id`),
  ADD KEY `portions_cuisine_id_foreign` (`cuisine_id`);

--
-- Indexes for table `portion_components`
--
ALTER TABLE `portion_components`
  ADD PRIMARY KEY (`id`),
  ADD KEY `portion_components_portion_id_foreign` (`portion_id`),
  ADD KEY `portion_components_component_id_foreign` (`component_id`),
  ADD KEY `portion_components_unit_id_foreign` (`unit_id`);

--
-- Indexes for table `portion_packings`
--
ALTER TABLE `portion_packings`
  ADD PRIMARY KEY (`id`),
  ADD KEY `portion_packings_portion_id_foreign` (`portion_id`);

--
-- Indexes for table `portion_portions`
--
ALTER TABLE `portion_portions`
  ADD PRIMARY KEY (`id`),
  ADD KEY `portion_portions_portion_id_foreign` (`portion_id`),
  ADD KEY `portion_portions_subportion_id_foreign` (`subportion_id`),
  ADD KEY `portion_portions_unit_id_foreign` (`unit_id`);

--
-- Indexes for table `promocodes`
--
ALTER TABLE `promocodes`
  ADD PRIMARY KEY (`id`);

--
-- Indexes for table `sauces`
--
ALTER TABLE `sauces`
  ADD PRIMARY KEY (`id`),
  ADD KEY `sauces_cuisine_id_foreign` (`cuisine_id`);

--
-- Indexes for table `sauce_components`
--
ALTER TABLE `sauce_components`
  ADD PRIMARY KEY (`id`),
  ADD KEY `sauce_components_sauce_id_foreign` (`sauce_id`),
  ADD KEY `sauce_components_component_id_foreign` (`component_id`),
  ADD KEY `sauce_components_unit_id_foreign` (`unit_id`);

--
-- Indexes for table `sauce_packings`
--
ALTER TABLE `sauce_packings`
  ADD PRIMARY KEY (`id`),
  ADD KEY `sauce_packings_sauce_id_foreign` (`sauce_id`);

--
-- Indexes for table `sauce_portions`
--
ALTER TABLE `sauce_portions`
  ADD PRIMARY KEY (`id`),
  ADD KEY `sauce_portions_sauce_id_foreign` (`sauce_id`),
  ADD KEY `sauce_portions_portion_id_foreign` (`portion_id`),
  ADD KEY `sauce_portions_unit_id_foreign` (`unit_id`);

--
-- Indexes for table `settings`
--
ALTER TABLE `settings`
  ADD PRIMARY KEY (`id`);

--
-- Indexes for table `sides`
--
ALTER TABLE `sides`
  ADD PRIMARY KEY (`id`),
  ADD KEY `sides_cuisine_id_foreign` (`cuisine_id`);

--
-- Indexes for table `side_components`
--
ALTER TABLE `side_components`
  ADD PRIMARY KEY (`id`),
  ADD KEY `side_components_side_id_foreign` (`side_id`),
  ADD KEY `side_components_component_id_foreign` (`component_id`),
  ADD KEY `side_components_unit_id_foreign` (`unit_id`);

--
-- Indexes for table `side_packings`
--
ALTER TABLE `side_packings`
  ADD PRIMARY KEY (`id`),
  ADD KEY `side_packings_side_id_foreign` (`side_id`);

--
-- Indexes for table `side_portions`
--
ALTER TABLE `side_portions`
  ADD PRIMARY KEY (`id`),
  ADD KEY `side_portions_side_id_foreign` (`side_id`),
  ADD KEY `side_portions_portion_id_foreign` (`portion_id`),
  ADD KEY `side_portions_unit_id_foreign` (`unit_id`);

--
-- Indexes for table `snacks`
--
ALTER TABLE `snacks`
  ADD PRIMARY KEY (`id`),
  ADD KEY `snacks_cuisine_id_foreign` (`cuisine_id`);

--
-- Indexes for table `snack_components`
--
ALTER TABLE `snack_components`
  ADD PRIMARY KEY (`id`),
  ADD KEY `snack_components_snack_id_foreign` (`snack_id`),
  ADD KEY `snack_components_component_id_foreign` (`component_id`),
  ADD KEY `snack_components_unit_id_foreign` (`unit_id`);

--
-- Indexes for table `snack_packings`
--
ALTER TABLE `snack_packings`
  ADD PRIMARY KEY (`id`),
  ADD KEY `snack_packings_snack_id_foreign` (`snack_id`);

--
-- Indexes for table `snack_portions`
--
ALTER TABLE `snack_portions`
  ADD PRIMARY KEY (`id`),
  ADD KEY `snack_portions_snack_id_foreign` (`snack_id`),
  ADD KEY `snack_portions_portion_id_foreign` (`portion_id`),
  ADD KEY `snack_portions_unit_id_foreign` (`unit_id`);

--
-- Indexes for table `units`
--
ALTER TABLE `units`
  ADD PRIMARY KEY (`id`);

--
-- AUTO_INCREMENT for dumped tables
--

--
-- AUTO_INCREMENT for table `allergy_lists`
--
ALTER TABLE `allergy_lists`
  MODIFY `id` bigint(20) UNSIGNED NOT NULL AUTO_INCREMENT, AUTO_INCREMENT=14;

--
-- AUTO_INCREMENT for table `cities`
--
ALTER TABLE `cities`
  MODIFY `id` bigint(20) UNSIGNED NOT NULL AUTO_INCREMENT, AUTO_INCREMENT=8;

--
-- AUTO_INCREMENT for table `city_districts`
--
ALTER TABLE `city_districts`
  MODIFY `id` bigint(20) UNSIGNED NOT NULL AUTO_INCREMENT, AUTO_INCREMENT=367;

--
-- AUTO_INCREMENT for table `components`
--
ALTER TABLE `components`
  MODIFY `id` bigint(20) UNSIGNED NOT NULL AUTO_INCREMENT, AUTO_INCREMENT=2400;

--
-- AUTO_INCREMENT for table `component_categories`
--
ALTER TABLE `component_categories`
  MODIFY `id` bigint(20) UNSIGNED NOT NULL AUTO_INCREMENT, AUTO_INCREMENT=17;

--
-- AUTO_INCREMENT for table `component_groups`
--
ALTER TABLE `component_groups`
  MODIFY `id` bigint(20) UNSIGNED NOT NULL AUTO_INCREMENT, AUTO_INCREMENT=11;

--
-- AUTO_INCREMENT for table `component_types`
--
ALTER TABLE `component_types`
  MODIFY `id` bigint(20) UNSIGNED NOT NULL AUTO_INCREMENT, AUTO_INCREMENT=15;

--
-- AUTO_INCREMENT for table `cuisines`
--
ALTER TABLE `cuisines`
  MODIFY `id` bigint(20) UNSIGNED NOT NULL AUTO_INCREMENT, AUTO_INCREMENT=4;

--
-- AUTO_INCREMENT for table `customer_addresses`
--
ALTER TABLE `customer_addresses`
  MODIFY `id` bigint(20) UNSIGNED NOT NULL AUTO_INCREMENT, AUTO_INCREMENT=8;

--
-- AUTO_INCREMENT for table `customer_allergies`
--
ALTER TABLE `customer_allergies`
  MODIFY `id` bigint(20) UNSIGNED NOT NULL AUTO_INCREMENT, AUTO_INCREMENT=10;

--
-- AUTO_INCREMENT for table `customer_deliveries`
--
ALTER TABLE `customer_deliveries`
  MODIFY `id` bigint(20) UNSIGNED NOT NULL AUTO_INCREMENT, AUTO_INCREMENT=138;

--
-- AUTO_INCREMENT for table `customer_drinks`
--
ALTER TABLE `customer_drinks`
  MODIFY `id` bigint(20) UNSIGNED NOT NULL AUTO_INCREMENT;

--
-- AUTO_INCREMENT for table `customer_excludes`
--
ALTER TABLE `customer_excludes`
  MODIFY `id` bigint(20) UNSIGNED NOT NULL AUTO_INCREMENT, AUTO_INCREMENT=7;

--
-- AUTO_INCREMENT for table `customer_lead_addresses`
--
ALTER TABLE `customer_lead_addresses`
  MODIFY `id` bigint(20) UNSIGNED NOT NULL AUTO_INCREMENT, AUTO_INCREMENT=9;

--
-- AUTO_INCREMENT for table `customer_lead_allergies`
--
ALTER TABLE `customer_lead_allergies`
  MODIFY `id` bigint(20) UNSIGNED NOT NULL AUTO_INCREMENT, AUTO_INCREMENT=14;

--
-- AUTO_INCREMENT for table `customer_lead_excludes`
--
ALTER TABLE `customer_lead_excludes`
  MODIFY `id` bigint(20) UNSIGNED NOT NULL AUTO_INCREMENT, AUTO_INCREMENT=9;

--
-- AUTO_INCREMENT for table `customer_meals`
--
ALTER TABLE `customer_meals`
  MODIFY `id` bigint(20) UNSIGNED NOT NULL AUTO_INCREMENT, AUTO_INCREMENT=287;

--
-- AUTO_INCREMENT for table `customer_sides`
--
ALTER TABLE `customer_sides`
  MODIFY `id` bigint(20) UNSIGNED NOT NULL AUTO_INCREMENT, AUTO_INCREMENT=180;

--
-- AUTO_INCREMENT for table `customer_snacks`
--
ALTER TABLE `customer_snacks`
  MODIFY `id` bigint(20) UNSIGNED NOT NULL AUTO_INCREMENT, AUTO_INCREMENT=138;

--
-- AUTO_INCREMENT for table `days_offs`
--
ALTER TABLE `days_offs`
  MODIFY `id` bigint(20) UNSIGNED NOT NULL AUTO_INCREMENT, AUTO_INCREMENT=15;

--
-- AUTO_INCREMENT for table `delivery_companies`
--
ALTER TABLE `delivery_companies`
  MODIFY `id` bigint(20) UNSIGNED NOT NULL AUTO_INCREMENT;

--
-- AUTO_INCREMENT for table `delivery_times`
--
ALTER TABLE `delivery_times`
  MODIFY `id` bigint(20) UNSIGNED NOT NULL AUTO_INCREMENT, AUTO_INCREMENT=4;

--
-- AUTO_INCREMENT for table `drinks`
--
ALTER TABLE `drinks`
  MODIFY `id` bigint(20) UNSIGNED NOT NULL AUTO_INCREMENT;

--
-- AUTO_INCREMENT for table `drink_components`
--
ALTER TABLE `drink_components`
  MODIFY `id` bigint(20) UNSIGNED NOT NULL AUTO_INCREMENT;

--
-- AUTO_INCREMENT for table `drink_packings`
--
ALTER TABLE `drink_packings`
  MODIFY `id` bigint(20) UNSIGNED NOT NULL AUTO_INCREMENT;

--
-- AUTO_INCREMENT for table `drink_portions`
--
ALTER TABLE `drink_portions`
  MODIFY `id` bigint(20) UNSIGNED NOT NULL AUTO_INCREMENT;

--
-- AUTO_INCREMENT for table `exclude_lists`
--
ALTER TABLE `exclude_lists`
  MODIFY `id` bigint(20) UNSIGNED NOT NULL AUTO_INCREMENT, AUTO_INCREMENT=31;

--
-- AUTO_INCREMENT for table `meals`
--
ALTER TABLE `meals`
  MODIFY `id` bigint(20) UNSIGNED NOT NULL AUTO_INCREMENT;

--
-- AUTO_INCREMENT for table `meal_drinks`
--
ALTER TABLE `meal_drinks`
  MODIFY `id` bigint(20) UNSIGNED NOT NULL AUTO_INCREMENT;

--
-- AUTO_INCREMENT for table `meal_packings`
--
ALTER TABLE `meal_packings`
  MODIFY `id` bigint(20) UNSIGNED NOT NULL AUTO_INCREMENT;

--
-- AUTO_INCREMENT for table `meal_portions`
--
ALTER TABLE `meal_portions`
  MODIFY `id` bigint(20) UNSIGNED NOT NULL AUTO_INCREMENT;

--
-- AUTO_INCREMENT for table `meal_sauces`
--
ALTER TABLE `meal_sauces`
  MODIFY `id` bigint(20) UNSIGNED NOT NULL AUTO_INCREMENT;

--
-- AUTO_INCREMENT for table `meal_sides`
--
ALTER TABLE `meal_sides`
  MODIFY `id` bigint(20) UNSIGNED NOT NULL AUTO_INCREMENT;

--
-- AUTO_INCREMENT for table `meal_snacks`
--
ALTER TABLE `meal_snacks`
  MODIFY `id` bigint(20) UNSIGNED NOT NULL AUTO_INCREMENT;

--
-- AUTO_INCREMENT for table `meal_types`
--
ALTER TABLE `meal_types`
  MODIFY `id` bigint(20) UNSIGNED NOT NULL AUTO_INCREMENT, AUTO_INCREMENT=9;

--
-- AUTO_INCREMENT for table `meal_type_items`
--
ALTER TABLE `meal_type_items`
  MODIFY `id` bigint(20) UNSIGNED NOT NULL AUTO_INCREMENT;

--
-- AUTO_INCREMENT for table `migrations`
--
ALTER TABLE `migrations`
  MODIFY `id` int(10) UNSIGNED NOT NULL AUTO_INCREMENT, AUTO_INCREMENT=83;

--
-- AUTO_INCREMENT for table `packages`
--
ALTER TABLE `packages`
  MODIFY `id` bigint(20) UNSIGNED NOT NULL AUTO_INCREMENT, AUTO_INCREMENT=3;

--
-- AUTO_INCREMENT for table `package_bundles`
--
ALTER TABLE `package_bundles`
  MODIFY `id` bigint(20) UNSIGNED NOT NULL AUTO_INCREMENT, AUTO_INCREMENT=6;

--
-- AUTO_INCREMENT for table `package_bundle_days`
--
ALTER TABLE `package_bundle_days`
  MODIFY `id` bigint(20) UNSIGNED NOT NULL AUTO_INCREMENT, AUTO_INCREMENT=26;

--
-- AUTO_INCREMENT for table `package_bundle_types`
--
ALTER TABLE `package_bundle_types`
  MODIFY `id` bigint(20) UNSIGNED NOT NULL AUTO_INCREMENT, AUTO_INCREMENT=87;

--
-- AUTO_INCREMENT for table `package_intakes`
--
ALTER TABLE `package_intakes`
  MODIFY `id` bigint(20) UNSIGNED NOT NULL AUTO_INCREMENT, AUTO_INCREMENT=4;

--
-- AUTO_INCREMENT for table `package_intake_meals`
--
ALTER TABLE `package_intake_meals`
  MODIFY `id` bigint(20) UNSIGNED NOT NULL AUTO_INCREMENT, AUTO_INCREMENT=25;

--
-- AUTO_INCREMENT for table `package_meals`
--
ALTER TABLE `package_meals`
  MODIFY `id` bigint(20) UNSIGNED NOT NULL AUTO_INCREMENT;

--
-- AUTO_INCREMENT for table `package_meal_drinks`
--
ALTER TABLE `package_meal_drinks`
  MODIFY `id` bigint(20) UNSIGNED NOT NULL AUTO_INCREMENT;

--
-- AUTO_INCREMENT for table `package_meal_packings`
--
ALTER TABLE `package_meal_packings`
  MODIFY `id` bigint(20) UNSIGNED NOT NULL AUTO_INCREMENT;

--
-- AUTO_INCREMENT for table `package_meal_portions`
--
ALTER TABLE `package_meal_portions`
  MODIFY `id` bigint(20) UNSIGNED NOT NULL AUTO_INCREMENT;

--
-- AUTO_INCREMENT for table `package_meal_sauces`
--
ALTER TABLE `package_meal_sauces`
  MODIFY `id` bigint(20) UNSIGNED NOT NULL AUTO_INCREMENT;

--
-- AUTO_INCREMENT for table `package_meal_sides`
--
ALTER TABLE `package_meal_sides`
  MODIFY `id` bigint(20) UNSIGNED NOT NULL AUTO_INCREMENT;

--
-- AUTO_INCREMENT for table `package_meal_snacks`
--
ALTER TABLE `package_meal_snacks`
  MODIFY `id` bigint(20) UNSIGNED NOT NULL AUTO_INCREMENT;

--
-- AUTO_INCREMENT for table `package_plans`
--
ALTER TABLE `package_plans`
  MODIFY `id` bigint(20) UNSIGNED NOT NULL AUTO_INCREMENT;

--
-- AUTO_INCREMENT for table `package_plan_drinks`
--
ALTER TABLE `package_plan_drinks`
  MODIFY `id` bigint(20) UNSIGNED NOT NULL AUTO_INCREMENT;

--
-- AUTO_INCREMENT for table `package_plan_meals`
--
ALTER TABLE `package_plan_meals`
  MODIFY `id` bigint(20) UNSIGNED NOT NULL AUTO_INCREMENT;

--
-- AUTO_INCREMENT for table `package_plan_sides`
--
ALTER TABLE `package_plan_sides`
  MODIFY `id` bigint(20) UNSIGNED NOT NULL AUTO_INCREMENT;

--
-- AUTO_INCREMENT for table `package_plan_snacks`
--
ALTER TABLE `package_plan_snacks`
  MODIFY `id` bigint(20) UNSIGNED NOT NULL AUTO_INCREMENT;

--
-- AUTO_INCREMENT for table `portions`
--
ALTER TABLE `portions`
  MODIFY `id` bigint(20) UNSIGNED NOT NULL AUTO_INCREMENT;

--
-- AUTO_INCREMENT for table `portion_components`
--
ALTER TABLE `portion_components`
  MODIFY `id` bigint(20) UNSIGNED NOT NULL AUTO_INCREMENT;

--
-- AUTO_INCREMENT for table `portion_packings`
--
ALTER TABLE `portion_packings`
  MODIFY `id` bigint(20) UNSIGNED NOT NULL AUTO_INCREMENT;

--
-- AUTO_INCREMENT for table `portion_portions`
--
ALTER TABLE `portion_portions`
  MODIFY `id` bigint(20) UNSIGNED NOT NULL AUTO_INCREMENT;

--
-- AUTO_INCREMENT for table `promocodes`
--
ALTER TABLE `promocodes`
  MODIFY `id` bigint(20) UNSIGNED NOT NULL AUTO_INCREMENT;

--
-- AUTO_INCREMENT for table `sauces`
--
ALTER TABLE `sauces`
  MODIFY `id` bigint(20) UNSIGNED NOT NULL AUTO_INCREMENT;

--
-- AUTO_INCREMENT for table `sauce_components`
--
ALTER TABLE `sauce_components`
  MODIFY `id` bigint(20) UNSIGNED NOT NULL AUTO_INCREMENT;

--
-- AUTO_INCREMENT for table `sauce_packings`
--
ALTER TABLE `sauce_packings`
  MODIFY `id` bigint(20) UNSIGNED NOT NULL AUTO_INCREMENT;

--
-- AUTO_INCREMENT for table `sauce_portions`
--
ALTER TABLE `sauce_portions`
  MODIFY `id` bigint(20) UNSIGNED NOT NULL AUTO_INCREMENT;

--
-- AUTO_INCREMENT for table `settings`
--
ALTER TABLE `settings`
  MODIFY `id` bigint(20) UNSIGNED NOT NULL AUTO_INCREMENT, AUTO_INCREMENT=2;

--
-- AUTO_INCREMENT for table `sides`
--
ALTER TABLE `sides`
  MODIFY `id` bigint(20) UNSIGNED NOT NULL AUTO_INCREMENT;

--
-- AUTO_INCREMENT for table `side_components`
--
ALTER TABLE `side_components`
  MODIFY `id` bigint(20) UNSIGNED NOT NULL AUTO_INCREMENT;

--
-- AUTO_INCREMENT for table `side_packings`
--
ALTER TABLE `side_packings`
  MODIFY `id` bigint(20) UNSIGNED NOT NULL AUTO_INCREMENT;

--
-- AUTO_INCREMENT for table `side_portions`
--
ALTER TABLE `side_portions`
  MODIFY `id` bigint(20) UNSIGNED NOT NULL AUTO_INCREMENT;

--
-- AUTO_INCREMENT for table `snacks`
--
ALTER TABLE `snacks`
  MODIFY `id` bigint(20) UNSIGNED NOT NULL AUTO_INCREMENT;

--
-- AUTO_INCREMENT for table `snack_components`
--
ALTER TABLE `snack_components`
  MODIFY `id` bigint(20) UNSIGNED NOT NULL AUTO_INCREMENT;

--
-- AUTO_INCREMENT for table `snack_packings`
--
ALTER TABLE `snack_packings`
  MODIFY `id` bigint(20) UNSIGNED NOT NULL AUTO_INCREMENT;

--
-- AUTO_INCREMENT for table `snack_portions`
--
ALTER TABLE `snack_portions`
  MODIFY `id` bigint(20) UNSIGNED NOT NULL AUTO_INCREMENT;

--
-- AUTO_INCREMENT for table `units`
--
ALTER TABLE `units`
  MODIFY `id` bigint(20) UNSIGNED NOT NULL AUTO_INCREMENT;

--
-- Constraints for dumped tables
--

--
-- Constraints for table `city_districts`
--
ALTER TABLE `city_districts`
  ADD CONSTRAINT `city_districts_city_id_foreign` FOREIGN KEY (`city_id`) REFERENCES `cities` (`id`) ON DELETE CASCADE;

--
-- Constraints for table `components`
--
ALTER TABLE `components`
  ADD CONSTRAINT `components_allergy_list_id_foreign` FOREIGN KEY (`allergy_list_id`) REFERENCES `allergy_lists` (`id`) ON DELETE SET NULL,
  ADD CONSTRAINT `components_component_category_id_foreign` FOREIGN KEY (`component_category_id`) REFERENCES `component_categories` (`id`) ON DELETE CASCADE,
  ADD CONSTRAINT `components_component_group_id_foreign` FOREIGN KEY (`component_group_id`) REFERENCES `component_groups` (`id`) ON DELETE CASCADE,
  ADD CONSTRAINT `components_exclude_list_id_foreign` FOREIGN KEY (`exclude_list_id`) REFERENCES `exclude_lists` (`id`) ON DELETE SET NULL;

--
-- Constraints for table `component_types`
--
ALTER TABLE `component_types`
  ADD CONSTRAINT `component_types_component_id_foreign` FOREIGN KEY (`component_id`) REFERENCES `components` (`id`) ON DELETE CASCADE;

--
-- Constraints for table `customer_addresses`
--
ALTER TABLE `customer_addresses`
  ADD CONSTRAINT `customer_addresses_city_district_id_foreign` FOREIGN KEY (`city_district_id`) REFERENCES `city_districts` (`id`) ON DELETE CASCADE,
  ADD CONSTRAINT `customer_addresses_city_id_foreign` FOREIGN KEY (`city_id`) REFERENCES `cities` (`id`) ON DELETE CASCADE,
  ADD CONSTRAINT `customer_addresses_customer_id_foreign` FOREIGN KEY (`customer_id`) REFERENCES `customers` (`id`) ON DELETE CASCADE;

--
-- Constraints for table `customer_allergies`
--
ALTER TABLE `customer_allergies`
  ADD CONSTRAINT `customer_allergies_allergy_list_id_foreign` FOREIGN KEY (`allergy_list_id`) REFERENCES `allergy_lists` (`id`) ON DELETE CASCADE,
  ADD CONSTRAINT `customer_allergies_customer_id_foreign` FOREIGN KEY (`customer_id`) REFERENCES `customers` (`id`) ON DELETE CASCADE;

--
-- Constraints for table `customer_deliveries`
--
ALTER TABLE `customer_deliveries`
  ADD CONSTRAINT `customer_deliveries_customer_id_foreign` FOREIGN KEY (`customer_id`) REFERENCES `customers` (`id`) ON DELETE CASCADE,
  ADD CONSTRAINT `customer_deliveries_delivery_company_id_foreign` FOREIGN KEY (`delivery_company_id`) REFERENCES `delivery_companies` (`id`) ON DELETE SET NULL,
  ADD CONSTRAINT `customer_deliveries_delivery_time_id_foreign` FOREIGN KEY (`delivery_time_id`) REFERENCES `delivery_times` (`id`) ON DELETE SET NULL,
  ADD CONSTRAINT `customer_deliveries_package_id_foreign` FOREIGN KEY (`package_id`) REFERENCES `packages` (`id`) ON DELETE CASCADE;

--
-- Constraints for table `customer_drinks`
--
ALTER TABLE `customer_drinks`
  ADD CONSTRAINT `customer_drinks_chef_id_foreign` FOREIGN KEY (`chef_id`) REFERENCES `chefs` (`id`) ON DELETE SET NULL,
  ADD CONSTRAINT `customer_drinks_customer_id_foreign` FOREIGN KEY (`customer_id`) REFERENCES `customers` (`id`) ON DELETE CASCADE,
  ADD CONSTRAINT `customer_drinks_drink_id_foreign` FOREIGN KEY (`drink_id`) REFERENCES `drinks` (`id`) ON DELETE SET NULL,
  ADD CONSTRAINT `customer_drinks_meal_type_id_foreign` FOREIGN KEY (`meal_type_id`) REFERENCES `meal_types` (`id`) ON DELETE CASCADE,
  ADD CONSTRAINT `customer_drinks_package_id_foreign` FOREIGN KEY (`package_id`) REFERENCES `packages` (`id`) ON DELETE CASCADE,
  ADD CONSTRAINT `customer_drinks_package_plan_drink_id_foreign` FOREIGN KEY (`package_plan_drink_id`) REFERENCES `package_plan_drinks` (`id`) ON DELETE SET NULL;

--
-- Constraints for table `customer_excludes`
--
ALTER TABLE `customer_excludes`
  ADD CONSTRAINT `customer_excludes_customer_id_foreign` FOREIGN KEY (`customer_id`) REFERENCES `customers` (`id`) ON DELETE CASCADE,
  ADD CONSTRAINT `customer_excludes_exclude_list_id_foreign` FOREIGN KEY (`exclude_list_id`) REFERENCES `exclude_lists` (`id`) ON DELETE CASCADE;

--
-- Constraints for table `customer_lead_addresses`
--
ALTER TABLE `customer_lead_addresses`
  ADD CONSTRAINT `customer_lead_addresses_city_district_id_foreign` FOREIGN KEY (`city_district_id`) REFERENCES `city_districts` (`id`) ON DELETE CASCADE,
  ADD CONSTRAINT `customer_lead_addresses_city_id_foreign` FOREIGN KEY (`city_id`) REFERENCES `cities` (`id`) ON DELETE CASCADE,
  ADD CONSTRAINT `customer_lead_addresses_customer_lead_id_foreign` FOREIGN KEY (`customer_lead_id`) REFERENCES `customer_leads` (`id`) ON DELETE CASCADE;

--
-- Constraints for table `customer_lead_allergies`
--
ALTER TABLE `customer_lead_allergies`
  ADD CONSTRAINT `customer_lead_allergies_allergy_list_id_foreign` FOREIGN KEY (`allergy_list_id`) REFERENCES `allergy_lists` (`id`) ON DELETE CASCADE,
  ADD CONSTRAINT `customer_lead_allergies_customer_lead_id_foreign` FOREIGN KEY (`customer_lead_id`) REFERENCES `customer_leads` (`id`) ON DELETE CASCADE;

--
-- Constraints for table `customer_lead_excludes`
--
ALTER TABLE `customer_lead_excludes`
  ADD CONSTRAINT `customer_lead_excludes_customer_lead_id_foreign` FOREIGN KEY (`customer_lead_id`) REFERENCES `customer_leads` (`id`) ON DELETE CASCADE,
  ADD CONSTRAINT `customer_lead_excludes_exclude_list_id_foreign` FOREIGN KEY (`exclude_list_id`) REFERENCES `exclude_lists` (`id`) ON DELETE CASCADE;

--
-- Constraints for table `customer_meals`
--
ALTER TABLE `customer_meals`
  ADD CONSTRAINT `customer_meals_chef_id_foreign` FOREIGN KEY (`chef_id`) REFERENCES `chefs` (`id`) ON DELETE SET NULL,
  ADD CONSTRAINT `customer_meals_customer_id_foreign` FOREIGN KEY (`customer_id`) REFERENCES `customers` (`id`) ON DELETE CASCADE,
  ADD CONSTRAINT `customer_meals_meal_id_foreign` FOREIGN KEY (`meal_id`) REFERENCES `meals` (`id`) ON DELETE SET NULL,
  ADD CONSTRAINT `customer_meals_meal_type_id_foreign` FOREIGN KEY (`meal_type_id`) REFERENCES `meal_types` (`id`) ON DELETE CASCADE,
  ADD CONSTRAINT `customer_meals_package_id_foreign` FOREIGN KEY (`package_id`) REFERENCES `packages` (`id`) ON DELETE CASCADE,
  ADD CONSTRAINT `customer_meals_package_meal_id_foreign` FOREIGN KEY (`package_meal_id`) REFERENCES `package_meals` (`id`) ON DELETE SET NULL,
  ADD CONSTRAINT `customer_meals_package_plan_meal_id_foreign` FOREIGN KEY (`package_plan_meal_id`) REFERENCES `package_plan_meals` (`id`) ON DELETE SET NULL;

--
-- Constraints for table `customer_sides`
--
ALTER TABLE `customer_sides`
  ADD CONSTRAINT `customer_sides_chef_id_foreign` FOREIGN KEY (`chef_id`) REFERENCES `chefs` (`id`) ON DELETE SET NULL,
  ADD CONSTRAINT `customer_sides_customer_id_foreign` FOREIGN KEY (`customer_id`) REFERENCES `customers` (`id`) ON DELETE CASCADE,
  ADD CONSTRAINT `customer_sides_meal_type_id_foreign` FOREIGN KEY (`meal_type_id`) REFERENCES `meal_types` (`id`) ON DELETE CASCADE,
  ADD CONSTRAINT `customer_sides_package_id_foreign` FOREIGN KEY (`package_id`) REFERENCES `packages` (`id`) ON DELETE CASCADE,
  ADD CONSTRAINT `customer_sides_package_plan_side_id_foreign` FOREIGN KEY (`package_plan_side_id`) REFERENCES `package_plan_sides` (`id`) ON DELETE SET NULL,
  ADD CONSTRAINT `customer_sides_side_id_foreign` FOREIGN KEY (`side_id`) REFERENCES `sides` (`id`) ON DELETE SET NULL;

--
-- Constraints for table `customer_snacks`
--
ALTER TABLE `customer_snacks`
  ADD CONSTRAINT `customer_snacks_chef_id_foreign` FOREIGN KEY (`chef_id`) REFERENCES `chefs` (`id`) ON DELETE SET NULL,
  ADD CONSTRAINT `customer_snacks_customer_id_foreign` FOREIGN KEY (`customer_id`) REFERENCES `customers` (`id`) ON DELETE CASCADE,
  ADD CONSTRAINT `customer_snacks_meal_type_id_foreign` FOREIGN KEY (`meal_type_id`) REFERENCES `meal_types` (`id`) ON DELETE CASCADE,
  ADD CONSTRAINT `customer_snacks_package_id_foreign` FOREIGN KEY (`package_id`) REFERENCES `packages` (`id`) ON DELETE CASCADE,
  ADD CONSTRAINT `customer_snacks_package_plan_snack_id_foreign` FOREIGN KEY (`package_plan_snack_id`) REFERENCES `package_plan_snacks` (`id`) ON DELETE SET NULL,
  ADD CONSTRAINT `customer_snacks_snack_id_foreign` FOREIGN KEY (`snack_id`) REFERENCES `snacks` (`id`) ON DELETE SET NULL;

--
-- Constraints for table `drinks`
--
ALTER TABLE `drinks`
  ADD CONSTRAINT `drinks_cuisine_id_foreign` FOREIGN KEY (`cuisine_id`) REFERENCES `cuisines` (`id`) ON DELETE SET NULL;

--
-- Constraints for table `drink_components`
--
ALTER TABLE `drink_components`
  ADD CONSTRAINT `drink_components_component_id_foreign` FOREIGN KEY (`component_id`) REFERENCES `components` (`id`) ON DELETE CASCADE,
  ADD CONSTRAINT `drink_components_drink_id_foreign` FOREIGN KEY (`drink_id`) REFERENCES `drinks` (`id`) ON DELETE CASCADE,
  ADD CONSTRAINT `drink_components_unit_id_foreign` FOREIGN KEY (`unit_id`) REFERENCES `units` (`id`) ON DELETE CASCADE;

--
-- Constraints for table `drink_packings`
--
ALTER TABLE `drink_packings`
  ADD CONSTRAINT `drink_packings_drink_id_foreign` FOREIGN KEY (`drink_id`) REFERENCES `drinks` (`id`) ON DELETE CASCADE;

--
-- Constraints for table `drink_portions`
--
ALTER TABLE `drink_portions`
  ADD CONSTRAINT `drink_portions_drink_id_foreign` FOREIGN KEY (`drink_id`) REFERENCES `drinks` (`id`) ON DELETE CASCADE,
  ADD CONSTRAINT `drink_portions_portion_id_foreign` FOREIGN KEY (`portion_id`) REFERENCES `portions` (`id`) ON DELETE CASCADE,
  ADD CONSTRAINT `drink_portions_unit_id_foreign` FOREIGN KEY (`unit_id`) REFERENCES `units` (`id`) ON DELETE CASCADE;

--
-- Constraints for table `meals`
--
ALTER TABLE `meals`
  ADD CONSTRAINT `meals_cuisine_id_foreign` FOREIGN KEY (`cuisine_id`) REFERENCES `cuisines` (`id`) ON DELETE SET NULL;

--
-- Constraints for table `meal_drinks`
--
ALTER TABLE `meal_drinks`
  ADD CONSTRAINT `meal_drinks_drink_id_foreign` FOREIGN KEY (`drink_id`) REFERENCES `drinks` (`id`) ON DELETE CASCADE,
  ADD CONSTRAINT `meal_drinks_meal_id_foreign` FOREIGN KEY (`meal_id`) REFERENCES `meals` (`id`) ON DELETE CASCADE;

--
-- Constraints for table `meal_packings`
--
ALTER TABLE `meal_packings`
  ADD CONSTRAINT `meal_packings_meal_id_foreign` FOREIGN KEY (`meal_id`) REFERENCES `meals` (`id`) ON DELETE CASCADE;

--
-- Constraints for table `meal_portions`
--
ALTER TABLE `meal_portions`
  ADD CONSTRAINT `meal_portions_meal_id_foreign` FOREIGN KEY (`meal_id`) REFERENCES `meals` (`id`) ON DELETE CASCADE,
  ADD CONSTRAINT `meal_portions_portion_id_foreign` FOREIGN KEY (`portion_id`) REFERENCES `portions` (`id`) ON DELETE CASCADE;

--
-- Constraints for table `meal_sauces`
--
ALTER TABLE `meal_sauces`
  ADD CONSTRAINT `meal_sauces_meal_id_foreign` FOREIGN KEY (`meal_id`) REFERENCES `meals` (`id`) ON DELETE CASCADE,
  ADD CONSTRAINT `meal_sauces_sauce_id_foreign` FOREIGN KEY (`sauce_id`) REFERENCES `sauces` (`id`) ON DELETE CASCADE;

--
-- Constraints for table `meal_sides`
--
ALTER TABLE `meal_sides`
  ADD CONSTRAINT `meal_sides_meal_id_foreign` FOREIGN KEY (`meal_id`) REFERENCES `meals` (`id`) ON DELETE CASCADE,
  ADD CONSTRAINT `meal_sides_side_id_foreign` FOREIGN KEY (`side_id`) REFERENCES `sides` (`id`) ON DELETE CASCADE;

--
-- Constraints for table `meal_snacks`
--
ALTER TABLE `meal_snacks`
  ADD CONSTRAINT `meal_snacks_meal_id_foreign` FOREIGN KEY (`meal_id`) REFERENCES `meals` (`id`) ON DELETE CASCADE,
  ADD CONSTRAINT `meal_snacks_snack_id_foreign` FOREIGN KEY (`snack_id`) REFERENCES `snacks` (`id`) ON DELETE CASCADE;

--
-- Constraints for table `meal_type_items`
--
ALTER TABLE `meal_type_items`
  ADD CONSTRAINT `meal_type_items_meal_type_id_foreign` FOREIGN KEY (`meal_type_id`) REFERENCES `meal_types` (`id`) ON DELETE CASCADE;

--
-- Constraints for table `package_bundles`
--
ALTER TABLE `package_bundles`
  ADD CONSTRAINT `package_bundles_package_id_foreign` FOREIGN KEY (`package_id`) REFERENCES `packages` (`id`) ON DELETE CASCADE;

--
-- Constraints for table `package_bundle_days`
--
ALTER TABLE `package_bundle_days`
  ADD CONSTRAINT `package_bundle_days_package_bundle_id_foreign` FOREIGN KEY (`package_bundle_id`) REFERENCES `package_bundles` (`id`) ON DELETE CASCADE,
  ADD CONSTRAINT `package_bundle_days_package_id_foreign` FOREIGN KEY (`package_id`) REFERENCES `packages` (`id`) ON DELETE CASCADE;

--
-- Constraints for table `package_bundle_types`
--
ALTER TABLE `package_bundle_types`
  ADD CONSTRAINT `package_bundle_types_meal_type_id_foreign` FOREIGN KEY (`meal_type_id`) REFERENCES `meal_types` (`id`) ON DELETE CASCADE,
  ADD CONSTRAINT `package_bundle_types_package_bundle_id_foreign` FOREIGN KEY (`package_bundle_id`) REFERENCES `package_bundles` (`id`) ON DELETE CASCADE,
  ADD CONSTRAINT `package_bundle_types_package_id_foreign` FOREIGN KEY (`package_id`) REFERENCES `packages` (`id`) ON DELETE CASCADE;

--
-- Constraints for table `package_intakes`
--
ALTER TABLE `package_intakes`
  ADD CONSTRAINT `package_intakes_package_id_foreign` FOREIGN KEY (`package_id`) REFERENCES `packages` (`id`) ON DELETE CASCADE;

--
-- Constraints for table `package_intake_meals`
--
ALTER TABLE `package_intake_meals`
  ADD CONSTRAINT `package_intake_meals_meal_type_id_foreign` FOREIGN KEY (`meal_type_id`) REFERENCES `meal_types` (`id`) ON DELETE CASCADE,
  ADD CONSTRAINT `package_intake_meals_package_id_foreign` FOREIGN KEY (`package_id`) REFERENCES `packages` (`id`) ON DELETE CASCADE,
  ADD CONSTRAINT `package_intake_meals_package_intake_id_foreign` FOREIGN KEY (`package_intake_id`) REFERENCES `package_intakes` (`id`) ON DELETE CASCADE;

--
-- Constraints for table `package_meals`
--
ALTER TABLE `package_meals`
  ADD CONSTRAINT `package_meals_meal_id_foreign` FOREIGN KEY (`meal_id`) REFERENCES `meals` (`id`) ON DELETE CASCADE,
  ADD CONSTRAINT `package_meals_meal_type_id_foreign` FOREIGN KEY (`meal_type_id`) REFERENCES `meal_types` (`id`) ON DELETE CASCADE,
  ADD CONSTRAINT `package_meals_meal_type_item_id_foreign` FOREIGN KEY (`meal_type_item_id`) REFERENCES `meal_type_items` (`id`) ON DELETE SET NULL,
  ADD CONSTRAINT `package_meals_package_id_foreign` FOREIGN KEY (`package_id`) REFERENCES `packages` (`id`) ON DELETE CASCADE,
  ADD CONSTRAINT `package_meals_package_intake_id_foreign` FOREIGN KEY (`package_intake_id`) REFERENCES `package_intakes` (`id`) ON DELETE CASCADE;

--
-- Constraints for table `package_meal_drinks`
--
ALTER TABLE `package_meal_drinks`
  ADD CONSTRAINT `package_meal_drinks_drink_id_foreign` FOREIGN KEY (`drink_id`) REFERENCES `drinks` (`id`) ON DELETE CASCADE,
  ADD CONSTRAINT `package_meal_drinks_meal_drink_id_foreign` FOREIGN KEY (`meal_drink_id`) REFERENCES `meal_drinks` (`id`) ON DELETE CASCADE,
  ADD CONSTRAINT `package_meal_drinks_package_meal_id_foreign` FOREIGN KEY (`package_meal_id`) REFERENCES `package_meals` (`id`) ON DELETE CASCADE,
  ADD CONSTRAINT `package_meal_drinks_unit_id_foreign` FOREIGN KEY (`unit_id`) REFERENCES `units` (`id`) ON DELETE CASCADE;

--
-- Constraints for table `package_meal_packings`
--
ALTER TABLE `package_meal_packings`
  ADD CONSTRAINT `package_meal_packings_meal_packing_id_foreign` FOREIGN KEY (`meal_packing_id`) REFERENCES `meal_packings` (`id`) ON DELETE CASCADE,
  ADD CONSTRAINT `package_meal_packings_package_meal_id_foreign` FOREIGN KEY (`package_meal_id`) REFERENCES `package_meals` (`id`) ON DELETE CASCADE;

--
-- Constraints for table `package_meal_portions`
--
ALTER TABLE `package_meal_portions`
  ADD CONSTRAINT `package_meal_portions_meal_portion_id_foreign` FOREIGN KEY (`meal_portion_id`) REFERENCES `meal_portions` (`id`) ON DELETE CASCADE,
  ADD CONSTRAINT `package_meal_portions_package_meal_id_foreign` FOREIGN KEY (`package_meal_id`) REFERENCES `package_meals` (`id`) ON DELETE CASCADE,
  ADD CONSTRAINT `package_meal_portions_portion_id_foreign` FOREIGN KEY (`portion_id`) REFERENCES `portions` (`id`) ON DELETE CASCADE,
  ADD CONSTRAINT `package_meal_portions_unit_id_foreign` FOREIGN KEY (`unit_id`) REFERENCES `units` (`id`) ON DELETE CASCADE;

--
-- Constraints for table `package_meal_sauces`
--
ALTER TABLE `package_meal_sauces`
  ADD CONSTRAINT `package_meal_sauces_meal_sauce_id_foreign` FOREIGN KEY (`meal_sauce_id`) REFERENCES `meal_sauces` (`id`) ON DELETE CASCADE,
  ADD CONSTRAINT `package_meal_sauces_package_meal_id_foreign` FOREIGN KEY (`package_meal_id`) REFERENCES `package_meals` (`id`) ON DELETE CASCADE,
  ADD CONSTRAINT `package_meal_sauces_sauce_id_foreign` FOREIGN KEY (`sauce_id`) REFERENCES `sauces` (`id`) ON DELETE CASCADE,
  ADD CONSTRAINT `package_meal_sauces_unit_id_foreign` FOREIGN KEY (`unit_id`) REFERENCES `units` (`id`) ON DELETE CASCADE;

--
-- Constraints for table `package_meal_sides`
--
ALTER TABLE `package_meal_sides`
  ADD CONSTRAINT `package_meal_sides_meal_side_id_foreign` FOREIGN KEY (`meal_side_id`) REFERENCES `meal_sides` (`id`) ON DELETE CASCADE,
  ADD CONSTRAINT `package_meal_sides_package_meal_id_foreign` FOREIGN KEY (`package_meal_id`) REFERENCES `package_meals` (`id`) ON DELETE CASCADE,
  ADD CONSTRAINT `package_meal_sides_side_id_foreign` FOREIGN KEY (`side_id`) REFERENCES `sides` (`id`) ON DELETE CASCADE,
  ADD CONSTRAINT `package_meal_sides_unit_id_foreign` FOREIGN KEY (`unit_id`) REFERENCES `units` (`id`) ON DELETE CASCADE;

--
-- Constraints for table `package_meal_snacks`
--
ALTER TABLE `package_meal_snacks`
  ADD CONSTRAINT `package_meal_snacks_meal_snack_id_foreign` FOREIGN KEY (`meal_snack_id`) REFERENCES `meal_snacks` (`id`) ON DELETE CASCADE,
  ADD CONSTRAINT `package_meal_snacks_package_meal_id_foreign` FOREIGN KEY (`package_meal_id`) REFERENCES `package_meals` (`id`) ON DELETE CASCADE,
  ADD CONSTRAINT `package_meal_snacks_snack_id_foreign` FOREIGN KEY (`snack_id`) REFERENCES `snacks` (`id`) ON DELETE CASCADE,
  ADD CONSTRAINT `package_meal_snacks_unit_id_foreign` FOREIGN KEY (`unit_id`) REFERENCES `units` (`id`) ON DELETE CASCADE;

--
-- Constraints for table `package_plans`
--
ALTER TABLE `package_plans`
  ADD CONSTRAINT `package_plans_package_id_foreign` FOREIGN KEY (`package_id`) REFERENCES `packages` (`id`) ON DELETE CASCADE,
  ADD CONSTRAINT `package_plans_package_intake_id_foreign` FOREIGN KEY (`package_intake_id`) REFERENCES `package_intakes` (`id`) ON DELETE CASCADE;

--
-- Constraints for table `package_plan_drinks`
--
ALTER TABLE `package_plan_drinks`
  ADD CONSTRAINT `package_plan_drinks_drink_id_foreign` FOREIGN KEY (`drink_id`) REFERENCES `drinks` (`id`) ON DELETE CASCADE,
  ADD CONSTRAINT `package_plan_drinks_meal_type_id_foreign` FOREIGN KEY (`meal_type_id`) REFERENCES `meal_types` (`id`) ON DELETE CASCADE,
  ADD CONSTRAINT `package_plan_drinks_package_id_foreign` FOREIGN KEY (`package_id`) REFERENCES `packages` (`id`) ON DELETE CASCADE,
  ADD CONSTRAINT `package_plan_drinks_package_intake_id_foreign` FOREIGN KEY (`package_intake_id`) REFERENCES `package_intakes` (`id`) ON DELETE CASCADE,
  ADD CONSTRAINT `package_plan_drinks_package_plan_id_foreign` FOREIGN KEY (`package_plan_id`) REFERENCES `package_plans` (`id`) ON DELETE CASCADE;

--
-- Constraints for table `package_plan_meals`
--
ALTER TABLE `package_plan_meals`
  ADD CONSTRAINT `package_plan_meals_meal_id_foreign` FOREIGN KEY (`meal_id`) REFERENCES `meals` (`id`) ON DELETE CASCADE,
  ADD CONSTRAINT `package_plan_meals_meal_type_id_foreign` FOREIGN KEY (`meal_type_id`) REFERENCES `meal_types` (`id`) ON DELETE CASCADE,
  ADD CONSTRAINT `package_plan_meals_package_id_foreign` FOREIGN KEY (`package_id`) REFERENCES `packages` (`id`) ON DELETE CASCADE,
  ADD CONSTRAINT `package_plan_meals_package_intake_id_foreign` FOREIGN KEY (`package_intake_id`) REFERENCES `package_intakes` (`id`) ON DELETE CASCADE,
  ADD CONSTRAINT `package_plan_meals_package_meal_id_foreign` FOREIGN KEY (`package_meal_id`) REFERENCES `package_meals` (`id`) ON DELETE CASCADE,
  ADD CONSTRAINT `package_plan_meals_package_plan_id_foreign` FOREIGN KEY (`package_plan_id`) REFERENCES `package_plans` (`id`) ON DELETE CASCADE;

--
-- Constraints for table `package_plan_sides`
--
ALTER TABLE `package_plan_sides`
  ADD CONSTRAINT `package_plan_sides_meal_type_id_foreign` FOREIGN KEY (`meal_type_id`) REFERENCES `meal_types` (`id`) ON DELETE CASCADE,
  ADD CONSTRAINT `package_plan_sides_package_id_foreign` FOREIGN KEY (`package_id`) REFERENCES `packages` (`id`) ON DELETE CASCADE,
  ADD CONSTRAINT `package_plan_sides_package_intake_id_foreign` FOREIGN KEY (`package_intake_id`) REFERENCES `package_intakes` (`id`) ON DELETE CASCADE,
  ADD CONSTRAINT `package_plan_sides_package_plan_id_foreign` FOREIGN KEY (`package_plan_id`) REFERENCES `package_plans` (`id`) ON DELETE CASCADE,
  ADD CONSTRAINT `package_plan_sides_side_id_foreign` FOREIGN KEY (`side_id`) REFERENCES `sides` (`id`) ON DELETE CASCADE;

--
-- Constraints for table `package_plan_snacks`
--
ALTER TABLE `package_plan_snacks`
  ADD CONSTRAINT `package_plan_snacks_meal_type_id_foreign` FOREIGN KEY (`meal_type_id`) REFERENCES `meal_types` (`id`) ON DELETE CASCADE,
  ADD CONSTRAINT `package_plan_snacks_package_id_foreign` FOREIGN KEY (`package_id`) REFERENCES `packages` (`id`) ON DELETE CASCADE,
  ADD CONSTRAINT `package_plan_snacks_package_intake_id_foreign` FOREIGN KEY (`package_intake_id`) REFERENCES `package_intakes` (`id`) ON DELETE CASCADE,
  ADD CONSTRAINT `package_plan_snacks_package_plan_id_foreign` FOREIGN KEY (`package_plan_id`) REFERENCES `package_plans` (`id`) ON DELETE CASCADE,
  ADD CONSTRAINT `package_plan_snacks_snack_id_foreign` FOREIGN KEY (`snack_id`) REFERENCES `snacks` (`id`) ON DELETE CASCADE;

--
-- Constraints for table `portions`
--
ALTER TABLE `portions`
  ADD CONSTRAINT `portions_cuisine_id_foreign` FOREIGN KEY (`cuisine_id`) REFERENCES `cuisines` (`id`) ON DELETE SET NULL;

--
-- Constraints for table `portion_components`
--
ALTER TABLE `portion_components`
  ADD CONSTRAINT `portion_components_component_id_foreign` FOREIGN KEY (`component_id`) REFERENCES `components` (`id`) ON DELETE CASCADE,
  ADD CONSTRAINT `portion_components_portion_id_foreign` FOREIGN KEY (`portion_id`) REFERENCES `portions` (`id`) ON DELETE CASCADE,
  ADD CONSTRAINT `portion_components_unit_id_foreign` FOREIGN KEY (`unit_id`) REFERENCES `units` (`id`) ON DELETE CASCADE;

--
-- Constraints for table `portion_packings`
--
ALTER TABLE `portion_packings`
  ADD CONSTRAINT `portion_packings_portion_id_foreign` FOREIGN KEY (`portion_id`) REFERENCES `portions` (`id`) ON DELETE CASCADE;

--
-- Constraints for table `portion_portions`
--
ALTER TABLE `portion_portions`
  ADD CONSTRAINT `portion_portions_portion_id_foreign` FOREIGN KEY (`portion_id`) REFERENCES `portions` (`id`) ON DELETE CASCADE,
  ADD CONSTRAINT `portion_portions_subportion_id_foreign` FOREIGN KEY (`subportion_id`) REFERENCES `portions` (`id`) ON DELETE CASCADE,
  ADD CONSTRAINT `portion_portions_unit_id_foreign` FOREIGN KEY (`unit_id`) REFERENCES `units` (`id`) ON DELETE CASCADE;

--
-- Constraints for table `sauces`
--
ALTER TABLE `sauces`
  ADD CONSTRAINT `sauces_cuisine_id_foreign` FOREIGN KEY (`cuisine_id`) REFERENCES `cuisines` (`id`) ON DELETE SET NULL;

--
-- Constraints for table `sauce_components`
--
ALTER TABLE `sauce_components`
  ADD CONSTRAINT `sauce_components_component_id_foreign` FOREIGN KEY (`component_id`) REFERENCES `components` (`id`) ON DELETE CASCADE,
  ADD CONSTRAINT `sauce_components_sauce_id_foreign` FOREIGN KEY (`sauce_id`) REFERENCES `sauces` (`id`) ON DELETE CASCADE,
  ADD CONSTRAINT `sauce_components_unit_id_foreign` FOREIGN KEY (`unit_id`) REFERENCES `units` (`id`) ON DELETE CASCADE;

--
-- Constraints for table `sauce_packings`
--
ALTER TABLE `sauce_packings`
  ADD CONSTRAINT `sauce_packings_sauce_id_foreign` FOREIGN KEY (`sauce_id`) REFERENCES `sauces` (`id`) ON DELETE CASCADE;

--
-- Constraints for table `sauce_portions`
--
ALTER TABLE `sauce_portions`
  ADD CONSTRAINT `sauce_portions_portion_id_foreign` FOREIGN KEY (`portion_id`) REFERENCES `portions` (`id`) ON DELETE CASCADE,
  ADD CONSTRAINT `sauce_portions_sauce_id_foreign` FOREIGN KEY (`sauce_id`) REFERENCES `sauces` (`id`) ON DELETE CASCADE,
  ADD CONSTRAINT `sauce_portions_unit_id_foreign` FOREIGN KEY (`unit_id`) REFERENCES `units` (`id`) ON DELETE CASCADE;

--
-- Constraints for table `sides`
--
ALTER TABLE `sides`
  ADD CONSTRAINT `sides_cuisine_id_foreign` FOREIGN KEY (`cuisine_id`) REFERENCES `cuisines` (`id`) ON DELETE SET NULL;

--
-- Constraints for table `side_components`
--
ALTER TABLE `side_components`
  ADD CONSTRAINT `side_components_component_id_foreign` FOREIGN KEY (`component_id`) REFERENCES `components` (`id`) ON DELETE CASCADE,
  ADD CONSTRAINT `side_components_side_id_foreign` FOREIGN KEY (`side_id`) REFERENCES `sides` (`id`) ON DELETE CASCADE,
  ADD CONSTRAINT `side_components_unit_id_foreign` FOREIGN KEY (`unit_id`) REFERENCES `units` (`id`) ON DELETE CASCADE;

--
-- Constraints for table `side_packings`
--
ALTER TABLE `side_packings`
  ADD CONSTRAINT `side_packings_side_id_foreign` FOREIGN KEY (`side_id`) REFERENCES `sides` (`id`) ON DELETE CASCADE;

--
-- Constraints for table `side_portions`
--
ALTER TABLE `side_portions`
  ADD CONSTRAINT `side_portions_portion_id_foreign` FOREIGN KEY (`portion_id`) REFERENCES `portions` (`id`) ON DELETE CASCADE,
  ADD CONSTRAINT `side_portions_side_id_foreign` FOREIGN KEY (`side_id`) REFERENCES `sides` (`id`) ON DELETE CASCADE,
  ADD CONSTRAINT `side_portions_unit_id_foreign` FOREIGN KEY (`unit_id`) REFERENCES `units` (`id`) ON DELETE CASCADE;

--
-- Constraints for table `snacks`
--
ALTER TABLE `snacks`
  ADD CONSTRAINT `snacks_cuisine_id_foreign` FOREIGN KEY (`cuisine_id`) REFERENCES `cuisines` (`id`) ON DELETE SET NULL;

--
-- Constraints for table `snack_components`
--
ALTER TABLE `snack_components`
  ADD CONSTRAINT `snack_components_component_id_foreign` FOREIGN KEY (`component_id`) REFERENCES `components` (`id`) ON DELETE CASCADE,
  ADD CONSTRAINT `snack_components_snack_id_foreign` FOREIGN KEY (`snack_id`) REFERENCES `snacks` (`id`) ON DELETE CASCADE,
  ADD CONSTRAINT `snack_components_unit_id_foreign` FOREIGN KEY (`unit_id`) REFERENCES `units` (`id`) ON DELETE CASCADE;

--
-- Constraints for table `snack_packings`
--
ALTER TABLE `snack_packings`
  ADD CONSTRAINT `snack_packings_snack_id_foreign` FOREIGN KEY (`snack_id`) REFERENCES `snacks` (`id`) ON DELETE CASCADE;

--
-- Constraints for table `snack_portions`
--
ALTER TABLE `snack_portions`
  ADD CONSTRAINT `snack_portions_portion_id_foreign` FOREIGN KEY (`portion_id`) REFERENCES `portions` (`id`) ON DELETE CASCADE,
  ADD CONSTRAINT `snack_portions_snack_id_foreign` FOREIGN KEY (`snack_id`) REFERENCES `snacks` (`id`) ON DELETE CASCADE,
  ADD CONSTRAINT `snack_portions_unit_id_foreign` FOREIGN KEY (`unit_id`) REFERENCES `units` (`id`) ON DELETE CASCADE;
COMMIT;

