-- https://www.phpmyadmin.net/
--

START TRANSACTION;



--
-- Database: `doer_database`
--

-- --------------------------------------------------------

--
-- Table structure for table `allergy_lists`
--

CREATE TABLE `allergy_lists` (
  `id` bigint(20) UNSIGNED NOT NULL,
  `name` text COLLATE utf8mb4_unicode_ci,
  `created_at` timestamp NULL DEFAULT NULL,
  `updated_at` timestamp NULL DEFAULT NULL
) ENGINE=InnoDB DEFAULT CHARSET=utf8mb4 COLLATE=utf8mb4_unicode_ci;

--
-- Dumping data for table `allergy_lists`
--

INSERT INTO `allergy_lists` (`id`, `name`, `created_at`, `updated_at`) VALUES
(1, 'Soy', '2022-10-08 12:20:58', '2022-10-08 12:20:58'),
(2, 'Eggs', '2022-10-08 12:20:58', '2022-10-08 12:20:58'),
(3, 'Dairy', '2022-10-08 12:20:58', '2022-10-08 12:20:58'),
(4, 'Seafoods', '2022-10-08 12:20:58', '2022-10-08 12:20:58'),
(5, 'Shrimp', '2022-10-08 12:20:58', '2022-10-08 12:20:58'),
(6, 'Nuts', '2022-10-08 12:20:58', '2022-10-08 12:20:58'),
(7, 'Chia', '2022-10-08 12:20:58', '2022-10-08 12:20:58'),
(8, 'Sesame', '2022-10-08 12:20:58', '2022-10-08 12:20:58'),
(9, 'Celery', '2022-10-08 12:20:58', '2022-10-08 12:20:58'),
(10, 'Mushrooms', '2022-10-08 12:20:58', '2022-10-08 12:20:58'),
(11, 'Eggs/Dairy/Nuts', '2022-10-08 12:20:58', '2022-10-08 12:20:58'),
(12, 'Nuts/Dairy', '2022-10-08 12:20:58', '2022-10-08 12:20:58'),
(13, 'Eggs/Dairy', '2022-10-08 12:20:58', '2022-10-08 12:20:58');

-- --------------------------------------------------------

--
-- Table structure for table `cities`
--

CREATE TABLE `cities` (
  `id` bigint(20) UNSIGNED NOT NULL,
  `name` varchar(255) COLLATE utf8mb4_unicode_ci DEFAULT NULL,
  `created_at` timestamp NULL DEFAULT NULL,
  `updated_at` timestamp NULL DEFAULT NULL
) ENGINE=InnoDB DEFAULT CHARSET=utf8mb4 COLLATE=utf8mb4_unicode_ci;

--
-- Dumping data for table `cities`
--

INSERT INTO `cities` (`id`, `name`, `created_at`, `updated_at`) VALUES
(1, 'Dubai', '2021-10-19 09:14:18', '2021-11-01 06:25:08'),
(2, 'Abu Dhabi', '2021-10-19 09:14:19', '2021-10-19 09:14:19'),
(3, 'Sharjah', '2021-10-19 09:14:19', '2021-11-01 06:25:38'),
(4, 'Ajman', '2021-10-19 09:14:19', '2021-10-19 09:14:19'),
(5, 'Umm Al Quwain', '2021-10-19 09:14:19', '2021-10-19 09:14:19'),
(6, 'Al Ain', '2021-10-19 09:14:19', '2022-11-05 05:04:16'),
(7, 'RAK', '2021-10-19 09:14:19', '2021-10-19 09:14:19');

-- --------------------------------------------------------

--
-- Table structure for table `city_districts`
--

CREATE TABLE `city_districts` (
  `id` bigint(20) UNSIGNED NOT NULL,
  `city_id` bigint(20) UNSIGNED DEFAULT NULL,
  `name` varchar(255) COLLATE utf8mb4_unicode_ci DEFAULT NULL,
  `created_at` timestamp NULL DEFAULT NULL,
  `updated_at` timestamp NULL DEFAULT NULL
) ENGINE=InnoDB DEFAULT CHARSET=utf8mb4 COLLATE=utf8mb4_unicode_ci;

--
-- Dumping data for table `city_districts`
--

INSERT INTO `city_districts` (`id`, `city_id`, `name`, `created_at`, `updated_at`) VALUES
(1, 1, 'Dubai Hills', '2021-10-19 09:14:19', '2021-10-19 09:14:19'),
(2, 1, 'Design District', '2021-10-19 09:14:19', '2021-10-19 09:14:19'),
(3, 1, 'BurJuma', '2021-10-19 09:14:19', '2021-10-19 09:14:19'),
(4, 1, 'Deira Duba', '2021-10-19 09:14:19', '2021-10-19 09:14:19'),
(5, 1, 'Sheikh Zayed Roa', '2021-10-19 09:14:19', '2021-10-19 09:14:19'),
(6, 1, 'World Trade Center', '2021-10-19 09:14:19', '2021-10-19 09:14:19'),
(7, 1, 'Liwan', '2021-10-19 09:14:19', '2021-10-19 09:14:19'),
(8, 1, 'Lifestyle City', '2021-10-19 09:14:19', '2021-10-19 09:14:19'),
(9, 1, 'Arabian Ranches 2', '2021-10-19 09:14:20', '2021-10-19 09:14:20'),
(10, 1, 'Layan', '2021-10-19 09:14:20', '2021-10-19 09:14:20'),
(11, 1, 'Abu Hail', '2021-10-19 09:14:20', '2021-10-19 09:14:20'),
(12, 1, 'Academic City', '2021-10-19 09:14:20', '2021-10-19 09:14:20'),
(13, 1, 'Al Badaa', '2021-10-19 09:14:20', '2021-10-19 09:14:20'),
(14, 1, 'Al Baraha', '2021-10-19 09:14:20', '2021-10-19 09:14:20'),
(15, 1, 'Al Barari', '2021-10-19 09:14:20', '2021-10-19 09:14:20'),
(16, 1, 'Al Barsha 1', '2021-10-19 09:14:20', '2021-10-19 09:14:20'),
(17, 1, 'Al Barsha 2', '2021-10-19 09:14:20', '2021-10-19 09:14:20'),
(18, 1, 'Al Barsha 3', '2021-10-19 09:14:20', '2021-10-19 09:14:20'),
(19, 1, 'Barsha Heights', '2021-10-19 09:14:20', '2021-10-19 09:14:20'),
(20, 1, 'Al Barsha South ', '2021-10-19 09:14:20', '2021-10-19 09:14:20'),
(21, 1, 'Al Furjan', '2021-10-19 09:14:20', '2021-10-19 09:14:20'),
(22, 1, 'Al Garhoud', '2021-10-19 09:14:21', '2021-10-19 09:14:21'),
(23, 1, 'Al Hudaiba', '2021-10-19 09:14:21', '2021-10-19 09:14:21'),
(24, 1, 'Al Jaddaf', '2021-10-19 09:14:21', '2021-10-19 09:14:21'),
(25, 1, 'Al Jafiliya', '2021-10-19 09:14:21', '2021-10-19 09:14:21'),
(26, 1, 'Al Karama', '2021-10-19 09:14:21', '2021-10-19 09:14:21'),
(27, 1, 'Al Khabisi', '2021-10-19 09:14:21', '2021-10-19 09:14:21'),
(28, 1, 'Al Khawaneej 1', '2021-10-19 09:14:21', '2021-10-19 09:14:21'),
(29, 1, 'Al Khawaneej 2', '2021-10-19 09:14:21', '2021-10-19 09:14:21'),
(30, 1, 'Al Mamzar', '2021-10-19 09:14:21', '2021-10-19 09:14:21'),
(31, 1, 'Al Manara', '2021-10-19 09:14:21', '2021-10-19 09:14:21'),
(32, 1, 'Al Mankhool', '2021-10-19 09:14:21', '2021-10-19 09:14:21'),
(33, 1, 'Al Mizhar 1', '2021-10-19 09:14:21', '2021-10-19 09:14:21'),
(34, 1, 'Al Mizhar 2', '2021-10-19 09:14:21', '2021-10-19 09:14:21'),
(35, 1, 'Al Muntazah Complex', '2021-10-19 09:14:21', '2021-10-19 09:14:21'),
(36, 1, 'Al Murar', '2021-10-19 09:14:21', '2021-10-19 09:14:21'),
(37, 1, 'Al Nahda 1', '2021-10-19 09:14:21', '2021-10-19 09:14:21'),
(38, 1, 'Al Nahda 2', '2021-10-19 09:14:22', '2021-10-19 09:14:22'),
(39, 1, 'Al Quoz 1', '2021-10-19 09:14:22', '2021-10-19 09:14:22'),
(40, 1, 'Al Quoz 2', '2021-10-19 09:14:22', '2021-10-19 09:14:22'),
(41, 1, 'Al Quoz 3', '2021-10-19 09:14:22', '2021-10-19 09:14:22'),
(42, 1, 'Al Quoz 4', '2021-10-19 09:14:22', '2021-10-19 09:14:22'),
(43, 1, 'Al Qusais 1', '2021-10-19 09:14:22', '2021-10-19 09:14:22'),
(44, 1, 'Al Qusais 2', '2021-10-19 09:14:22', '2021-10-19 09:14:22'),
(45, 1, 'Al Raffa', '2021-10-19 09:14:22', '2021-10-19 09:14:22'),
(46, 1, 'Al Rashidiya', '2021-10-19 09:14:22', '2021-10-19 09:14:22'),
(47, 1, 'Al Rigga', '2021-10-19 09:14:22', '2021-10-19 09:14:22'),
(48, 1, 'Al Safa', '2021-10-19 09:14:22', '2021-10-19 09:14:22'),
(49, 1, 'Al Safouh 1', '2021-10-19 09:14:22', '2021-10-19 09:14:22'),
(50, 1, 'Al Safouh 2', '2021-10-19 09:14:22', '2021-10-19 09:14:22'),
(51, 1, 'Al Satwa', '2021-10-19 09:14:22', '2021-10-19 09:14:22'),
(52, 1, 'Al Twar 1', '2021-10-19 09:14:22', '2021-10-19 09:14:22'),
(53, 1, 'Al Waha', '2021-10-19 09:14:22', '2021-10-19 09:14:22'),
(54, 1, 'Al Waheda', '2021-10-19 09:14:22', '2021-10-19 09:14:22'),
(55, 1, 'Al Warqa 1', '2021-10-19 09:14:22', '2021-10-19 09:14:22'),
(56, 1, 'Al Warqa 2', '2021-10-19 09:14:22', '2021-10-19 09:14:22'),
(57, 1, 'Al Warqa 3', '2021-10-19 09:14:23', '2021-10-19 09:14:23'),
(58, 1, 'Al Warqa 4', '2021-10-19 09:14:23', '2021-10-19 09:14:23'),
(59, 1, 'Al Wasl', '2021-10-19 09:14:23', '2021-10-19 09:14:23'),
(60, 1, 'Arabian Ranches', '2021-10-19 09:14:23', '2021-10-19 09:14:23'),
(61, 1, 'Arjan Dubailand', '2021-10-19 09:14:23', '2021-10-19 09:14:23'),
(62, 1, 'Bluewaters Island', '2021-10-19 09:14:23', '2021-10-19 09:14:23'),
(63, 1, 'Business Bay', '2021-10-19 09:14:23', '2021-10-19 09:14:23'),
(64, 1, 'City of Arabia', '2021-10-19 09:14:23', '2021-10-19 09:14:23'),
(65, 1, 'Damac Hills', '2021-10-19 09:14:23', '2021-10-19 09:14:23'),
(66, 1, 'Damac Hills Estate', '2021-10-19 09:14:23', '2021-10-19 09:14:23'),
(67, 1, 'Discovery Gardens', '2021-10-19 09:14:23', '2021-10-19 09:14:23'),
(68, 1, 'Downtown', '2021-10-19 09:14:23', '2021-10-19 09:14:23'),
(69, 1, 'Dubai Festival City', '2021-10-19 09:14:23', '2021-10-19 09:14:23'),
(70, 1, 'Dubai Healthcare City', '2021-10-19 09:14:23', '2021-10-19 09:14:23'),
(71, 1, 'DIFC', '2021-10-19 09:14:23', '2021-10-19 09:14:23'),
(72, 1, 'Internet City', '2021-10-19 09:14:23', '2021-10-19 09:14:23'),
(73, 1, 'Investment park', '2021-10-19 09:14:23', '2021-10-19 09:14:23'),
(74, 1, 'Knowledge Village', '2021-10-19 09:14:23', '2021-10-19 09:14:23'),
(75, 1, 'Marina', '2021-10-19 09:14:23', '2021-10-19 09:14:23'),
(76, 1, 'Media City', '2021-10-19 09:14:24', '2021-10-19 09:14:24'),
(77, 1, 'Studio City', '2021-10-19 09:14:24', '2021-10-19 09:14:24'),
(78, 1, 'Emirates Hills 1', '2021-10-19 09:14:24', '2021-10-19 09:14:24'),
(79, 1, 'Emirates Hills 2', '2021-10-19 09:14:24', '2021-10-19 09:14:24'),
(80, 1, 'Falcon City', '2021-10-19 09:14:24', '2021-10-19 09:14:24'),
(81, 1, 'Hayat Townhouses', '2021-10-19 09:14:24', '2021-10-19 09:14:24'),
(82, 1, 'Hor Al Anz', '2021-10-19 09:14:24', '2021-10-19 09:14:24'),
(83, 1, 'IBN Battuta', '2021-10-19 09:14:24', '2021-10-19 09:14:24'),
(84, 1, 'IMPZ', '2021-10-19 09:14:24', '2021-10-19 09:14:24'),
(85, 1, 'International City', '2021-10-19 09:14:24', '2021-10-19 09:14:24'),
(86, 1, 'Jebel Ali Village', '2021-10-19 09:14:24', '2021-10-19 09:14:24'),
(87, 1, 'Jumeirah 1', '2021-10-19 09:14:24', '2021-10-19 09:14:24'),
(88, 1, 'Jumeirah 2', '2021-10-19 09:14:24', '2021-10-19 09:14:24'),
(89, 1, 'Jumeirah 3', '2021-10-19 09:14:24', '2021-10-19 09:14:24'),
(90, 1, 'JBR', '2021-10-19 09:14:24', '2021-10-19 09:14:24'),
(91, 1, 'Jumeirah Heights', '2021-10-19 09:14:25', '2021-10-19 09:14:25'),
(92, 1, 'Jumeirah Island', '2021-10-19 09:14:25', '2021-10-19 09:14:25'),
(93, 1, 'JLT', '2021-10-19 09:14:25', '2021-10-19 09:14:25'),
(94, 1, 'Jumeirah Park', '2021-10-19 09:14:25', '2021-10-19 09:14:25'),
(95, 1, 'JVC', '2021-10-19 09:14:25', '2021-10-19 09:14:25'),
(96, 1, 'JVT', '2021-10-19 09:14:25', '2021-10-19 09:14:25'),
(97, 1, 'Majan', '2021-10-19 09:14:25', '2021-10-19 09:14:25'),
(98, 1, 'Meadows', '2021-10-19 09:14:25', '2021-10-19 09:14:25'),
(99, 1, 'Meydan', '2021-10-19 09:14:25', '2021-10-19 09:14:25'),
(100, 1, 'Mira', '2021-10-19 09:14:25', '2021-10-19 09:14:25'),
(101, 1, 'Mirdif', '2021-10-19 09:14:25', '2021-10-19 09:14:25'),
(102, 1, 'Motor City', '2021-10-19 09:14:25', '2021-10-19 09:14:25'),
(103, 1, 'Mudon', '2021-10-19 09:14:25', '2021-10-19 09:14:25'),
(104, 1, 'Muhaisanah 1', '2021-10-19 09:14:25', '2021-10-19 09:14:25'),
(105, 1, 'Muhaisanah 2', '2021-10-19 09:14:26', '2021-10-19 09:14:26'),
(106, 1, 'Muhaisanah 3', '2021-10-19 09:14:26', '2021-10-19 09:14:26'),
(107, 1, 'Muhaisanah 4', '2021-10-19 09:14:26', '2021-10-19 09:14:26'),
(108, 1, 'Muteena', '2021-10-19 09:14:26', '2021-10-19 09:14:26'),
(109, 1, 'Nad Al Hammar', '2021-10-19 09:14:26', '2021-10-19 09:14:26'),
(110, 1, 'Nadd Al Sheba', '2021-10-19 09:14:26', '2021-10-19 09:14:26'),
(111, 1, 'Naif', '2021-10-19 09:14:26', '2021-10-19 09:14:26'),
(112, 1, 'Nshama Town Square', '2021-10-19 09:14:26', '2021-10-19 09:14:26'),
(113, 1, 'Oud Al Muteena', '2021-10-19 09:14:26', '2021-10-19 09:14:26'),
(114, 1, 'Oud Metha', '2021-10-19 09:14:26', '2021-10-19 09:14:26'),
(115, 1, 'Palm Jumeirah', '2021-10-19 09:14:26', '2021-10-19 09:14:27'),
(116, 1, 'Ras Al Khor', '2021-10-19 09:14:27', '2021-10-19 09:14:27'),
(117, 1, 'Remraam', '2021-10-19 09:14:27', '2021-10-19 09:14:27'),
(118, 1, 'Silicon Oasis', '2021-10-19 09:14:27', '2021-10-19 09:14:27'),
(119, 1, 'Sport City', '2021-10-19 09:14:27', '2021-10-19 09:14:27'),
(120, 1, 'Springs', '2021-10-19 09:14:27', '2021-10-19 09:14:27'),
(121, 1, 'Tecom', '2021-10-19 09:14:27', '2021-10-19 09:14:27'),
(122, 1, 'The Gardens', '2021-10-19 09:14:27', '2021-10-19 09:14:27'),
(123, 1, 'The Greens', '2021-10-19 09:14:27', '2021-10-19 09:14:27'),
(124, 1, 'The Lakes', '2021-10-19 09:14:27', '2021-10-19 09:14:27'),
(125, 1, 'The Sustainable City', '2021-10-19 09:14:27', '2021-10-19 09:14:27'),
(126, 1, 'The Villa ', '2021-10-19 09:14:27', '2021-10-19 09:14:27'),
(127, 1, 'Umm Al Sheif', '2021-10-19 09:14:27', '2021-10-19 09:14:27'),
(128, 1, 'Umm Hurair', '2021-10-19 09:14:27', '2021-10-19 09:14:27'),
(129, 1, 'Umm Ramool', '2021-10-19 09:14:27', '2021-10-19 09:14:27'),
(130, 1, 'Umm Suqeim 1', '2021-10-19 09:14:27', '2021-10-19 09:14:27'),
(131, 1, 'Warsan', '2021-10-19 09:14:27', '2021-10-19 09:14:27'),
(132, 1, 'Zaabeel', '2021-10-19 09:14:27', '2021-10-19 09:14:27'),
(133, 1, 'City Walk', '2021-10-19 09:14:27', '2021-10-19 09:14:27'),
(134, 1, 'Al Twar 2', '2021-10-19 09:14:27', '2021-10-19 09:14:27'),
(135, 1, 'Al Twar 3', '2021-10-19 09:14:28', '2021-10-19 09:14:28'),
(136, 1, 'Umm Suqeim 2', '2021-10-19 09:14:28', '2021-10-19 09:14:28'),
(137, 1, 'Umm Suqeim 3', '2021-10-19 09:14:28', '2021-10-19 09:14:28'),
(138, 1, 'Living Legends', '2021-10-19 09:14:28', '2021-10-19 09:14:28'),
(139, 1, 'Nad Al Shamma', '2021-10-19 09:14:28', '2021-10-19 09:14:28'),
(140, 1, 'OTHER', '2021-10-19 09:14:28', '2021-10-19 09:14:28'),
(141, 2, 'Al Aman', '2021-10-19 09:14:28', '2021-10-19 09:14:28'),
(142, 2, 'Al Bahya ', '2021-10-19 09:14:28', '2021-10-19 09:14:28'),
(143, 2, 'Al Bandar', '2021-10-19 09:14:28', '2021-10-19 09:14:28'),
(144, 2, 'Al Bateen', '2021-10-19 09:14:28', '2021-10-19 09:14:28'),
(145, 2, 'Al Dana', '2021-10-19 09:14:28', '2021-10-19 09:14:28'),
(146, 2, 'Al Dhafrah', '2021-10-19 09:14:28', '2021-10-19 09:14:28'),
(147, 2, 'Al Etihad', '2021-10-19 09:14:28', '2021-10-19 09:14:28'),
(148, 2, 'Al Falah', '2021-10-19 09:14:28', '2021-10-19 09:14:28'),
(149, 2, 'Al Ghadeer', '2021-10-19 09:14:29', '2021-10-19 09:14:29'),
(150, 2, 'Al Hisn', '2021-10-19 09:14:29', '2021-10-19 09:14:29'),
(151, 2, 'Al Kharamah', '2021-10-19 09:14:29', '2021-10-19 09:14:29'),
(152, 2, 'Al Mannal', '2021-10-19 09:14:29', '2021-10-19 09:14:29'),
(153, 2, 'Al Maqta', '2021-10-19 09:14:29', '2021-10-19 09:14:29'),
(154, 2, 'Al Maryah Island', '2021-10-19 09:14:29', '2021-10-19 09:14:29'),
(155, 2, 'Al Muneera', '2021-10-19 09:14:29', '2021-10-19 09:14:29'),
(156, 2, 'Al Muntazah', '2021-10-19 09:14:29', '2021-10-19 09:14:29'),
(157, 2, 'Al Muroor', '2021-10-19 09:14:29', '2021-10-19 09:14:29'),
(158, 2, 'Al Musalla', '2021-10-19 09:14:29', '2021-10-19 09:14:29'),
(159, 2, 'Al Mushrif', '2021-10-19 09:14:29', '2021-10-19 09:14:29'),
(160, 2, 'Al Raha', '2021-10-19 09:14:29', '2021-10-19 09:14:29'),
(161, 2, 'Al Raha Gardens', '2021-10-19 09:14:29', '2021-10-19 09:14:29'),
(162, 2, 'Al Rahba', '2021-10-19 09:14:29', '2021-10-19 09:14:29'),
(163, 2, 'Al Rayhan', '2021-10-19 09:14:29', '2021-10-19 09:14:29'),
(164, 2, 'Al Reef', '2021-10-19 09:14:30', '2021-10-19 09:14:30'),
(165, 2, 'Al Reem Island', '2021-10-19 09:14:30', '2021-10-19 09:14:30'),
(166, 2, 'Al Rowdah', '2021-10-19 09:14:30', '2021-10-19 09:14:30'),
(167, 2, 'Al Saadah', '2021-10-19 09:14:30', '2021-10-19 09:14:30'),
(168, 2, 'Al Saadiyat', '2021-10-19 09:14:30', '2021-10-19 09:14:30'),
(169, 2, 'Al Samha', '2021-10-19 09:14:30', '2021-10-19 09:14:30'),
(170, 2, 'Al Shahama', '2021-10-19 09:14:30', '2021-10-19 09:14:30'),
(171, 2, 'Al Shamkhah', '2021-10-19 09:14:30', '2021-10-19 09:14:30'),
(172, 2, 'Al Wahda', '2021-10-19 09:14:30', '2021-10-19 09:14:30'),
(173, 2, 'Al Zaab', '2021-10-19 09:14:30', '2021-10-19 09:14:30'),
(174, 2, 'Al Zahiyah', '2021-10-19 09:14:30', '2021-10-19 09:14:30'),
(175, 2, 'Al Zahraa', '2021-10-19 09:14:30', '2021-10-19 09:14:30'),
(176, 2, 'Al Zeina', '2021-10-19 09:14:31', '2021-10-19 09:14:31'),
(177, 2, 'Baniyas', '2021-10-19 09:14:31', '2021-10-19 09:14:31'),
(178, 2, 'Bloom Gardens', '2021-10-19 09:14:31', '2021-10-19 09:14:31'),
(179, 2, 'Eastern Mangrove', '2021-10-19 09:14:31', '2021-10-19 09:14:31'),
(180, 2, 'Embassies District', '2021-10-19 09:14:31', '2021-10-19 09:14:31'),
(181, 2, 'Hills Abu Dhabi', '2021-10-19 09:14:31', '2021-10-19 09:14:31'),
(182, 2, 'Khalifa City', '2021-10-19 09:14:31', '2021-10-19 09:14:31'),
(183, 2, 'Khalifa City A', '2021-10-19 09:14:31', '2021-10-19 09:14:31'),
(184, 2, 'Khalifa City B', '2021-10-19 09:14:31', '2021-10-19 09:14:31'),
(185, 2, 'Madinat Zayed', '2021-10-19 09:14:31', '2021-10-19 09:14:31'),
(186, 2, 'Mangrove Village', '2021-10-19 09:14:31', '2021-10-19 09:14:31'),
(187, 2, 'Masdar City', '2021-10-19 09:14:31', '2021-10-19 09:14:31'),
(188, 2, 'Ministries Area', '2021-10-19 09:14:32', '2021-10-19 09:14:32'),
(189, 2, 'Mohamed Bin Zayed City', '2021-10-19 09:14:32', '2021-10-19 09:14:32'),
(190, 2, 'Rowdhat Abu Dhabi', '2021-10-19 09:14:32', '2021-10-19 09:14:32'),
(191, 2, 'Saadiyat Island', '2021-10-19 09:14:32', '2021-10-19 09:14:32'),
(192, 2, 'Yas Island', '2021-10-19 09:14:32', '2021-10-19 09:14:32'),
(193, 2, 'Zayed Sport City', '2021-10-19 09:14:32', '2021-10-19 09:14:32'),
(194, 2, 'Zayed University', '2021-10-19 09:14:32', '2021-10-19 09:14:32'),
(195, 2, 'Jazeerat Al Reem', '2021-10-19 09:14:32', '2021-10-19 09:14:32'),
(196, 2, 'Khalidiya Village', '2021-10-19 09:14:32', '2021-10-19 09:14:32'),
(197, 2, 'Khalidiyah', '2021-10-19 09:14:32', '2021-10-19 09:14:32'),
(198, 2, 'Hadbat Al Zafaranah', '2021-10-19 09:14:32', '2021-10-19 09:14:32'),
(199, 2, 'Al Ras Al Akhdar', '2021-10-19 09:14:32', '2021-10-19 09:14:32'),
(200, 2, 'Al Marina', '2021-10-19 09:14:32', '2021-10-19 09:14:32'),
(201, 2, 'Al Kasir', '2021-10-19 09:14:32', '2021-10-19 09:14:32'),
(202, 2, 'OTHER', '2021-10-19 09:14:32', '2021-10-19 09:14:32'),
(203, 3, 'Al Abar', '2021-10-19 09:14:33', '2021-10-19 09:14:33'),
(204, 3, 'Al Azra', '2021-10-19 09:14:33', '2021-10-19 09:14:33'),
(205, 3, 'Al Bu Daniq', '2021-10-19 09:14:33', '2021-10-19 09:14:33'),
(206, 3, 'Al Darari', '2021-10-19 09:14:33', '2021-10-19 09:14:33'),
(207, 3, 'Al Falaj', '2021-10-19 09:14:33', '2021-10-19 09:14:33'),
(208, 3, 'Al Fayha', '2021-10-19 09:14:33', '2021-10-19 09:14:33'),
(209, 3, 'Al Fisht', '2021-10-19 09:14:33', '2021-10-19 09:14:33'),
(210, 3, 'Al Ghafia', '2021-10-19 09:14:33', '2021-10-19 09:14:33'),
(211, 3, 'Al Gharayen', '2021-10-19 09:14:33', '2021-10-19 09:14:33'),
(212, 3, 'Al Gharb', '2021-10-19 09:14:33', '2021-10-19 09:14:33'),
(213, 3, 'Al Ghubaiba', '2021-10-19 09:14:33', '2021-10-19 09:14:33'),
(214, 3, 'Al Goaz', '2021-10-19 09:14:33', '2021-10-19 09:14:33'),
(215, 3, 'Al Hazannah', '2021-10-19 09:14:33', '2021-10-19 09:14:33'),
(216, 3, 'Al Heerah Suburb', '2021-10-19 09:14:33', '2021-10-19 09:14:33'),
(217, 3, 'Al Jazzat', '2021-10-19 09:14:33', '2021-10-19 09:14:33'),
(218, 3, 'Al Jubail', '2021-10-19 09:14:34', '2021-10-19 09:14:34'),
(219, 3, 'Al Jurainah 1', '2021-10-19 09:14:34', '2021-10-19 09:14:34'),
(220, 3, 'Al Jurainah 2', '2021-10-19 09:14:34', '2021-10-19 09:14:34'),
(221, 3, 'Al Jurainah 3', '2021-10-19 09:14:34', '2021-10-19 09:14:34'),
(222, 3, 'Al Jurainah 4', '2021-10-19 09:14:34', '2021-10-19 09:14:34'),
(223, 3, 'Al Khaledia Suburb', '2021-10-19 09:14:34', '2021-10-19 09:14:34'),
(224, 3, 'Al Khan', '2021-10-19 09:14:34', '2021-10-19 09:14:34'),
(225, 3, 'Al Khezamia', '2021-10-19 09:14:34', '2021-10-19 09:14:34'),
(226, 3, 'Al Layyeh Suburb', '2021-10-19 09:14:34', '2021-10-19 09:14:34'),
(227, 3, 'Al Mahatah', '2021-10-19 09:14:34', '2021-10-19 09:14:34'),
(228, 3, 'Al Majaz 1', '2021-10-19 09:14:34', '2021-10-19 09:14:34'),
(229, 3, 'Al Majaz 2', '2021-10-19 09:14:34', '2021-10-19 09:14:34'),
(230, 3, 'Al Majaz 3', '2021-10-19 09:14:34', '2021-10-19 09:14:34'),
(231, 3, 'Al Manakh', '2021-10-19 09:14:34', '2021-10-19 09:14:34'),
(232, 3, 'Al Mansoura', '2021-10-19 09:14:34', '2021-10-19 09:14:34'),
(233, 3, 'Al Mareija', '2021-10-19 09:14:34', '2021-10-19 09:14:34'),
(234, 3, 'Al Mirqab', '2021-10-19 09:14:35', '2021-10-19 09:14:35'),
(235, 3, 'Al Mujarrah', '2021-10-19 09:14:35', '2021-10-19 09:14:35'),
(236, 3, 'Al Muntazah', '2021-10-19 09:14:35', '2021-10-19 09:14:35'),
(237, 3, 'Al Musalla', '2021-10-19 09:14:35', '2021-10-19 09:14:35'),
(238, 3, 'Al Nabaah', '2021-10-19 09:14:35', '2021-10-19 09:14:35'),
(239, 3, 'Al Nahda', '2021-10-19 09:14:35', '2021-10-19 09:14:35'),
(240, 3, 'Al Nasserya', '2021-10-19 09:14:35', '2021-10-19 09:14:35'),
(241, 3, 'Al Nekhailat', '2021-10-19 09:14:35', '2021-10-19 09:14:35'),
(242, 3, 'Al Noof 1', '2021-10-19 09:14:35', '2021-10-19 09:14:35'),
(243, 3, 'Al Noof 2', '2021-10-19 09:14:35', '2021-10-19 09:14:35'),
(244, 3, 'Al Noof 3', '2021-10-19 09:14:35', '2021-10-19 09:14:35'),
(245, 3, 'Al Noof 4', '2021-10-19 09:14:35', '2021-10-19 09:14:35'),
(246, 3, 'Al Nud', '2021-10-19 09:14:35', '2021-10-19 09:14:35'),
(247, 3, 'Al Qadisiya', '2021-10-19 09:14:35', '2021-10-19 09:14:35'),
(248, 3, 'Al Qasba', '2021-10-19 09:14:36', '2021-10-19 09:14:36'),
(249, 3, 'Al Qylayaah', '2021-10-19 09:14:36', '2021-10-19 09:14:36'),
(250, 3, 'Al Ramaqiya', '2021-10-19 09:14:36', '2021-10-19 09:14:36'),
(251, 3, 'Al Ramla East', '2021-10-19 09:14:36', '2021-10-19 09:14:36'),
(252, 3, 'Al Ramtha ', '2021-10-19 09:14:36', '2021-10-19 09:14:36'),
(253, 3, 'Al Rifaah', '2021-10-19 09:14:36', '2021-10-19 09:14:36'),
(254, 3, 'Al Riqa Suburb', '2021-10-19 09:14:36', '2021-10-19 09:14:36'),
(255, 3, 'Al Sabkha', '2021-10-19 09:14:36', '2021-10-19 09:14:36'),
(256, 3, 'Al Seef', '2021-10-19 09:14:36', '2021-10-19 09:14:36'),
(257, 3, 'Al Shahba', '2021-10-19 09:14:36', '2021-10-19 09:14:36'),
(258, 3, 'Al Sharq', '2021-10-19 09:14:36', '2021-10-19 09:14:36'),
(259, 3, 'Al Sweihat', '2021-10-19 09:14:36', '2021-10-19 09:14:36'),
(260, 3, 'Al Taawun', '2021-10-19 09:14:36', '2021-10-19 09:14:36'),
(261, 3, 'Al Talaa', '2021-10-19 09:14:36', '2021-10-19 09:14:36'),
(262, 3, ' Al Turfa', '2021-10-19 09:14:37', '2021-10-19 09:14:37'),
(263, 3, 'Al Yarmook', '2021-10-19 09:14:37', '2021-10-19 09:14:37'),
(264, 3, 'Al Yash', '2021-10-19 09:14:37', '2021-10-19 09:14:37'),
(265, 3, 'Barashi', '2021-10-19 09:14:37', '2021-10-19 09:14:37'),
(266, 3, 'Dasman', '2021-10-19 09:14:37', '2021-10-19 09:14:37'),
(267, 3, 'Halwan', '2021-10-19 09:14:37', '2021-10-19 09:14:37'),
(268, 3, 'Halwan Suburb', '2021-10-19 09:14:38', '2021-10-19 09:14:38'),
(269, 3, 'Maysaloon ', '2021-10-19 09:14:38', '2021-10-19 09:14:38'),
(270, 3, 'Muwafjah', '2021-10-19 09:14:38', '2021-10-19 09:14:38'),
(271, 3, 'Muwailih', '2021-10-19 09:14:38', '2021-10-19 09:14:38'),
(272, 3, 'Qarayen 1', '2021-10-19 09:14:38', '2021-10-19 09:14:38'),
(273, 3, 'Qarayen 2', '2021-10-19 09:14:38', '2021-10-19 09:14:38'),
(274, 3, 'Qarayen 3', '2021-10-19 09:14:38', '2021-10-19 09:14:38'),
(275, 3, 'Qarayen 4', '2021-10-19 09:14:38', '2021-10-19 09:14:38'),
(276, 3, 'Qarayen 5', '2021-10-19 09:14:39', '2021-10-19 09:14:39'),
(277, 3, 'Samnan ', '2021-10-19 09:14:39', '2021-10-19 09:14:39'),
(278, 3, 'Sharqan ', '2021-10-19 09:14:39', '2021-10-19 09:14:39'),
(279, 3, 'Al Rahmaniya', '2021-10-19 09:14:39', '2021-10-19 09:14:39'),
(280, 3, 'OTHER', '2021-10-19 09:14:39', '2021-10-19 09:14:39'),
(281, 4, 'City Center', '2021-10-19 09:14:39', '2021-10-19 09:14:39'),
(282, 4, 'Corniche', '2021-10-19 09:14:39', '2021-10-19 09:14:39'),
(283, 4, 'Marina', '2021-10-19 09:14:39', '2021-10-19 09:14:39'),
(284, 4, 'Pearl', '2021-10-19 09:14:39', '2021-10-19 09:14:39'),
(285, 4, 'Uptown', '2021-10-19 09:14:39', '2021-10-19 09:14:39'),
(286, 4, 'Al Bustan', '2021-10-19 09:14:39', '2021-10-19 09:14:39'),
(287, 4, 'Al Butain', '2021-10-19 09:14:40', '2021-10-19 09:14:40'),
(288, 4, 'Al Hamidiya', '2021-10-19 09:14:40', '2021-10-19 09:14:40'),
(289, 4, 'Al Hamriya', '2021-10-19 09:14:40', '2021-10-19 09:14:40'),
(290, 4, 'Al Helio', '2021-10-19 09:14:40', '2021-10-19 09:14:40'),
(291, 4, 'Al Jurf', '2021-10-19 09:14:40', '2021-10-19 09:14:40'),
(292, 4, 'Al Muntazi', '2021-10-19 09:14:40', '2021-10-19 09:14:40'),
(293, 4, 'Al Mushairef', '2021-10-19 09:14:40', '2021-10-19 09:14:40'),
(294, 4, 'Al Naemiyah', '2021-10-19 09:14:40', '2021-10-19 09:14:40'),
(295, 4, 'Al Nakhil', '2021-10-19 09:14:41', '2021-10-19 09:14:41'),
(296, 4, 'Al Owan', '2021-10-19 09:14:41', '2021-10-19 09:14:41'),
(297, 4, 'Al Rashidiya', '2021-10-19 09:14:41', '2021-10-19 09:14:41'),
(298, 4, 'Al Rowdha', '2021-10-19 09:14:41', '2021-10-19 09:14:41'),
(299, 4, 'Al Rumailah', '2021-10-19 09:14:41', '2021-10-19 09:14:41'),
(300, 4, 'Al Zahra', '2021-10-19 09:14:41', '2021-10-19 09:14:41'),
(301, 4, 'Al Zora', '2021-10-19 09:14:42', '2021-10-19 09:14:42'),
(302, 4, 'Emirates City', '2021-10-19 09:14:42', '2021-10-19 09:14:42'),
(303, 4, 'Emirates City Extension', '2021-10-19 09:14:42', '2021-10-19 09:14:42'),
(304, 4, 'Garden City', '2021-10-19 09:14:42', '2021-10-19 09:14:42'),
(305, 4, 'Green City', '2021-10-19 09:14:42', '2021-10-19 09:14:42'),
(306, 5, 'Al Aahad', '2021-10-19 09:14:42', '2021-10-19 09:14:42'),
(307, 5, 'Al Abrab', '2021-10-19 09:14:42', '2021-10-19 09:14:42'),
(308, 5, 'Al Dar Al Baida', '2021-10-19 09:14:42', '2021-10-19 09:14:42'),
(309, 5, 'Al Haditha', '2021-10-19 09:14:42', '2021-10-19 09:14:42'),
(310, 5, ' Al Hawiyah', '2021-10-19 09:14:42', '2021-10-19 09:14:42'),
(311, 5, 'Al Humrah', '2021-10-19 09:14:43', '2021-10-19 09:14:43'),
(312, 5, 'Al Limghadar', '2021-10-19 09:14:43', '2021-10-19 09:14:43'),
(313, 5, 'Al Maidan', '2021-10-19 09:14:43', '2021-10-19 09:14:43'),
(314, 5, 'Al Raas', '2021-10-19 09:14:43', '2021-10-19 09:14:43'),
(315, 5, 'Al Ramlah', '2021-10-19 09:14:43', '2021-10-19 09:14:43'),
(316, 5, 'Al Raudah', '2021-10-19 09:14:43', '2021-10-19 09:14:43'),
(317, 5, 'Al Riqqah', '2021-10-19 09:14:43', '2021-10-19 09:14:43'),
(318, 5, 'Al Salamah', '2021-10-19 09:14:43', '2021-10-19 09:14:43'),
(319, 5, 'Fallaj Al Muwallah', '2021-10-19 09:14:43', '2021-10-19 09:14:43'),
(320, 5, 'Green Belt', '2021-10-19 09:14:43', '2021-10-19 09:14:43'),
(321, 5, 'Old Town Area', '2021-10-19 09:14:43', '2021-10-19 09:14:43'),
(322, 5, 'Marina', '2021-10-19 09:14:44', '2021-10-19 09:14:44'),
(323, 6, 'Al Bateen', '2021-10-19 09:14:44', '2021-10-19 09:14:44'),
(324, 6, 'Al Dahma', '2021-10-19 09:14:44', '2021-10-19 09:14:44'),
(325, 6, 'Al Fouah', '2021-10-19 09:14:44', '2021-10-19 09:14:44'),
(326, 6, 'Al Ghadeer', '2021-10-19 09:14:44', '2021-10-19 09:14:44'),
(327, 6, 'Al Hili', '2021-10-19 09:14:44', '2021-10-19 09:14:44'),
(328, 6, 'Al iqabiyyah', '2021-10-19 09:14:44', '2021-10-19 09:14:44'),
(329, 6, 'Al Jahili', '2021-10-19 09:14:44', '2021-10-19 09:14:44'),
(330, 6, 'Al Jimi', '2021-10-19 09:14:44', '2021-10-19 09:14:44'),
(331, 6, 'Al Khalidiyah', '2021-10-19 09:14:45', '2021-10-19 09:14:45'),
(332, 6, 'Al Khibeesi', '2021-10-19 09:14:45', '2021-10-19 09:14:45'),
(333, 6, 'Al Khrair', '2021-10-19 09:14:45', '2021-10-19 09:14:45'),
(334, 6, 'Al Maqam', '2021-10-19 09:14:45', '2021-10-19 09:14:45'),
(335, 6, 'Al Markhaniyyah', '2021-10-19 09:14:45', '2021-10-19 09:14:45'),
(336, 6, 'Al Masoudi', '2021-10-19 09:14:45', '2021-10-19 09:14:45'),
(337, 6, 'Al Mnaizfah', '2021-10-19 09:14:45', '2021-10-19 09:14:45'),
(338, 6, 'Al Mnaizlah', '2021-10-19 09:14:45', '2021-10-19 09:14:45'),
(339, 6, 'Al Murabaa', '2021-10-19 09:14:45', '2021-10-19 09:14:45'),
(340, 6, 'Al Mutarid ', '2021-10-19 09:14:45', '2021-10-19 09:14:45'),
(341, 6, 'Al Mutawah', '2021-10-19 09:14:45', '2021-10-19 09:14:45'),
(342, 6, 'Al Muwaiji', '2021-10-19 09:14:46', '2021-10-19 09:14:46'),
(343, 6, 'Al Niyadat', '2021-10-19 09:14:46', '2021-10-19 09:14:46'),
(344, 6, 'Al Owainah', '2021-10-19 09:14:46', '2021-10-19 09:14:46'),
(345, 6, 'Al Qattarah', '2021-10-19 09:14:46', '2021-10-19 09:14:46'),
(346, 6, 'Al Ruwaikah', '2021-10-19 09:14:46', '2021-10-19 09:14:46'),
(347, 6, 'Al Sallan', '2021-10-19 09:14:46', '2021-10-19 09:14:46'),
(348, 6, 'Al Sarouj', '2021-10-19 09:14:46', '2021-10-19 09:14:46'),
(349, 6, 'Al Tiwayyah', '2021-10-19 09:14:46', '2021-10-19 09:14:46'),
(350, 6, 'Al Ugdat', '2021-10-19 09:14:46', '2021-10-19 09:14:46'),
(351, 6, 'Asharij', '2021-10-19 09:14:46', '2021-10-19 09:14:46'),
(352, 6, 'Bid Bin Ammar', '2021-10-19 09:14:47', '2021-10-19 09:14:47'),
(353, 6, 'Falaj Hazzaa', '2021-10-19 09:14:47', '2021-10-19 09:14:47'),
(354, 6, 'Ghnaymah', '2021-10-19 09:14:47', '2021-10-19 09:14:47'),
(355, 6, 'Hai Khalid', '2021-10-19 09:14:47', '2021-10-19 09:14:47'),
(356, 6, 'Jizat wraigah', '2021-10-19 09:14:47', '2021-10-19 09:14:47'),
(357, 6, 'Majlood', '2021-10-19 09:14:48', '2021-10-19 09:14:48'),
(358, 6, 'Mreifia', '2021-10-19 09:14:48', '2021-10-19 09:14:48'),
(359, 6, 'Nimah', '2021-10-19 09:14:48', '2021-10-19 09:14:48'),
(360, 6, 'Oud Bin Sag-Han', '2021-10-19 09:14:48', '2021-10-19 09:14:48'),
(361, 6, 'Shabhanet Asher', '2021-10-19 09:14:48', '2021-10-19 09:14:48'),
(362, 6, 'Shareat Al Muwaiji', '2021-10-19 09:14:48', '2021-10-19 09:14:48'),
(363, 6, 'Shiab Al Ashkhar', '2021-10-19 09:14:48', '2021-10-19 09:14:48'),
(364, 6, 'Shibat Al Wutah', '2021-10-19 09:14:48', '2021-10-19 09:14:48'),
(365, 6, 'Tawam', '2021-10-19 09:14:48', '2021-10-19 09:14:48'),
(366, 7, 'OTHER', '2021-10-19 09:14:48', '2021-10-19 09:14:48');

-- --------------------------------------------------------

--
-- Table structure for table `components`
--

CREATE TABLE `components` (
  `id` bigint(20) UNSIGNED NOT NULL,
  `component_category_id` bigint(20) UNSIGNED DEFAULT NULL,
  `component_group_id` bigint(20) UNSIGNED DEFAULT NULL,
  `exclude_list_id` bigint(20) UNSIGNED DEFAULT NULL,
  `allergy_list_id` bigint(20) UNSIGNED DEFAULT NULL,
  `name` text COLLATE utf8mb4_unicode_ci,
  `img` text COLLATE utf8mb4_unicode_ci,
  `brand` varchar(255) COLLATE utf8mb4_unicode_ci DEFAULT NULL,
  `type` varchar(255) COLLATE utf8mb4_unicode_ci DEFAULT 'Fresh',
  `measuringunit` varchar(100) COLLATE utf8mb4_unicode_ci DEFAULT NULL,
  `purchaseunit` varchar(100) COLLATE utf8mb4_unicode_ci DEFAULT NULL,
  `wastage` double DEFAULT '0',
  `increase` double DEFAULT '0',
  `decrease` double DEFAULT '0',
  `minimum` double DEFAULT '0',
  `cals` double DEFAULT '0',
  `proteins` double DEFAULT '0',
  `carbs` double DEFAULT '0',
  `fats` double DEFAULT '0',
  `cholosterol` double DEFAULT '0',
  `sodium` double DEFAULT '0',
  `fiber` double DEFAULT '0',
  `sugar` double DEFAULT '0',
  `vitaminc` double DEFAULT '0',
  `vitamina` double DEFAULT '0',
  `calcium` double DEFAULT '0',
  `iron` double DEFAULT '0',
  `box_quantity` double DEFAULT '0',
  `quantity` double DEFAULT '0',
  `price` double DEFAULT '0',
  `status` varchar(100) COLLATE utf8mb4_unicode_ci DEFAULT 'show',
  `created_at` timestamp NULL DEFAULT NULL,
  `updated_at` timestamp NULL DEFAULT NULL
) ENGINE=InnoDB DEFAULT CHARSET=utf8mb4 COLLATE=utf8mb4_unicode_ci;

-- --------------------------------------------------------

--
-- Table structure for table `component_categories`
--

CREATE TABLE `component_categories` (
  `id` bigint(20) UNSIGNED NOT NULL,
  `name` text COLLATE utf8mb4_unicode_ci,
  `purchase_limit` double UNSIGNED DEFAULT '1',
  `created_at` timestamp NULL DEFAULT NULL,
  `updated_at` timestamp NULL DEFAULT NULL
) ENGINE=InnoDB DEFAULT CHARSET=utf8mb4 COLLATE=utf8mb4_unicode_ci;

--
-- Dumping data for table `component_categories`
--

INSERT INTO `component_categories` (`id`, `name`, `purchase_limit`, `created_at`, `updated_at`) VALUES
(1, 'Baked Foods', 5000, '2022-10-08 12:20:55', '2022-10-08 12:20:55'),
(2, 'Beans and Lentils', 5000, '2022-10-08 12:20:55', '2022-10-08 12:20:55'),
(3, 'Dairy and Egg Products', 5000, '2022-10-08 12:20:55', '2022-10-08 12:20:55'),
(4, 'Fats and Oils', 5000, '2022-10-08 12:20:55', '2022-10-08 12:20:55'),
(5, 'Seafoods', 5000, '2022-10-08 12:20:55', '2022-10-08 12:20:55'),
(6, 'Fruits', 5000, '2022-10-08 12:20:55', '2022-10-08 12:20:55'),
(7, 'Grains and Pasta', 5000, '2022-10-08 12:20:55', '2022-10-08 12:20:55'),
(8, 'Meats', 5000, '2022-10-08 12:20:55', '2022-10-08 12:20:55'),
(9, 'Nuts and Seeds', 5000, '2022-10-08 12:20:55', '2022-10-08 12:20:55'),
(10, 'Prepared Meals', 5000, '2022-10-08 12:20:55', '2022-10-08 12:20:55'),
(11, 'Snacks', 5000, '2022-10-08 12:20:56', '2022-10-08 12:20:56'),
(12, 'Soups and Sauces', 5000, '2022-10-08 12:20:56', '2022-10-08 12:20:56'),
(13, 'Spices and Herbs', 5000, '2022-10-08 12:20:56', '2022-10-08 12:20:56'),
(14, 'Sweets', 5000, '2022-10-08 12:20:56', '2022-10-08 12:20:56'),
(15, 'Vegetables', 5000, '2022-10-08 12:20:56', '2022-10-08 12:20:56'),
(16, 'Undefined', 5000, '2022-10-08 12:20:56', '2022-10-08 12:20:56');

-- --------------------------------------------------------

--
-- Table structure for table `component_groups`
--

CREATE TABLE `component_groups` (
  `id` bigint(20) UNSIGNED NOT NULL,
  `name` text COLLATE utf8mb4_unicode_ci,
  `created_at` timestamp NULL DEFAULT NULL,
  `updated_at` timestamp NULL DEFAULT NULL
) ENGINE=InnoDB DEFAULT CHARSET=utf8mb4 COLLATE=utf8mb4_unicode_ci;

--
-- Dumping data for table `component_groups`
--

INSERT INTO `component_groups` (`id`, `name`, `created_at`, `updated_at`) VALUES
(1, 'Undefined', '2022-10-08 12:20:56', '2022-10-08 12:20:56'),
(2, 'Carbs', '2022-10-08 12:20:56', '2022-10-08 12:20:56'),
(3, 'Protein', '2022-10-08 12:20:56', '2022-10-08 12:20:56'),
(4, 'Dairy', '2022-10-08 12:20:56', '2022-10-08 12:20:56'),
(5, 'Fats', '2022-10-08 12:20:56', '2022-10-08 12:20:56'),
(6, 'Fruits', '2022-10-08 12:20:56', '2022-10-08 12:20:56'),
(7, 'Sugars', '2022-10-08 12:20:56', '2022-10-08 12:20:56'),
(8, 'Fibers', '2022-10-08 12:20:56', '2022-10-08 12:20:56'),
(9, 'Sauce', '2022-10-08 12:20:56', '2022-10-08 12:20:56'),
(10, 'Fats/Protein', '2022-10-08 12:20:56', '2022-10-08 12:20:56');

-- --------------------------------------------------------

--
-- Table structure for table `component_types`
--

CREATE TABLE `component_types` (
  `id` bigint(20) UNSIGNED NOT NULL,
  `component_id` bigint(20) UNSIGNED DEFAULT NULL,
  `name` varchar(100) COLLATE utf8mb4_unicode_ci DEFAULT NULL,
  `cals` double DEFAULT '0',
  `proteins` double DEFAULT '0',
  `carbs` double DEFAULT '0',
  `fats` double DEFAULT '0',
  `cholosterol` double DEFAULT '0',
  `sodium` double DEFAULT '0',
  `fiber` double DEFAULT '0',
  `sugar` double DEFAULT '0',
  `vitaminc` double DEFAULT '0',
  `vitamina` double DEFAULT '0',
  `calcium` double DEFAULT '0',
  `iron` double DEFAULT '0',
  `created_at` timestamp NULL DEFAULT NULL,
  `updated_at` timestamp NULL DEFAULT NULL
) ENGINE=InnoDB DEFAULT CHARSET=utf8mb4 COLLATE=utf8mb4_unicode_ci;

-- --------------------------------------------------------

--
-- Table structure for table `cuisines`
--

CREATE TABLE `cuisines` (
  `id` bigint(20) UNSIGNED NOT NULL,
  `name` text COLLATE utf8mb4_unicode_ci,
  `created_at` timestamp NULL DEFAULT NULL,
  `updated_at` timestamp NULL DEFAULT NULL
) ENGINE=InnoDB DEFAULT CHARSET=utf8mb4 COLLATE=utf8mb4_unicode_ci;

-- --------------------------------------------------------

--
-- Table structure for table `customer_addresses`
--

CREATE TABLE `customer_addresses` (
  `id` bigint(20) UNSIGNED NOT NULL,
  `customer_id` bigint(20) UNSIGNED DEFAULT NULL,
  `city_id` bigint(20) UNSIGNED DEFAULT NULL,
  `city_district_id` bigint(20) UNSIGNED DEFAULT NULL,
  `address` text COLLATE utf8mb4_unicode_ci,
  `building` varchar(100) COLLATE utf8mb4_unicode_ci DEFAULT NULL,
  `floor` varchar(100) COLLATE utf8mb4_unicode_ci DEFAULT NULL,
  `apartment` varchar(100) COLLATE utf8mb4_unicode_ci DEFAULT NULL,
  `weekdays` text COLLATE utf8mb4_unicode_ci,
  `instructions` text COLLATE utf8mb4_unicode_ci,
  `enabled` varchar(100) COLLATE utf8mb4_unicode_ci DEFAULT 'true',
  `created_at` timestamp NULL DEFAULT NULL,
  `updated_at` timestamp NULL DEFAULT NULL
) ENGINE=InnoDB DEFAULT CHARSET=utf8mb4 COLLATE=utf8mb4_unicode_ci;

--
-- Dumping data for table `customer_addresses`
--

INSERT INTO `customer_addresses` (`id`, `customer_id`, `city_id`, `city_district_id`, `address`, `building`, `floor`, `apartment`, `weekdays`, `instructions`, `enabled`, `created_at`, `updated_at`) VALUES
(1, 1, 1, 1, 'dubai', 'dubai', '25', '2508', 'Saturday,Sunday,Monday,Tuesday,Thursday,Friday', NULL, 'true', '2023-03-19 12:48:11', '2023-03-19 12:48:11'),
(2, 2, 1, 1, 'Testing Address - Dubai', '18', '5', '3', 'Sunday,Monday,Tuesday,Wednesday', NULL, 'true', '2023-03-20 14:54:38', '2023-03-20 14:54:38'),
(3, 3, 5, 306, 'Testing Address', '12', '5', '11', 'Monday,Tuesday,Wednesday', NULL, 'true', '2023-03-24 21:23:04', '2023-03-24 21:23:04'),
(5, 4, 1, 63, 'Abarj Street', 'Damac', '102', '10202', 'Monday,Tuesday,Wednesday,Thursday,Friday,Saturday', NULL, 'true', '2023-03-25 01:50:59', '2023-03-25 01:50:59'),
(7, 5, 1, 5, 'Shikh Zaid Road', 'Rolex Tower', '31', '3157', 'Monday,Tuesday,Wednesday,Thursday,Friday,Saturday', NULL, 'true', '2023-03-25 02:37:47', '2023-03-25 02:37:47'),
(8, 6, 1, 75, 'Marina', 'Marina View', '1', '101', 'Saturday,Monday,Tuesday,Wednesday,Thursday,Friday', NULL, 'true', '2023-03-25 02:42:13', '2023-03-25 02:42:13'),
(9, 7, 1, 118, 'Silicon Gate', 'Silicon Gate 4', '14', '1414', 'Monday,Tuesday,Wednesday,Thursday,Friday', NULL, 'true', '2023-03-25 02:45:50', '2023-03-25 02:45:50');

-- --------------------------------------------------------

--
-- Table structure for table `customer_allergies`
--

CREATE TABLE `customer_allergies` (
  `id` bigint(20) UNSIGNED NOT NULL,
  `customer_id` bigint(20) UNSIGNED DEFAULT NULL,
  `allergy_list_id` bigint(20) UNSIGNED DEFAULT NULL,
  `created_at` timestamp NULL DEFAULT NULL,
  `updated_at` timestamp NULL DEFAULT NULL
) ENGINE=InnoDB DEFAULT CHARSET=utf8mb4 COLLATE=utf8mb4_unicode_ci;

--
-- Dumping data for table `customer_allergies`
--

INSERT INTO `customer_allergies` (`id`, `customer_id`, `allergy_list_id`, `created_at`, `updated_at`) VALUES
(1, 1, 2, '2023-03-19 12:48:11', '2023-03-19 12:48:11'),
(2, 1, 3, '2023-03-19 12:48:11', '2023-03-19 12:48:11'),
(3, 1, 4, '2023-03-19 12:48:11', '2023-03-19 12:48:11'),
(4, 3, 2, '2023-03-24 21:23:04', '2023-03-24 21:23:04'),
(8, 4, 1, '2023-03-25 01:50:59', '2023-03-25 01:50:59'),
(9, 4, 3, '2023-03-25 01:50:59', '2023-03-25 01:50:59'),
(10, 4, 5, '2023-03-25 01:50:59', '2023-03-25 01:50:59'),
(12, 5, 5, '2023-03-25 02:37:47', '2023-03-25 02:37:47'),
(13, 6, 5, '2023-03-25 02:42:13', '2023-03-25 02:42:13'),
(14, 7, 6, '2023-03-25 02:45:50', '2023-03-25 02:45:50');

-- --------------------------------------------------------

--
-- Table structure for table `customer_deliveries`
--

CREATE TABLE `customer_deliveries` (
  `id` bigint(20) UNSIGNED NOT NULL,
  `customer_id` bigint(20) UNSIGNED DEFAULT NULL,
  `customer_subscription_id` bigint(20) UNSIGNED DEFAULT NULL,
  `package_id` bigint(20) UNSIGNED DEFAULT NULL,
  `delivery_company_id` bigint(20) UNSIGNED DEFAULT NULL,
  `delivery_time_id` bigint(20) UNSIGNED DEFAULT NULL,
  `date` varchar(100) COLLATE utf8mb4_unicode_ci DEFAULT NULL,
  `status` varchar(100) COLLATE utf8mb4_unicode_ci DEFAULT 'not delivered',
  `created_at` timestamp NULL DEFAULT NULL,
  `updated_at` timestamp NULL DEFAULT NULL
) ENGINE=InnoDB DEFAULT CHARSET=utf8mb4 COLLATE=utf8mb4_unicode_ci;

--
-- Dumping data for table `customer_deliveries`
--

INSERT INTO `customer_deliveries` (`id`, `customer_id`, `customer_subscription_id`, `package_id`, `delivery_company_id`, `delivery_time_id`, `date`, `status`, `created_at`, `updated_at`) VALUES
(1, 1, NULL, 5, NULL, 1, '2023-03-19', 'not delivered', '2023-03-19 12:48:11', '2023-03-19 12:48:11'),
(2, 1, NULL, 5, NULL, 1, '2023-03-20', 'not delivered', '2023-03-19 12:48:11', '2023-03-19 12:48:11'),
(3, 1, NULL, 5, NULL, 1, '2023-03-21', 'not delivered', '2023-03-19 12:48:11', '2023-03-19 12:48:11'),
(4, 1, NULL, 5, NULL, 1, '2023-03-23', 'not delivered', '2023-03-19 12:48:11', '2023-03-19 12:48:11'),
(5, 1, NULL, 5, NULL, 1, '2023-03-24', 'not delivered', '2023-03-19 12:48:11', '2023-03-19 12:48:11'),
(6, 1, NULL, 5, NULL, 1, '2023-03-25', 'not delivered', '2023-03-19 12:48:11', '2023-03-19 12:48:11'),
(7, 1, NULL, 5, NULL, 1, '2023-03-26', 'not delivered', '2023-03-19 12:48:11', '2023-03-19 12:48:11'),
(8, 1, NULL, 5, NULL, 1, '2023-03-27', 'not delivered', '2023-03-19 12:48:11', '2023-03-19 12:48:11'),
(9, 1, NULL, 5, NULL, 1, '2023-03-28', 'not delivered', '2023-03-19 12:48:11', '2023-03-19 12:48:11'),
(10, 1, NULL, 5, NULL, 1, '2023-03-30', 'not delivered', '2023-03-19 12:48:11', '2023-03-19 12:48:11'),
(11, 1, NULL, 5, NULL, 1, '2023-03-31', 'not delivered', '2023-03-19 12:48:11', '2023-03-19 12:48:11'),
(12, 1, NULL, 5, NULL, 1, '2023-04-01', 'not delivered', '2023-03-19 12:48:11', '2023-03-19 12:48:11'),
(13, 1, NULL, 5, NULL, 1, '2023-04-02', 'not delivered', '2023-03-19 12:48:11', '2023-03-19 12:48:11'),
(14, 1, NULL, 5, NULL, 1, '2023-04-03', 'not delivered', '2023-03-19 12:48:11', '2023-03-19 12:48:11'),
(15, 1, NULL, 5, NULL, 1, '2023-04-04', 'not delivered', '2023-03-19 12:48:11', '2023-03-19 12:48:11'),
(16, 1, NULL, 5, NULL, 1, '2023-04-06', 'not delivered', '2023-03-19 12:48:11', '2023-03-19 12:48:11'),
(17, 1, NULL, 5, NULL, 1, '2023-04-07', 'not delivered', '2023-03-19 12:48:11', '2023-03-19 12:48:11'),
(18, 1, NULL, 5, NULL, 1, '2023-04-08', 'not delivered', '2023-03-19 12:48:11', '2023-03-19 12:48:11'),
(19, 1, NULL, 5, NULL, 1, '2023-04-09', 'not delivered', '2023-03-19 12:48:11', '2023-03-19 12:48:11'),
(20, 1, NULL, 5, NULL, 1, '2023-04-10', 'not delivered', '2023-03-19 12:48:11', '2023-03-19 12:48:11'),
(21, 1, NULL, 5, NULL, 1, '2023-04-11', 'not delivered', '2023-03-19 12:48:11', '2023-03-19 12:48:11'),
(22, 1, NULL, 5, NULL, 1, '2023-04-13', 'not delivered', '2023-03-19 12:48:11', '2023-03-19 12:48:11'),
(23, 1, NULL, 5, NULL, 1, '2023-04-14', 'not delivered', '2023-03-19 12:48:11', '2023-03-19 12:48:11'),
(24, 1, NULL, 5, NULL, 1, '2023-04-15', 'not delivered', '2023-03-19 12:48:11', '2023-03-19 12:48:11'),
(25, 1, NULL, 5, NULL, 1, '2023-04-16', 'not delivered', '2023-03-19 12:48:11', '2023-03-19 12:48:11'),
(26, 1, NULL, 5, NULL, 1, '2023-04-17', 'not delivered', '2023-03-19 12:48:11', '2023-03-19 12:48:11'),
(27, 1, NULL, 5, NULL, 1, '2023-04-18', 'not delivered', '2023-03-19 12:48:11', '2023-03-19 12:48:11'),
(28, 1, NULL, 5, NULL, 1, '2023-04-20', 'not delivered', '2023-03-19 12:48:11', '2023-03-19 12:48:11'),
(29, 1, NULL, 5, NULL, 1, '2023-04-21', 'not delivered', '2023-03-19 12:48:11', '2023-03-19 12:48:11'),
(30, 1, NULL, 5, NULL, 1, '2023-04-22', 'not delivered', '2023-03-19 12:48:11', '2023-03-19 12:48:11'),
(31, 2, NULL, 5, NULL, 1, '2023-03-20', 'not delivered', '2023-03-20 14:54:38', '2023-03-20 14:54:38'),
(32, 2, NULL, 5, NULL, 1, '2023-03-21', 'not delivered', '2023-03-20 14:54:38', '2023-03-20 14:54:38'),
(33, 2, NULL, 5, NULL, 1, '2023-03-22', 'not delivered', '2023-03-20 14:54:38', '2023-03-20 14:54:38'),
(34, 2, NULL, 5, NULL, 1, '2023-03-26', 'not delivered', '2023-03-20 14:54:38', '2023-03-20 14:54:38'),
(35, 2, NULL, 5, NULL, 1, '2023-03-27', 'not delivered', '2023-03-20 14:54:38', '2023-03-20 14:54:38'),
(36, 3, NULL, 5, NULL, 1, '2023-03-27', 'not delivered', '2023-03-24 21:23:04', '2023-03-24 21:23:04'),
(37, 3, NULL, 5, NULL, 1, '2023-03-28', 'not delivered', '2023-03-24 21:23:04', '2023-03-24 21:23:04'),
(38, 3, NULL, 5, NULL, 1, '2023-03-29', 'not delivered', '2023-03-24 21:23:04', '2023-03-24 21:23:04'),
(39, 3, NULL, 5, NULL, 1, '2023-04-03', 'not delivered', '2023-03-24 21:23:04', '2023-03-24 21:23:04'),
(40, 3, NULL, 5, NULL, 1, '2023-04-04', 'not delivered', '2023-03-24 21:23:04', '2023-03-24 21:23:04'),
(41, 3, NULL, 5, NULL, 1, '2023-04-05', 'not delivered', '2023-03-24 21:23:04', '2023-03-24 21:23:04'),
(42, 3, NULL, 5, NULL, 1, '2023-04-10', 'not delivered', '2023-03-24 21:23:04', '2023-03-24 21:23:04'),
(43, 3, NULL, 5, NULL, 1, '2023-04-11', 'not delivered', '2023-03-24 21:23:04', '2023-03-24 21:23:04'),
(44, 3, NULL, 5, NULL, 1, '2023-04-12', 'not delivered', '2023-03-24 21:23:04', '2023-03-24 21:23:04'),
(45, 3, NULL, 5, NULL, 1, '2023-04-17', 'not delivered', '2023-03-24 21:23:04', '2023-03-24 21:23:04'),
(46, 4, NULL, 7, NULL, 2, '2023-03-24', 'not delivered', '2023-03-25 01:42:50', '2023-03-25 01:42:50'),
(47, 4, NULL, 7, NULL, 2, '2023-03-25', 'not delivered', '2023-03-25 01:42:50', '2023-03-25 01:42:50'),
(48, 4, NULL, 7, NULL, 2, '2023-03-27', 'not delivered', '2023-03-25 01:42:50', '2023-03-25 01:42:50'),
(49, 4, NULL, 7, NULL, 2, '2023-03-28', 'not delivered', '2023-03-25 01:42:50', '2023-03-25 01:42:50'),
(50, 4, NULL, 7, NULL, 2, '2023-03-29', 'not delivered', '2023-03-25 01:42:50', '2023-03-25 01:42:50'),
(51, 4, NULL, 7, NULL, 2, '2023-03-30', 'not delivered', '2023-03-25 01:42:50', '2023-03-25 01:42:50'),
(52, 4, NULL, 7, NULL, 2, '2023-03-31', 'not delivered', '2023-03-25 01:42:50', '2023-03-25 01:42:50'),
(53, 4, NULL, 7, NULL, 2, '2023-04-01', 'not delivered', '2023-03-25 01:42:50', '2023-03-25 01:42:50'),
(54, 4, NULL, 7, NULL, 2, '2023-04-03', 'not delivered', '2023-03-25 01:42:50', '2023-03-25 01:42:50'),
(55, 4, NULL, 7, NULL, 2, '2023-04-04', 'not delivered', '2023-03-25 01:42:50', '2023-03-25 01:42:50'),
(56, 5, NULL, 5, NULL, 1, '2023-03-25', 'not delivered', '2023-03-25 02:36:27', '2023-03-25 02:36:27'),
(57, 5, NULL, 5, NULL, 1, '2023-03-27', 'not delivered', '2023-03-25 02:36:27', '2023-03-25 02:36:27'),
(58, 5, NULL, 5, NULL, 1, '2023-03-28', 'not delivered', '2023-03-25 02:36:27', '2023-03-25 02:36:27'),
(59, 5, NULL, 5, NULL, 1, '2023-03-29', 'not delivered', '2023-03-25 02:36:27', '2023-03-25 02:36:27'),
(60, 5, NULL, 5, NULL, 1, '2023-03-30', 'not delivered', '2023-03-25 02:36:27', '2023-03-25 02:36:27'),
(61, 5, NULL, 5, NULL, 1, '2023-03-31', 'not delivered', '2023-03-25 02:36:27', '2023-03-25 02:36:27'),
(62, 5, NULL, 5, NULL, 1, '2023-04-01', 'not delivered', '2023-03-25 02:36:27', '2023-03-25 02:36:27'),
(63, 5, NULL, 5, NULL, 1, '2023-04-03', 'not delivered', '2023-03-25 02:36:27', '2023-03-25 02:36:27'),
(64, 5, NULL, 5, NULL, 1, '2023-04-04', 'not delivered', '2023-03-25 02:36:27', '2023-03-25 02:36:27'),
(65, 5, NULL, 5, NULL, 1, '2023-04-05', 'not delivered', '2023-03-25 02:36:27', '2023-03-25 02:36:27'),
(66, 5, NULL, 5, NULL, 1, '2023-04-06', 'not delivered', '2023-03-25 02:36:27', '2023-03-25 02:36:27'),
(67, 5, NULL, 5, NULL, 1, '2023-04-07', 'not delivered', '2023-03-25 02:36:27', '2023-03-25 02:36:27'),
(68, 5, NULL, 5, NULL, 1, '2023-04-08', 'not delivered', '2023-03-25 02:36:27', '2023-03-25 02:36:27'),
(69, 5, NULL, 5, NULL, 1, '2023-04-10', 'not delivered', '2023-03-25 02:36:27', '2023-03-25 02:36:27'),
(70, 5, NULL, 5, NULL, 1, '2023-04-11', 'not delivered', '2023-03-25 02:36:27', '2023-03-25 02:36:27'),
(71, 5, NULL, 5, NULL, 1, '2023-04-12', 'not delivered', '2023-03-25 02:36:27', '2023-03-25 02:36:27'),
(72, 5, NULL, 5, NULL, 1, '2023-04-13', 'not delivered', '2023-03-25 02:36:27', '2023-03-25 02:36:27'),
(73, 5, NULL, 5, NULL, 1, '2023-04-14', 'not delivered', '2023-03-25 02:36:27', '2023-03-25 02:36:27'),
(74, 5, NULL, 5, NULL, 1, '2023-04-15', 'not delivered', '2023-03-25 02:36:27', '2023-03-25 02:36:27'),
(75, 5, NULL, 5, NULL, 1, '2023-04-17', 'not delivered', '2023-03-25 02:36:27', '2023-03-25 02:36:27'),
(76, 5, NULL, 5, NULL, 1, '2023-04-18', 'not delivered', '2023-03-25 02:36:27', '2023-03-25 02:36:27'),
(77, 5, NULL, 5, NULL, 1, '2023-04-19', 'not delivered', '2023-03-25 02:36:27', '2023-03-25 02:36:27'),
(78, 5, NULL, 5, NULL, 1, '2023-04-20', 'not delivered', '2023-03-25 02:36:27', '2023-03-25 02:36:27'),
(79, 5, NULL, 5, NULL, 1, '2023-04-21', 'not delivered', '2023-03-25 02:36:27', '2023-03-25 02:36:27'),
(80, 5, NULL, 5, NULL, 1, '2023-04-22', 'not delivered', '2023-03-25 02:36:27', '2023-03-25 02:36:27'),
(81, 5, NULL, 5, NULL, 1, '2023-04-24', 'not delivered', '2023-03-25 02:36:27', '2023-03-25 02:36:27'),
(82, 5, NULL, 5, NULL, 1, '2023-04-25', 'not delivered', '2023-03-25 02:36:27', '2023-03-25 02:36:27'),
(83, 5, NULL, 5, NULL, 1, '2023-04-26', 'not delivered', '2023-03-25 02:36:27', '2023-03-25 02:36:27'),
(84, 5, NULL, 5, NULL, 1, '2023-04-27', 'not delivered', '2023-03-25 02:36:27', '2023-03-25 02:36:27'),
(85, 5, NULL, 5, NULL, 1, '2023-04-28', 'not delivered', '2023-03-25 02:36:27', '2023-03-25 02:36:27'),
(86, 6, NULL, 6, NULL, 2, '2023-03-24', 'not delivered', '2023-03-25 02:42:13', '2023-03-25 02:42:13'),
(87, 6, NULL, 6, NULL, 2, '2023-03-25', 'not delivered', '2023-03-25 02:42:13', '2023-03-25 02:42:13'),
(88, 6, NULL, 6, NULL, 2, '2023-03-27', 'not delivered', '2023-03-25 02:42:13', '2023-03-25 02:42:13'),
(89, 6, NULL, 6, NULL, 2, '2023-03-28', 'not delivered', '2023-03-25 02:42:13', '2023-03-25 02:42:13'),
(90, 6, NULL, 6, NULL, 2, '2023-03-29', 'not delivered', '2023-03-25 02:42:13', '2023-03-25 02:42:13'),
(91, 7, NULL, 6, NULL, 1, '2023-03-24', 'not delivered', '2023-03-25 02:45:50', '2023-03-25 02:45:50'),
(92, 7, NULL, 6, NULL, 1, '2023-03-27', 'not delivered', '2023-03-25 02:45:50', '2023-03-25 02:45:50'),
(93, 7, NULL, 6, NULL, 1, '2023-03-28', 'not delivered', '2023-03-25 02:45:50', '2023-03-25 02:45:50'),
(94, 7, NULL, 6, NULL, 1, '2023-03-29', 'not delivered', '2023-03-25 02:45:50', '2023-03-25 02:45:50'),
(95, 7, NULL, 6, NULL, 1, '2023-03-30', 'not delivered', '2023-03-25 02:45:50', '2023-03-25 02:45:50'),
(96, 7, NULL, 6, NULL, 1, '2023-03-31', 'not delivered', '2023-03-25 02:45:50', '2023-03-25 02:45:50'),
(97, 7, NULL, 6, NULL, 1, '2023-04-03', 'not delivered', '2023-03-25 02:45:50', '2023-03-25 02:45:50'),
(98, 7, NULL, 6, NULL, 1, '2023-04-04', 'not delivered', '2023-03-25 02:45:50', '2023-03-25 02:45:50'),
(99, 7, NULL, 6, NULL, 1, '2023-04-05', 'not delivered', '2023-03-25 02:45:50', '2023-03-25 02:45:50'),
(100, 7, NULL, 6, NULL, 1, '2023-04-06', 'not delivered', '2023-03-25 02:45:50', '2023-03-25 02:45:50'),
(101, 7, NULL, 6, NULL, 1, '2023-04-07', 'not delivered', '2023-03-25 02:45:50', '2023-03-25 02:45:50'),
(102, 7, NULL, 6, NULL, 1, '2023-04-10', 'not delivered', '2023-03-25 02:45:50', '2023-03-25 02:45:50'),
(103, 7, NULL, 6, NULL, 1, '2023-04-11', 'not delivered', '2023-03-25 02:45:50', '2023-03-25 02:45:50'),
(104, 7, NULL, 6, NULL, 1, '2023-04-12', 'not delivered', '2023-03-25 02:45:50', '2023-03-25 02:45:50'),
(105, 7, NULL, 6, NULL, 1, '2023-04-13', 'not delivered', '2023-03-25 02:45:50', '2023-03-25 02:45:50'),
(106, 7, NULL, 6, NULL, 1, '2023-04-14', 'not delivered', '2023-03-25 02:45:50', '2023-03-25 02:45:50'),
(107, 7, NULL, 6, NULL, 1, '2023-04-17', 'not delivered', '2023-03-25 02:45:50', '2023-03-25 02:45:50'),
(108, 7, NULL, 6, NULL, 1, '2023-04-18', 'not delivered', '2023-03-25 02:45:50', '2023-03-25 02:45:50'),
(109, 7, NULL, 6, NULL, 1, '2023-04-19', 'not delivered', '2023-03-25 02:45:50', '2023-03-25 02:45:50'),
(110, 7, NULL, 6, NULL, 1, '2023-04-20', 'not delivered', '2023-03-25 02:45:50', '2023-03-25 02:45:50'),
(111, 7, NULL, 6, NULL, 1, '2023-04-21', 'not delivered', '2023-03-25 02:45:50', '2023-03-25 02:45:50'),
(112, 7, NULL, 6, NULL, 1, '2023-04-24', 'not delivered', '2023-03-25 02:45:50', '2023-03-25 02:45:50'),
(113, 7, NULL, 6, NULL, 1, '2023-04-25', 'not delivered', '2023-03-25 02:45:50', '2023-03-25 02:45:50'),
(114, 7, NULL, 6, NULL, 1, '2023-04-26', 'not delivered', '2023-03-25 02:45:50', '2023-03-25 02:45:50'),
(115, 7, NULL, 6, NULL, 1, '2023-04-27', 'not delivered', '2023-03-25 02:45:50', '2023-03-25 02:45:50'),
(116, 7, NULL, 6, NULL, 1, '2023-04-28', 'not delivered', '2023-03-25 02:45:50', '2023-03-25 02:45:50'),
(117, 7, NULL, 6, NULL, 1, '2023-05-01', 'not delivered', '2023-03-25 02:45:50', '2023-03-25 02:45:50'),
(118, 7, NULL, 6, NULL, 1, '2023-05-02', 'not delivered', '2023-03-25 02:45:50', '2023-03-25 02:45:50'),
(119, 7, NULL, 6, NULL, 1, '2023-05-03', 'not delivered', '2023-03-25 02:45:50', '2023-03-25 02:45:50'),
(120, 7, NULL, 6, NULL, 1, '2023-05-04', 'not delivered', '2023-03-25 02:45:50', '2023-03-25 02:45:50');

-- --------------------------------------------------------

--
-- Table structure for table `customer_drinks`
--

CREATE TABLE `customer_drinks` (
  `id` bigint(20) UNSIGNED NOT NULL,
  `customer_id` bigint(20) UNSIGNED NOT NULL,
  `meal_type_id` bigint(20) UNSIGNED NOT NULL,
  `package_id` bigint(20) UNSIGNED NOT NULL,
  `package_plan_drink_id` bigint(20) UNSIGNED DEFAULT NULL,
  `drink_id` bigint(20) UNSIGNED DEFAULT NULL,
  `chef_id` bigint(20) UNSIGNED DEFAULT NULL,
  `date` varchar(100) COLLATE utf8mb4_unicode_ci DEFAULT NULL,
  `status` varchar(100) COLLATE utf8mb4_unicode_ci DEFAULT 'not started',
  `created_at` timestamp NULL DEFAULT NULL,
  `updated_at` timestamp NULL DEFAULT NULL
) ENGINE=InnoDB DEFAULT CHARSET=utf8mb4 COLLATE=utf8mb4_unicode_ci;

-- --------------------------------------------------------

--
-- Table structure for table `customer_excludes`
--

CREATE TABLE `customer_excludes` (
  `id` bigint(20) UNSIGNED NOT NULL,
  `customer_id` bigint(20) UNSIGNED DEFAULT NULL,
  `exclude_list_id` bigint(20) UNSIGNED DEFAULT NULL,
  `created_at` timestamp NULL DEFAULT NULL,
  `updated_at` timestamp NULL DEFAULT NULL
) ENGINE=InnoDB DEFAULT CHARSET=utf8mb4 COLLATE=utf8mb4_unicode_ci;

--
-- Dumping data for table `customer_excludes`
--

INSERT INTO `customer_excludes` (`id`, `customer_id`, `exclude_list_id`, `created_at`, `updated_at`) VALUES
(1, 1, 2, '2023-03-19 12:48:11', '2023-03-19 12:48:11'),
(2, 1, 3, '2023-03-19 12:48:11', '2023-03-19 12:48:11'),
(3, 3, 2, '2023-03-24 21:23:04', '2023-03-24 21:23:04'),
(4, 3, 4, '2023-03-24 21:23:04', '2023-03-24 21:23:04'),
(7, 4, 3, '2023-03-25 01:50:59', '2023-03-25 01:50:59'),
(8, 4, 6, '2023-03-25 01:50:59', '2023-03-25 01:50:59'),
(9, 6, 4, '2023-03-25 02:42:13', '2023-03-25 02:42:13');

-- --------------------------------------------------------

--
-- Table structure for table `customer_lead_addresses`
--

CREATE TABLE `customer_lead_addresses` (
  `id` bigint(20) UNSIGNED NOT NULL,
  `customer_lead_id` bigint(20) UNSIGNED DEFAULT NULL,
  `city_id` bigint(20) UNSIGNED DEFAULT NULL,
  `city_district_id` bigint(20) UNSIGNED DEFAULT NULL,
  `address` text COLLATE utf8mb4_unicode_ci,
  `building` varchar(100) COLLATE utf8mb4_unicode_ci DEFAULT NULL,
  `floor` varchar(100) COLLATE utf8mb4_unicode_ci DEFAULT NULL,
  `apartment` varchar(100) COLLATE utf8mb4_unicode_ci DEFAULT NULL,
  `weekdays` text COLLATE utf8mb4_unicode_ci,
  `instructions` text COLLATE utf8mb4_unicode_ci,
  `enabled` varchar(100) COLLATE utf8mb4_unicode_ci DEFAULT 'true',
  `created_at` timestamp NULL DEFAULT NULL,
  `updated_at` timestamp NULL DEFAULT NULL
) ENGINE=InnoDB DEFAULT CHARSET=utf8mb4 COLLATE=utf8mb4_unicode_ci;

--
-- Dumping data for table `customer_lead_addresses`
--

INSERT INTO `customer_lead_addresses` (`id`, `customer_lead_id`, `city_id`, `city_district_id`, `address`, `building`, `floor`, `apartment`, `weekdays`, `instructions`, `enabled`, `created_at`, `updated_at`) VALUES
(1, 1, 1, 1, 'dubai', 'dubai', '25', '2508', 'Saturday,Sunday,Monday,Tuesday,Thursday,Friday', NULL, 'true', '2023-03-19 12:48:10', '2023-03-19 12:48:10'),
(2, 2, 1, 1, 'Testing Address - Dubai', '18', '5', '3', 'Sunday,Monday,Tuesday,Wednesday', NULL, 'true', '2023-03-20 14:54:38', '2023-03-20 14:54:38'),
(3, 3, 5, 306, 'Testing Address', '12', '5', '11', 'Monday,Tuesday,Wednesday', NULL, 'true', '2023-03-24 21:23:04', '2023-03-24 21:23:04'),
(4, 4, 1, 63, 'Abarj Street', 'Damac', '102', '10202', 'Saturday,Monday,Tuesday,Wednesday,Thursday,Friday', NULL, 'true', '2023-03-25 01:42:50', '2023-03-25 01:42:50'),
(5, 5, 1, 5, 'Shikh Zaid Road', 'Rolex Tower', '31', '3157', 'Saturday,Monday,Tuesday,Wednesday,Thursday,Friday', NULL, 'true', '2023-03-25 02:36:27', '2023-03-25 02:36:27'),
(6, 6, 1, 75, 'Marina', 'Marina View', '1', '101', 'Saturday,Monday,Tuesday,Wednesday,Thursday,Friday', NULL, 'true', '2023-03-25 02:42:13', '2023-03-25 02:42:13'),
(7, 7, 1, 118, 'Silicon Gate', 'Silicon Gate 4', '14', '1414', 'Monday,Tuesday,Wednesday,Thursday,Friday', NULL, 'true', '2023-03-25 02:45:50', '2023-03-25 02:45:50');

-- --------------------------------------------------------

--
-- Table structure for table `customer_lead_allergies`
--

CREATE TABLE `customer_lead_allergies` (
  `id` bigint(20) UNSIGNED NOT NULL,
  `customer_lead_id` bigint(20) UNSIGNED DEFAULT NULL,
  `allergy_list_id` bigint(20) UNSIGNED DEFAULT NULL,
  `created_at` timestamp NULL DEFAULT NULL,
  `updated_at` timestamp NULL DEFAULT NULL
) ENGINE=InnoDB DEFAULT CHARSET=utf8mb4 COLLATE=utf8mb4_unicode_ci;

--
-- Dumping data for table `customer_lead_allergies`
--

INSERT INTO `customer_lead_allergies` (`id`, `customer_lead_id`, `allergy_list_id`, `created_at`, `updated_at`) VALUES
(1, 1, 2, '2023-03-19 12:48:10', '2023-03-19 12:48:10'),
(2, 1, 3, '2023-03-19 12:48:10', '2023-03-19 12:48:10'),
(3, 1, 4, '2023-03-19 12:48:10', '2023-03-19 12:48:10'),
(4, 3, 2, '2023-03-24 21:23:04', '2023-03-24 21:23:04'),
(5, 4, 1, '2023-03-25 01:42:50', '2023-03-25 01:42:50'),
(6, 4, 3, '2023-03-25 01:42:50', '2023-03-25 01:42:50'),
(7, 4, 5, '2023-03-25 01:42:50', '2023-03-25 01:42:50'),
(8, 5, 5, '2023-03-25 02:36:27', '2023-03-25 02:36:27'),
(9, 6, 5, '2023-03-25 02:42:13', '2023-03-25 02:42:13'),
(10, 7, 6, '2023-03-25 02:45:50', '2023-03-25 02:45:50');

-- --------------------------------------------------------

--
-- Table structure for table `customer_lead_excludes`
--

CREATE TABLE `customer_lead_excludes` (
  `id` bigint(20) UNSIGNED NOT NULL,
  `customer_lead_id` bigint(20) UNSIGNED DEFAULT NULL,
  `exclude_list_id` bigint(20) UNSIGNED DEFAULT NULL,
  `created_at` timestamp NULL DEFAULT NULL,
  `updated_at` timestamp NULL DEFAULT NULL
) ENGINE=InnoDB DEFAULT CHARSET=utf8mb4 COLLATE=utf8mb4_unicode_ci;

--
-- Dumping data for table `customer_lead_excludes`
--

INSERT INTO `customer_lead_excludes` (`id`, `customer_lead_id`, `exclude_list_id`, `created_at`, `updated_at`) VALUES
(1, 1, 2, '2023-03-19 12:48:10', '2023-03-19 12:48:10'),
(2, 1, 3, '2023-03-19 12:48:10', '2023-03-19 12:48:10'),
(3, 3, 2, '2023-03-24 21:23:04', '2023-03-24 21:23:04'),
(4, 3, 4, '2023-03-24 21:23:04', '2023-03-24 21:23:04'),
(5, 4, 3, '2023-03-25 01:42:50', '2023-03-25 01:42:50'),
(6, 4, 6, '2023-03-25 01:42:50', '2023-03-25 01:42:50'),
(7, 6, 4, '2023-03-25 02:42:13', '2023-03-25 02:42:13');

-- --------------------------------------------------------

--
-- Table structure for table `customer_meals`
--

CREATE TABLE `customer_meals` (
  `id` bigint(20) UNSIGNED NOT NULL,
  `customer_id` bigint(20) UNSIGNED NOT NULL,
  `meal_type_id` bigint(20) UNSIGNED NOT NULL,
  `package_id` bigint(20) UNSIGNED NOT NULL,
  `package_plan_meal_id` bigint(20) UNSIGNED DEFAULT NULL,
  `package_meal_id` bigint(20) UNSIGNED DEFAULT NULL,
  `meal_id` bigint(20) UNSIGNED DEFAULT NULL,
  `chef_id` bigint(20) UNSIGNED DEFAULT NULL,
  `date` varchar(100) COLLATE utf8mb4_unicode_ci DEFAULT NULL,
  `status` varchar(100) COLLATE utf8mb4_unicode_ci DEFAULT 'not started',
  `created_at` timestamp NULL DEFAULT NULL,
  `updated_at` timestamp NULL DEFAULT NULL
) ENGINE=InnoDB DEFAULT CHARSET=utf8mb4 COLLATE=utf8mb4_unicode_ci;

--
-- Dumping data for table `customer_meals`
--

INSERT INTO `customer_meals` (`id`, `customer_id`, `meal_type_id`, `package_id`, `package_plan_meal_id`, `package_meal_id`, `meal_id`, `chef_id`, `date`, `status`, `created_at`, `updated_at`) VALUES
(1, 1, 1, 5, NULL, NULL, NULL, NULL, '2023-03-19', 'not started', '2023-03-19 12:48:11', '2023-03-19 12:48:11'),
(2, 1, 2, 5, NULL, NULL, NULL, NULL, '2023-03-19', 'not started', '2023-03-19 12:48:11', '2023-03-19 12:48:11'),
(3, 1, 1, 5, NULL, NULL, NULL, NULL, '2023-03-20', 'not started', '2023-03-19 12:48:11', '2023-03-19 12:48:11'),
(4, 1, 2, 5, NULL, NULL, NULL, NULL, '2023-03-20', 'not started', '2023-03-19 12:48:11', '2023-03-19 12:48:11'),
(5, 1, 1, 5, NULL, NULL, NULL, NULL, '2023-03-21', 'not started', '2023-03-19 12:48:11', '2023-03-19 12:48:11'),
(6, 1, 2, 5, NULL, NULL, NULL, NULL, '2023-03-21', 'not started', '2023-03-19 12:48:11', '2023-03-19 12:48:11'),
(7, 1, 1, 5, NULL, NULL, NULL, NULL, '2023-03-23', 'not started', '2023-03-19 12:48:11', '2023-03-19 12:48:11'),
(8, 1, 2, 5, NULL, NULL, NULL, NULL, '2023-03-23', 'not started', '2023-03-19 12:48:11', '2023-03-19 12:48:11'),
(9, 1, 1, 5, NULL, NULL, NULL, NULL, '2023-03-24', 'not started', '2023-03-19 12:48:11', '2023-03-19 12:48:11'),
(10, 1, 2, 5, NULL, NULL, NULL, NULL, '2023-03-24', 'not started', '2023-03-19 12:48:11', '2023-03-19 12:48:11'),
(11, 1, 1, 5, NULL, NULL, NULL, NULL, '2023-03-25', 'not started', '2023-03-19 12:48:11', '2023-03-19 12:48:11'),
(12, 1, 2, 5, NULL, NULL, NULL, NULL, '2023-03-25', 'not started', '2023-03-19 12:48:11', '2023-03-19 12:48:11'),
(13, 1, 1, 5, NULL, NULL, NULL, NULL, '2023-03-26', 'not started', '2023-03-19 12:48:11', '2023-03-19 12:48:11'),
(14, 1, 2, 5, NULL, NULL, NULL, NULL, '2023-03-26', 'not started', '2023-03-19 12:48:11', '2023-03-19 12:48:11'),
(15, 1, 1, 5, NULL, NULL, NULL, NULL, '2023-03-27', 'not started', '2023-03-19 12:48:11', '2023-03-19 12:48:11'),
(16, 1, 2, 5, NULL, NULL, NULL, NULL, '2023-03-27', 'not started', '2023-03-19 12:48:11', '2023-03-19 12:48:11'),
(17, 1, 1, 5, NULL, NULL, NULL, NULL, '2023-03-28', 'not started', '2023-03-19 12:48:11', '2023-03-19 12:48:11'),
(18, 1, 2, 5, NULL, NULL, NULL, NULL, '2023-03-28', 'not started', '2023-03-19 12:48:11', '2023-03-19 12:48:11'),
(19, 1, 1, 5, NULL, NULL, NULL, NULL, '2023-03-30', 'not started', '2023-03-19 12:48:11', '2023-03-19 12:48:11'),
(20, 1, 2, 5, NULL, NULL, NULL, NULL, '2023-03-30', 'not started', '2023-03-19 12:48:11', '2023-03-19 12:48:11'),
(21, 1, 1, 5, NULL, NULL, NULL, NULL, '2023-03-31', 'not started', '2023-03-19 12:48:11', '2023-03-19 12:48:11'),
(22, 1, 2, 5, NULL, NULL, NULL, NULL, '2023-03-31', 'not started', '2023-03-19 12:48:11', '2023-03-19 12:48:11'),
(23, 1, 1, 5, NULL, NULL, NULL, NULL, '2023-04-01', 'not started', '2023-03-19 12:48:11', '2023-03-19 12:48:11'),
(24, 1, 2, 5, NULL, NULL, NULL, NULL, '2023-04-01', 'not started', '2023-03-19 12:48:11', '2023-03-19 12:48:11'),
(25, 1, 1, 5, NULL, NULL, NULL, NULL, '2023-04-02', 'not started', '2023-03-19 12:48:11', '2023-03-19 12:48:11'),
(26, 1, 2, 5, NULL, NULL, NULL, NULL, '2023-04-02', 'not started', '2023-03-19 12:48:11', '2023-03-19 12:48:11'),
(27, 1, 1, 5, NULL, NULL, NULL, NULL, '2023-04-03', 'not started', '2023-03-19 12:48:11', '2023-03-19 12:48:11'),
(28, 1, 2, 5, NULL, NULL, NULL, NULL, '2023-04-03', 'not started', '2023-03-19 12:48:11', '2023-03-19 12:48:11'),
(29, 1, 1, 5, NULL, NULL, NULL, NULL, '2023-04-04', 'not started', '2023-03-19 12:48:11', '2023-03-19 12:48:11'),
(30, 1, 2, 5, NULL, NULL, NULL, NULL, '2023-04-04', 'not started', '2023-03-19 12:48:11', '2023-03-19 12:48:11'),
(31, 1, 1, 5, NULL, NULL, NULL, NULL, '2023-04-06', 'not started', '2023-03-19 12:48:11', '2023-03-19 12:48:11'),
(32, 1, 2, 5, NULL, NULL, NULL, NULL, '2023-04-06', 'not started', '2023-03-19 12:48:11', '2023-03-19 12:48:11'),
(33, 1, 1, 5, NULL, NULL, NULL, NULL, '2023-04-07', 'not started', '2023-03-19 12:48:11', '2023-03-19 12:48:11'),
(34, 1, 2, 5, NULL, NULL, NULL, NULL, '2023-04-07', 'not started', '2023-03-19 12:48:11', '2023-03-19 12:48:11'),
(35, 1, 1, 5, NULL, NULL, NULL, NULL, '2023-04-08', 'not started', '2023-03-19 12:48:11', '2023-03-19 12:48:11'),
(36, 1, 2, 5, NULL, NULL, NULL, NULL, '2023-04-08', 'not started', '2023-03-19 12:48:11', '2023-03-19 12:48:11'),
(37, 1, 1, 5, NULL, NULL, NULL, NULL, '2023-04-09', 'not started', '2023-03-19 12:48:11', '2023-03-19 12:48:11'),
(38, 1, 2, 5, NULL, NULL, NULL, NULL, '2023-04-09', 'not started', '2023-03-19 12:48:11', '2023-03-19 12:48:11'),
(39, 1, 1, 5, NULL, NULL, NULL, NULL, '2023-04-10', 'not started', '2023-03-19 12:48:11', '2023-03-19 12:48:11'),
(40, 1, 2, 5, NULL, NULL, NULL, NULL, '2023-04-10', 'not started', '2023-03-19 12:48:11', '2023-03-19 12:48:11'),
(41, 1, 1, 5, NULL, NULL, NULL, NULL, '2023-04-11', 'not started', '2023-03-19 12:48:11', '2023-03-19 12:48:11'),
(42, 1, 2, 5, NULL, NULL, NULL, NULL, '2023-04-11', 'not started', '2023-03-19 12:48:11', '2023-03-19 12:48:11'),
(43, 1, 1, 5, NULL, NULL, NULL, NULL, '2023-04-13', 'not started', '2023-03-19 12:48:11', '2023-03-19 12:48:11'),
(44, 1, 2, 5, NULL, NULL, NULL, NULL, '2023-04-13', 'not started', '2023-03-19 12:48:11', '2023-03-19 12:48:11'),
(45, 1, 1, 5, NULL, NULL, NULL, NULL, '2023-04-14', 'not started', '2023-03-19 12:48:11', '2023-03-19 12:48:11'),
(46, 1, 2, 5, NULL, NULL, NULL, NULL, '2023-04-14', 'not started', '2023-03-19 12:48:11', '2023-03-19 12:48:11'),
(47, 1, 1, 5, NULL, NULL, NULL, NULL, '2023-04-15', 'not started', '2023-03-19 12:48:11', '2023-03-19 12:48:11'),
(48, 1, 2, 5, NULL, NULL, NULL, NULL, '2023-04-15', 'not started', '2023-03-19 12:48:11', '2023-03-19 12:48:11'),
(49, 1, 1, 5, NULL, NULL, NULL, NULL, '2023-04-16', 'not started', '2023-03-19 12:48:11', '2023-03-19 12:48:11'),
(50, 1, 2, 5, NULL, NULL, NULL, NULL, '2023-04-16', 'not started', '2023-03-19 12:48:11', '2023-03-19 12:48:11'),
(51, 1, 1, 5, NULL, NULL, NULL, NULL, '2023-04-17', 'not started', '2023-03-19 12:48:11', '2023-03-19 12:48:11'),
(52, 1, 2, 5, NULL, NULL, NULL, NULL, '2023-04-17', 'not started', '2023-03-19 12:48:11', '2023-03-19 12:48:11'),
(53, 1, 1, 5, NULL, NULL, NULL, NULL, '2023-04-18', 'not started', '2023-03-19 12:48:11', '2023-03-19 12:48:11'),
(54, 1, 2, 5, NULL, NULL, NULL, NULL, '2023-04-18', 'not started', '2023-03-19 12:48:11', '2023-03-19 12:48:11'),
(55, 1, 1, 5, NULL, NULL, NULL, NULL, '2023-04-20', 'not started', '2023-03-19 12:48:11', '2023-03-19 12:48:11'),
(56, 1, 2, 5, NULL, NULL, NULL, NULL, '2023-04-20', 'not started', '2023-03-19 12:48:11', '2023-03-19 12:48:11'),
(57, 1, 1, 5, NULL, NULL, NULL, NULL, '2023-04-21', 'not started', '2023-03-19 12:48:11', '2023-03-19 12:48:11'),
(58, 1, 2, 5, NULL, NULL, NULL, NULL, '2023-04-21', 'not started', '2023-03-19 12:48:11', '2023-03-19 12:48:11'),
(59, 1, 1, 5, NULL, NULL, NULL, NULL, '2023-04-22', 'not started', '2023-03-19 12:48:11', '2023-03-19 12:48:11'),
(60, 1, 2, 5, NULL, NULL, NULL, NULL, '2023-04-22', 'not started', '2023-03-19 12:48:11', '2023-03-19 12:48:11'),
(61, 2, 1, 5, NULL, NULL, NULL, NULL, '2023-03-20', 'not started', '2023-03-20 14:54:38', '2023-03-20 14:54:38'),
(62, 2, 2, 5, NULL, NULL, NULL, NULL, '2023-03-20', 'not started', '2023-03-20 14:54:38', '2023-03-20 14:54:38'),
(63, 2, 1, 5, NULL, NULL, NULL, NULL, '2023-03-21', 'not started', '2023-03-20 14:54:38', '2023-03-20 14:54:38'),
(64, 2, 2, 5, NULL, NULL, NULL, NULL, '2023-03-21', 'not started', '2023-03-20 14:54:38', '2023-03-20 14:54:38'),
(65, 2, 1, 5, NULL, NULL, NULL, NULL, '2023-03-22', 'not started', '2023-03-20 14:54:38', '2023-03-20 14:54:38'),
(66, 2, 2, 5, NULL, NULL, NULL, NULL, '2023-03-22', 'not started', '2023-03-20 14:54:38', '2023-03-20 14:54:38'),
(67, 2, 1, 5, NULL, NULL, NULL, NULL, '2023-03-26', 'not started', '2023-03-20 14:54:38', '2023-03-20 14:54:38'),
(68, 2, 2, 5, NULL, NULL, NULL, NULL, '2023-03-26', 'not started', '2023-03-20 14:54:38', '2023-03-20 14:54:38'),
(69, 2, 1, 5, NULL, NULL, NULL, NULL, '2023-03-27', 'not started', '2023-03-20 14:54:38', '2023-03-20 14:54:38'),
(70, 2, 2, 5, NULL, NULL, NULL, NULL, '2023-03-27', 'not started', '2023-03-20 14:54:38', '2023-03-20 14:54:38'),
(71, 3, 1, 5, NULL, NULL, NULL, NULL, '2023-03-27', 'not started', '2023-03-24 21:23:04', '2023-03-24 21:23:04'),
(72, 3, 2, 5, NULL, NULL, NULL, NULL, '2023-03-27', 'not started', '2023-03-24 21:23:04', '2023-03-24 21:23:04'),
(73, 3, 1, 5, NULL, NULL, NULL, NULL, '2023-03-28', 'not started', '2023-03-24 21:23:04', '2023-03-24 21:23:04'),
(74, 3, 2, 5, NULL, NULL, NULL, NULL, '2023-03-28', 'not started', '2023-03-24 21:23:04', '2023-03-24 21:23:04'),
(75, 3, 1, 5, NULL, NULL, NULL, NULL, '2023-03-29', 'not started', '2023-03-24 21:23:04', '2023-03-24 21:23:04'),
(76, 3, 2, 5, NULL, NULL, NULL, NULL, '2023-03-29', 'not started', '2023-03-24 21:23:04', '2023-03-24 21:23:04'),
(77, 3, 1, 5, NULL, NULL, NULL, NULL, '2023-04-03', 'not started', '2023-03-24 21:23:04', '2023-03-24 21:23:04'),
(78, 3, 2, 5, NULL, NULL, NULL, NULL, '2023-04-03', 'not started', '2023-03-24 21:23:04', '2023-03-24 21:23:04'),
(79, 3, 1, 5, NULL, NULL, NULL, NULL, '2023-04-04', 'not started', '2023-03-24 21:23:04', '2023-03-24 21:23:04'),
(80, 3, 2, 5, NULL, NULL, NULL, NULL, '2023-04-04', 'not started', '2023-03-24 21:23:04', '2023-03-24 21:23:04'),
(81, 3, 1, 5, NULL, NULL, NULL, NULL, '2023-04-05', 'not started', '2023-03-24 21:23:04', '2023-03-24 21:23:04'),
(82, 3, 2, 5, NULL, NULL, NULL, NULL, '2023-04-05', 'not started', '2023-03-24 21:23:04', '2023-03-24 21:23:04'),
(83, 3, 1, 5, NULL, NULL, NULL, NULL, '2023-04-10', 'not started', '2023-03-24 21:23:04', '2023-03-24 21:23:04'),
(84, 3, 2, 5, NULL, NULL, NULL, NULL, '2023-04-10', 'not started', '2023-03-24 21:23:04', '2023-03-24 21:23:04'),
(85, 3, 1, 5, NULL, NULL, NULL, NULL, '2023-04-11', 'not started', '2023-03-24 21:23:04', '2023-03-24 21:23:04'),
(86, 3, 2, 5, NULL, NULL, NULL, NULL, '2023-04-11', 'not started', '2023-03-24 21:23:04', '2023-03-24 21:23:04'),
(87, 3, 1, 5, NULL, NULL, NULL, NULL, '2023-04-12', 'not started', '2023-03-24 21:23:04', '2023-03-24 21:23:04'),
(88, 3, 2, 5, NULL, NULL, NULL, NULL, '2023-04-12', 'not started', '2023-03-24 21:23:04', '2023-03-24 21:23:04'),
(89, 3, 1, 5, NULL, NULL, NULL, NULL, '2023-04-17', 'not started', '2023-03-24 21:23:04', '2023-03-24 21:23:04'),
(90, 3, 2, 5, NULL, NULL, NULL, NULL, '2023-04-17', 'not started', '2023-03-24 21:23:04', '2023-03-24 21:23:04'),
(91, 4, 1, 7, NULL, NULL, NULL, NULL, '2023-03-24', 'not started', '2023-03-25 01:42:50', '2023-03-25 01:42:50'),
(92, 4, 2, 7, NULL, NULL, NULL, NULL, '2023-03-24', 'not started', '2023-03-25 01:42:50', '2023-03-25 01:42:50'),
(93, 4, 1, 7, NULL, NULL, NULL, NULL, '2023-03-25', 'not started', '2023-03-25 01:42:50', '2023-03-25 01:42:50'),
(94, 4, 2, 7, NULL, NULL, NULL, NULL, '2023-03-25', 'not started', '2023-03-25 01:42:50', '2023-03-25 01:42:50'),
(95, 4, 1, 7, NULL, NULL, NULL, NULL, '2023-03-27', 'not started', '2023-03-25 01:42:50', '2023-03-25 01:42:50'),
(96, 4, 2, 7, NULL, NULL, NULL, NULL, '2023-03-27', 'not started', '2023-03-25 01:42:50', '2023-03-25 01:42:50'),
(97, 4, 1, 7, NULL, NULL, NULL, NULL, '2023-03-28', 'not started', '2023-03-25 01:42:50', '2023-03-25 01:42:50'),
(98, 4, 2, 7, NULL, NULL, NULL, NULL, '2023-03-28', 'not started', '2023-03-25 01:42:50', '2023-03-25 01:42:50'),
(99, 4, 1, 7, NULL, NULL, NULL, NULL, '2023-03-29', 'not started', '2023-03-25 01:42:50', '2023-03-25 01:42:50'),
(100, 4, 2, 7, NULL, NULL, NULL, NULL, '2023-03-29', 'not started', '2023-03-25 01:42:50', '2023-03-25 01:42:50'),
(101, 4, 1, 7, NULL, NULL, NULL, NULL, '2023-03-30', 'not started', '2023-03-25 01:42:50', '2023-03-25 01:42:50'),
(102, 4, 2, 7, NULL, NULL, NULL, NULL, '2023-03-30', 'not started', '2023-03-25 01:42:50', '2023-03-25 01:42:50'),
(103, 4, 1, 7, NULL, NULL, NULL, NULL, '2023-03-31', 'not started', '2023-03-25 01:42:50', '2023-03-25 01:42:50'),
(104, 4, 2, 7, NULL, NULL, NULL, NULL, '2023-03-31', 'not started', '2023-03-25 01:42:50', '2023-03-25 01:42:50'),
(105, 4, 1, 7, NULL, NULL, NULL, NULL, '2023-04-01', 'not started', '2023-03-25 01:42:50', '2023-03-25 01:42:50'),
(106, 4, 2, 7, NULL, NULL, NULL, NULL, '2023-04-01', 'not started', '2023-03-25 01:42:50', '2023-03-25 01:42:50'),
(107, 4, 1, 7, NULL, NULL, NULL, NULL, '2023-04-03', 'not started', '2023-03-25 01:42:50', '2023-03-25 01:42:50'),
(108, 4, 2, 7, NULL, NULL, NULL, NULL, '2023-04-03', 'not started', '2023-03-25 01:42:50', '2023-03-25 01:42:50'),
(109, 4, 1, 7, NULL, NULL, NULL, NULL, '2023-04-04', 'not started', '2023-03-25 01:42:50', '2023-03-25 01:42:50'),
(110, 4, 2, 7, NULL, NULL, NULL, NULL, '2023-04-04', 'not started', '2023-03-25 01:42:50', '2023-03-25 01:42:50'),
(111, 5, 1, 5, NULL, NULL, NULL, NULL, '2023-03-25', 'not started', '2023-03-25 02:36:27', '2023-03-25 02:36:27'),
(112, 5, 2, 5, NULL, NULL, NULL, NULL, '2023-03-25', 'not started', '2023-03-25 02:36:27', '2023-03-25 02:36:27'),
(113, 5, 3, 5, NULL, NULL, NULL, NULL, '2023-03-25', 'not started', '2023-03-25 02:36:27', '2023-03-25 02:36:27'),
(114, 5, 1, 5, NULL, NULL, NULL, NULL, '2023-03-27', 'not started', '2023-03-25 02:36:27', '2023-03-25 02:36:27'),
(115, 5, 2, 5, NULL, NULL, NULL, NULL, '2023-03-27', 'not started', '2023-03-25 02:36:27', '2023-03-25 02:36:27'),
(116, 5, 3, 5, NULL, NULL, NULL, NULL, '2023-03-27', 'not started', '2023-03-25 02:36:27', '2023-03-25 02:36:27'),
(117, 5, 1, 5, NULL, NULL, NULL, NULL, '2023-03-28', 'not started', '2023-03-25 02:36:27', '2023-03-25 02:36:27'),
(118, 5, 2, 5, NULL, NULL, NULL, NULL, '2023-03-28', 'not started', '2023-03-25 02:36:27', '2023-03-25 02:36:27'),
(119, 5, 3, 5, NULL, NULL, NULL, NULL, '2023-03-28', 'not started', '2023-03-25 02:36:27', '2023-03-25 02:36:27'),
(120, 5, 1, 5, NULL, NULL, NULL, NULL, '2023-03-29', 'not started', '2023-03-25 02:36:27', '2023-03-25 02:36:27'),
(121, 5, 2, 5, NULL, NULL, NULL, NULL, '2023-03-29', 'not started', '2023-03-25 02:36:27', '2023-03-25 02:36:27'),
(122, 5, 3, 5, NULL, NULL, NULL, NULL, '2023-03-29', 'not started', '2023-03-25 02:36:27', '2023-03-25 02:36:27'),
(123, 5, 1, 5, NULL, NULL, NULL, NULL, '2023-03-30', 'not started', '2023-03-25 02:36:27', '2023-03-25 02:36:27'),
(124, 5, 2, 5, NULL, NULL, NULL, NULL, '2023-03-30', 'not started', '2023-03-25 02:36:27', '2023-03-25 02:36:27'),
(125, 5, 3, 5, NULL, NULL, NULL, NULL, '2023-03-30', 'not started', '2023-03-25 02:36:27', '2023-03-25 02:36:27'),
(126, 5, 1, 5, NULL, NULL, NULL, NULL, '2023-03-31', 'not started', '2023-03-25 02:36:27', '2023-03-25 02:36:27'),
(127, 5, 2, 5, NULL, NULL, NULL, NULL, '2023-03-31', 'not started', '2023-03-25 02:36:27', '2023-03-25 02:36:27'),
(128, 5, 3, 5, NULL, NULL, NULL, NULL, '2023-03-31', 'not started', '2023-03-25 02:36:27', '2023-03-25 02:36:27'),
(129, 5, 1, 5, NULL, NULL, NULL, NULL, '2023-04-01', 'not started', '2023-03-25 02:36:27', '2023-03-25 02:36:27'),
(130, 5, 2, 5, NULL, NULL, NULL, NULL, '2023-04-01', 'not started', '2023-03-25 02:36:27', '2023-03-25 02:36:27'),
(131, 5, 3, 5, NULL, NULL, NULL, NULL, '2023-04-01', 'not started', '2023-03-25 02:36:27', '2023-03-25 02:36:27'),
(132, 5, 1, 5, NULL, NULL, NULL, NULL, '2023-04-03', 'not started', '2023-03-25 02:36:27', '2023-03-25 02:36:27'),
(133, 5, 2, 5, NULL, NULL, NULL, NULL, '2023-04-03', 'not started', '2023-03-25 02:36:27', '2023-03-25 02:36:27'),
(134, 5, 3, 5, NULL, NULL, NULL, NULL, '2023-04-03', 'not started', '2023-03-25 02:36:27', '2023-03-25 02:36:27'),
(135, 5, 1, 5, NULL, NULL, NULL, NULL, '2023-04-04', 'not started', '2023-03-25 02:36:27', '2023-03-25 02:36:27'),
(136, 5, 2, 5, NULL, NULL, NULL, NULL, '2023-04-04', 'not started', '2023-03-25 02:36:27', '2023-03-25 02:36:27'),
(137, 5, 3, 5, NULL, NULL, NULL, NULL, '2023-04-04', 'not started', '2023-03-25 02:36:27', '2023-03-25 02:36:27'),
(138, 5, 1, 5, NULL, NULL, NULL, NULL, '2023-04-05', 'not started', '2023-03-25 02:36:27', '2023-03-25 02:36:27'),
(139, 5, 2, 5, NULL, NULL, NULL, NULL, '2023-04-05', 'not started', '2023-03-25 02:36:27', '2023-03-25 02:36:27'),
(140, 5, 3, 5, NULL, NULL, NULL, NULL, '2023-04-05', 'not started', '2023-03-25 02:36:27', '2023-03-25 02:36:27'),
(141, 5, 1, 5, NULL, NULL, NULL, NULL, '2023-04-06', 'not started', '2023-03-25 02:36:27', '2023-03-25 02:36:27'),
(142, 5, 2, 5, NULL, NULL, NULL, NULL, '2023-04-06', 'not started', '2023-03-25 02:36:27', '2023-03-25 02:36:27'),
(143, 5, 3, 5, NULL, NULL, NULL, NULL, '2023-04-06', 'not started', '2023-03-25 02:36:27', '2023-03-25 02:36:27'),
(144, 5, 1, 5, NULL, NULL, NULL, NULL, '2023-04-07', 'not started', '2023-03-25 02:36:27', '2023-03-25 02:36:27'),
(145, 5, 2, 5, NULL, NULL, NULL, NULL, '2023-04-07', 'not started', '2023-03-25 02:36:27', '2023-03-25 02:36:27'),
(146, 5, 3, 5, NULL, NULL, NULL, NULL, '2023-04-07', 'not started', '2023-03-25 02:36:27', '2023-03-25 02:36:27'),
(147, 5, 1, 5, NULL, NULL, NULL, NULL, '2023-04-08', 'not started', '2023-03-25 02:36:27', '2023-03-25 02:36:27'),
(148, 5, 2, 5, NULL, NULL, NULL, NULL, '2023-04-08', 'not started', '2023-03-25 02:36:27', '2023-03-25 02:36:27'),
(149, 5, 3, 5, NULL, NULL, NULL, NULL, '2023-04-08', 'not started', '2023-03-25 02:36:27', '2023-03-25 02:36:27'),
(150, 5, 1, 5, NULL, NULL, NULL, NULL, '2023-04-10', 'not started', '2023-03-25 02:36:27', '2023-03-25 02:36:27'),
(151, 5, 2, 5, NULL, NULL, NULL, NULL, '2023-04-10', 'not started', '2023-03-25 02:36:27', '2023-03-25 02:36:27'),
(152, 5, 3, 5, NULL, NULL, NULL, NULL, '2023-04-10', 'not started', '2023-03-25 02:36:27', '2023-03-25 02:36:27'),
(153, 5, 1, 5, NULL, NULL, NULL, NULL, '2023-04-11', 'not started', '2023-03-25 02:36:27', '2023-03-25 02:36:27'),
(154, 5, 2, 5, NULL, NULL, NULL, NULL, '2023-04-11', 'not started', '2023-03-25 02:36:27', '2023-03-25 02:36:27'),
(155, 5, 3, 5, NULL, NULL, NULL, NULL, '2023-04-11', 'not started', '2023-03-25 02:36:27', '2023-03-25 02:36:27'),
(156, 5, 1, 5, NULL, NULL, NULL, NULL, '2023-04-12', 'not started', '2023-03-25 02:36:27', '2023-03-25 02:36:27'),
(157, 5, 2, 5, NULL, NULL, NULL, NULL, '2023-04-12', 'not started', '2023-03-25 02:36:27', '2023-03-25 02:36:27'),
(158, 5, 3, 5, NULL, NULL, NULL, NULL, '2023-04-12', 'not started', '2023-03-25 02:36:27', '2023-03-25 02:36:27'),
(159, 5, 1, 5, NULL, NULL, NULL, NULL, '2023-04-13', 'not started', '2023-03-25 02:36:27', '2023-03-25 02:36:27'),
(160, 5, 2, 5, NULL, NULL, NULL, NULL, '2023-04-13', 'not started', '2023-03-25 02:36:27', '2023-03-25 02:36:27'),
(161, 5, 3, 5, NULL, NULL, NULL, NULL, '2023-04-13', 'not started', '2023-03-25 02:36:27', '2023-03-25 02:36:27'),
(162, 5, 1, 5, NULL, NULL, NULL, NULL, '2023-04-14', 'not started', '2023-03-25 02:36:27', '2023-03-25 02:36:27'),
(163, 5, 2, 5, NULL, NULL, NULL, NULL, '2023-04-14', 'not started', '2023-03-25 02:36:27', '2023-03-25 02:36:27'),
(164, 5, 3, 5, NULL, NULL, NULL, NULL, '2023-04-14', 'not started', '2023-03-25 02:36:27', '2023-03-25 02:36:27'),
(165, 5, 1, 5, NULL, NULL, NULL, NULL, '2023-04-15', 'not started', '2023-03-25 02:36:27', '2023-03-25 02:36:27'),
(166, 5, 2, 5, NULL, NULL, NULL, NULL, '2023-04-15', 'not started', '2023-03-25 02:36:27', '2023-03-25 02:36:27'),
(167, 5, 3, 5, NULL, NULL, NULL, NULL, '2023-04-15', 'not started', '2023-03-25 02:36:27', '2023-03-25 02:36:27'),
(168, 5, 1, 5, NULL, NULL, NULL, NULL, '2023-04-17', 'not started', '2023-03-25 02:36:27', '2023-03-25 02:36:27'),
(169, 5, 2, 5, NULL, NULL, NULL, NULL, '2023-04-17', 'not started', '2023-03-25 02:36:27', '2023-03-25 02:36:27'),
(170, 5, 3, 5, NULL, NULL, NULL, NULL, '2023-04-17', 'not started', '2023-03-25 02:36:27', '2023-03-25 02:36:27'),
(171, 5, 1, 5, NULL, NULL, NULL, NULL, '2023-04-18', 'not started', '2023-03-25 02:36:27', '2023-03-25 02:36:27'),
(172, 5, 2, 5, NULL, NULL, NULL, NULL, '2023-04-18', 'not started', '2023-03-25 02:36:27', '2023-03-25 02:36:27'),
(173, 5, 3, 5, NULL, NULL, NULL, NULL, '2023-04-18', 'not started', '2023-03-25 02:36:27', '2023-03-25 02:36:27'),
(174, 5, 1, 5, NULL, NULL, NULL, NULL, '2023-04-19', 'not started', '2023-03-25 02:36:27', '2023-03-25 02:36:27'),
(175, 5, 2, 5, NULL, NULL, NULL, NULL, '2023-04-19', 'not started', '2023-03-25 02:36:27', '2023-03-25 02:36:27'),
(176, 5, 3, 5, NULL, NULL, NULL, NULL, '2023-04-19', 'not started', '2023-03-25 02:36:27', '2023-03-25 02:36:27'),
(177, 5, 1, 5, NULL, NULL, NULL, NULL, '2023-04-20', 'not started', '2023-03-25 02:36:27', '2023-03-25 02:36:27'),
(178, 5, 2, 5, NULL, NULL, NULL, NULL, '2023-04-20', 'not started', '2023-03-25 02:36:27', '2023-03-25 02:36:27'),
(179, 5, 3, 5, NULL, NULL, NULL, NULL, '2023-04-20', 'not started', '2023-03-25 02:36:27', '2023-03-25 02:36:27'),
(180, 5, 1, 5, NULL, NULL, NULL, NULL, '2023-04-21', 'not started', '2023-03-25 02:36:27', '2023-03-25 02:36:27'),
(181, 5, 2, 5, NULL, NULL, NULL, NULL, '2023-04-21', 'not started', '2023-03-25 02:36:27', '2023-03-25 02:36:27'),
(182, 5, 3, 5, NULL, NULL, NULL, NULL, '2023-04-21', 'not started', '2023-03-25 02:36:27', '2023-03-25 02:36:27'),
(183, 5, 1, 5, NULL, NULL, NULL, NULL, '2023-04-22', 'not started', '2023-03-25 02:36:27', '2023-03-25 02:36:27'),
(184, 5, 2, 5, NULL, NULL, NULL, NULL, '2023-04-22', 'not started', '2023-03-25 02:36:27', '2023-03-25 02:36:27'),
(185, 5, 3, 5, NULL, NULL, NULL, NULL, '2023-04-22', 'not started', '2023-03-25 02:36:27', '2023-03-25 02:36:27'),
(186, 5, 1, 5, NULL, NULL, NULL, NULL, '2023-04-24', 'not started', '2023-03-25 02:36:27', '2023-03-25 02:36:27'),
(187, 5, 2, 5, NULL, NULL, NULL, NULL, '2023-04-24', 'not started', '2023-03-25 02:36:27', '2023-03-25 02:36:27'),
(188, 5, 3, 5, NULL, NULL, NULL, NULL, '2023-04-24', 'not started', '2023-03-25 02:36:27', '2023-03-25 02:36:27'),
(189, 5, 1, 5, NULL, NULL, NULL, NULL, '2023-04-25', 'not started', '2023-03-25 02:36:27', '2023-03-25 02:36:27'),
(190, 5, 2, 5, NULL, NULL, NULL, NULL, '2023-04-25', 'not started', '2023-03-25 02:36:27', '2023-03-25 02:36:27'),
(191, 5, 3, 5, NULL, NULL, NULL, NULL, '2023-04-25', 'not started', '2023-03-25 02:36:27', '2023-03-25 02:36:27'),
(192, 5, 1, 5, NULL, NULL, NULL, NULL, '2023-04-26', 'not started', '2023-03-25 02:36:27', '2023-03-25 02:36:27'),
(193, 5, 2, 5, NULL, NULL, NULL, NULL, '2023-04-26', 'not started', '2023-03-25 02:36:27', '2023-03-25 02:36:27'),
(194, 5, 3, 5, NULL, NULL, NULL, NULL, '2023-04-26', 'not started', '2023-03-25 02:36:27', '2023-03-25 02:36:27'),
(195, 5, 1, 5, NULL, NULL, NULL, NULL, '2023-04-27', 'not started', '2023-03-25 02:36:27', '2023-03-25 02:36:27'),
(196, 5, 2, 5, NULL, NULL, NULL, NULL, '2023-04-27', 'not started', '2023-03-25 02:36:27', '2023-03-25 02:36:27'),
(197, 5, 3, 5, NULL, NULL, NULL, NULL, '2023-04-27', 'not started', '2023-03-25 02:36:27', '2023-03-25 02:36:27'),
(198, 5, 1, 5, NULL, NULL, NULL, NULL, '2023-04-28', 'not started', '2023-03-25 02:36:27', '2023-03-25 02:36:27'),
(199, 5, 2, 5, NULL, NULL, NULL, NULL, '2023-04-28', 'not started', '2023-03-25 02:36:27', '2023-03-25 02:36:27'),
(200, 5, 3, 5, NULL, NULL, NULL, NULL, '2023-04-28', 'not started', '2023-03-25 02:36:27', '2023-03-25 02:36:27'),
(201, 6, 1, 6, NULL, NULL, NULL, NULL, '2023-03-24', 'not started', '2023-03-25 02:42:13', '2023-03-25 02:42:13'),
(202, 6, 2, 6, NULL, NULL, NULL, NULL, '2023-03-24', 'not started', '2023-03-25 02:42:13', '2023-03-25 02:42:13'),
(203, 6, 3, 6, NULL, NULL, NULL, NULL, '2023-03-24', 'not started', '2023-03-25 02:42:13', '2023-03-25 02:42:13'),
(204, 6, 1, 6, NULL, NULL, NULL, NULL, '2023-03-25', 'not started', '2023-03-25 02:42:13', '2023-03-25 02:42:13'),
(205, 6, 2, 6, NULL, NULL, NULL, NULL, '2023-03-25', 'not started', '2023-03-25 02:42:13', '2023-03-25 02:42:13'),
(206, 6, 3, 6, NULL, NULL, NULL, NULL, '2023-03-25', 'not started', '2023-03-25 02:42:13', '2023-03-25 02:42:13'),
(207, 6, 1, 6, NULL, NULL, NULL, NULL, '2023-03-27', 'not started', '2023-03-25 02:42:13', '2023-03-25 02:42:13'),
(208, 6, 2, 6, NULL, NULL, NULL, NULL, '2023-03-27', 'not started', '2023-03-25 02:42:13', '2023-03-25 02:42:13'),
(209, 6, 3, 6, NULL, NULL, NULL, NULL, '2023-03-27', 'not started', '2023-03-25 02:42:13', '2023-03-25 02:42:13'),
(210, 6, 1, 6, NULL, NULL, NULL, NULL, '2023-03-28', 'not started', '2023-03-25 02:42:13', '2023-03-25 02:42:13'),
(211, 6, 2, 6, NULL, NULL, NULL, NULL, '2023-03-28', 'not started', '2023-03-25 02:42:13', '2023-03-25 02:42:13'),
(212, 6, 3, 6, NULL, NULL, NULL, NULL, '2023-03-28', 'not started', '2023-03-25 02:42:13', '2023-03-25 02:42:13'),
(213, 6, 1, 6, NULL, NULL, NULL, NULL, '2023-03-29', 'not started', '2023-03-25 02:42:13', '2023-03-25 02:42:13'),
(214, 6, 2, 6, NULL, NULL, NULL, NULL, '2023-03-29', 'not started', '2023-03-25 02:42:13', '2023-03-25 02:42:13'),
(215, 6, 3, 6, NULL, NULL, NULL, NULL, '2023-03-29', 'not started', '2023-03-25 02:42:13', '2023-03-25 02:42:13'),
(216, 7, 1, 6, NULL, NULL, NULL, NULL, '2023-03-24', 'not started', '2023-03-25 02:45:50', '2023-03-25 02:45:50'),
(217, 7, 2, 6, NULL, NULL, NULL, NULL, '2023-03-24', 'not started', '2023-03-25 02:45:50', '2023-03-25 02:45:50'),
(218, 7, 3, 6, NULL, NULL, NULL, NULL, '2023-03-24', 'not started', '2023-03-25 02:45:50', '2023-03-25 02:45:50'),
(219, 7, 1, 6, NULL, NULL, NULL, NULL, '2023-03-27', 'not started', '2023-03-25 02:45:50', '2023-03-25 02:45:50'),
(220, 7, 2, 6, NULL, NULL, NULL, NULL, '2023-03-27', 'not started', '2023-03-25 02:45:50', '2023-03-25 02:45:50'),
(221, 7, 3, 6, NULL, NULL, NULL, NULL, '2023-03-27', 'not started', '2023-03-25 02:45:50', '2023-03-25 02:45:50'),
(222, 7, 1, 6, NULL, NULL, NULL, NULL, '2023-03-28', 'not started', '2023-03-25 02:45:50', '2023-03-25 02:45:50'),
(223, 7, 2, 6, NULL, NULL, NULL, NULL, '2023-03-28', 'not started', '2023-03-25 02:45:50', '2023-03-25 02:45:50'),
(224, 7, 3, 6, NULL, NULL, NULL, NULL, '2023-03-28', 'not started', '2023-03-25 02:45:50', '2023-03-25 02:45:50'),
(225, 7, 1, 6, NULL, NULL, NULL, NULL, '2023-03-29', 'not started', '2023-03-25 02:45:50', '2023-03-25 02:45:50'),
(226, 7, 2, 6, NULL, NULL, NULL, NULL, '2023-03-29', 'not started', '2023-03-25 02:45:50', '2023-03-25 02:45:50'),
(227, 7, 3, 6, NULL, NULL, NULL, NULL, '2023-03-29', 'not started', '2023-03-25 02:45:50', '2023-03-25 02:45:50'),
(228, 7, 1, 6, NULL, NULL, NULL, NULL, '2023-03-30', 'not started', '2023-03-25 02:45:50', '2023-03-25 02:45:50'),
(229, 7, 2, 6, NULL, NULL, NULL, NULL, '2023-03-30', 'not started', '2023-03-25 02:45:50', '2023-03-25 02:45:50'),
(230, 7, 3, 6, NULL, NULL, NULL, NULL, '2023-03-30', 'not started', '2023-03-25 02:45:50', '2023-03-25 02:45:50'),
(231, 7, 1, 6, NULL, NULL, NULL, NULL, '2023-03-31', 'not started', '2023-03-25 02:45:50', '2023-03-25 02:45:50'),
(232, 7, 2, 6, NULL, NULL, NULL, NULL, '2023-03-31', 'not started', '2023-03-25 02:45:50', '2023-03-25 02:45:50'),
(233, 7, 3, 6, NULL, NULL, NULL, NULL, '2023-03-31', 'not started', '2023-03-25 02:45:50', '2023-03-25 02:45:50'),
(234, 7, 1, 6, NULL, NULL, NULL, NULL, '2023-04-03', 'not started', '2023-03-25 02:45:50', '2023-03-25 02:45:50'),
(235, 7, 2, 6, NULL, NULL, NULL, NULL, '2023-04-03', 'not started', '2023-03-25 02:45:50', '2023-03-25 02:45:50'),
(236, 7, 3, 6, NULL, NULL, NULL, NULL, '2023-04-03', 'not started', '2023-03-25 02:45:50', '2023-03-25 02:45:50'),
(237, 7, 1, 6, NULL, NULL, NULL, NULL, '2023-04-04', 'not started', '2023-03-25 02:45:50', '2023-03-25 02:45:50'),
(238, 7, 2, 6, NULL, NULL, NULL, NULL, '2023-04-04', 'not started', '2023-03-25 02:45:50', '2023-03-25 02:45:50'),
(239, 7, 3, 6, NULL, NULL, NULL, NULL, '2023-04-04', 'not started', '2023-03-25 02:45:50', '2023-03-25 02:45:50'),
(240, 7, 1, 6, NULL, NULL, NULL, NULL, '2023-04-05', 'not started', '2023-03-25 02:45:50', '2023-03-25 02:45:50'),
(241, 7, 2, 6, NULL, NULL, NULL, NULL, '2023-04-05', 'not started', '2023-03-25 02:45:50', '2023-03-25 02:45:50'),
(242, 7, 3, 6, NULL, NULL, NULL, NULL, '2023-04-05', 'not started', '2023-03-25 02:45:50', '2023-03-25 02:45:50'),
(243, 7, 1, 6, NULL, NULL, NULL, NULL, '2023-04-06', 'not started', '2023-03-25 02:45:50', '2023-03-25 02:45:50'),
(244, 7, 2, 6, NULL, NULL, NULL, NULL, '2023-04-06', 'not started', '2023-03-25 02:45:50', '2023-03-25 02:45:50'),
(245, 7, 3, 6, NULL, NULL, NULL, NULL, '2023-04-06', 'not started', '2023-03-25 02:45:50', '2023-03-25 02:45:50'),
(246, 7, 1, 6, NULL, NULL, NULL, NULL, '2023-04-07', 'not started', '2023-03-25 02:45:50', '2023-03-25 02:45:50'),
(247, 7, 2, 6, NULL, NULL, NULL, NULL, '2023-04-07', 'not started', '2023-03-25 02:45:50', '2023-03-25 02:45:50'),
(248, 7, 3, 6, NULL, NULL, NULL, NULL, '2023-04-07', 'not started', '2023-03-25 02:45:50', '2023-03-25 02:45:50'),
(249, 7, 1, 6, NULL, NULL, NULL, NULL, '2023-04-10', 'not started', '2023-03-25 02:45:50', '2023-03-25 02:45:50'),
(250, 7, 2, 6, NULL, NULL, NULL, NULL, '2023-04-10', 'not started', '2023-03-25 02:45:50', '2023-03-25 02:45:50'),
(251, 7, 3, 6, NULL, NULL, NULL, NULL, '2023-04-10', 'not started', '2023-03-25 02:45:50', '2023-03-25 02:45:50'),
(252, 7, 1, 6, NULL, NULL, NULL, NULL, '2023-04-11', 'not started', '2023-03-25 02:45:50', '2023-03-25 02:45:50'),
(253, 7, 2, 6, NULL, NULL, NULL, NULL, '2023-04-11', 'not started', '2023-03-25 02:45:50', '2023-03-25 02:45:50'),
(254, 7, 3, 6, NULL, NULL, NULL, NULL, '2023-04-11', 'not started', '2023-03-25 02:45:50', '2023-03-25 02:45:50'),
(255, 7, 1, 6, NULL, NULL, NULL, NULL, '2023-04-12', 'not started', '2023-03-25 02:45:50', '2023-03-25 02:45:50'),
(256, 7, 2, 6, NULL, NULL, NULL, NULL, '2023-04-12', 'not started', '2023-03-25 02:45:50', '2023-03-25 02:45:50'),
(257, 7, 3, 6, NULL, NULL, NULL, NULL, '2023-04-12', 'not started', '2023-03-25 02:45:50', '2023-03-25 02:45:50'),
(258, 7, 1, 6, NULL, NULL, NULL, NULL, '2023-04-13', 'not started', '2023-03-25 02:45:50', '2023-03-25 02:45:50'),
(259, 7, 2, 6, NULL, NULL, NULL, NULL, '2023-04-13', 'not started', '2023-03-25 02:45:50', '2023-03-25 02:45:50'),
(260, 7, 3, 6, NULL, NULL, NULL, NULL, '2023-04-13', 'not started', '2023-03-25 02:45:50', '2023-03-25 02:45:50'),
(261, 7, 1, 6, NULL, NULL, NULL, NULL, '2023-04-14', 'not started', '2023-03-25 02:45:50', '2023-03-25 02:45:50'),
(262, 7, 2, 6, NULL, NULL, NULL, NULL, '2023-04-14', 'not started', '2023-03-25 02:45:50', '2023-03-25 02:45:50'),
(263, 7, 3, 6, NULL, NULL, NULL, NULL, '2023-04-14', 'not started', '2023-03-25 02:45:50', '2023-03-25 02:45:50'),
(264, 7, 1, 6, NULL, NULL, NULL, NULL, '2023-04-17', 'not started', '2023-03-25 02:45:50', '2023-03-25 02:45:50'),
(265, 7, 2, 6, NULL, NULL, NULL, NULL, '2023-04-17', 'not started', '2023-03-25 02:45:50', '2023-03-25 02:45:50'),
(266, 7, 3, 6, NULL, NULL, NULL, NULL, '2023-04-17', 'not started', '2023-03-25 02:45:50', '2023-03-25 02:45:50'),
(267, 7, 1, 6, NULL, NULL, NULL, NULL, '2023-04-18', 'not started', '2023-03-25 02:45:50', '2023-03-25 02:45:50'),
(268, 7, 2, 6, NULL, NULL, NULL, NULL, '2023-04-18', 'not started', '2023-03-25 02:45:50', '2023-03-25 02:45:50'),
(269, 7, 3, 6, NULL, NULL, NULL, NULL, '2023-04-18', 'not started', '2023-03-25 02:45:50', '2023-03-25 02:45:50'),
(270, 7, 1, 6, NULL, NULL, NULL, NULL, '2023-04-19', 'not started', '2023-03-25 02:45:50', '2023-03-25 02:45:50'),
(271, 7, 2, 6, NULL, NULL, NULL, NULL, '2023-04-19', 'not started', '2023-03-25 02:45:50', '2023-03-25 02:45:50'),
(272, 7, 3, 6, NULL, NULL, NULL, NULL, '2023-04-19', 'not started', '2023-03-25 02:45:50', '2023-03-25 02:45:50'),
(273, 7, 1, 6, NULL, NULL, NULL, NULL, '2023-04-20', 'not started', '2023-03-25 02:45:50', '2023-03-25 02:45:50'),
(274, 7, 2, 6, NULL, NULL, NULL, NULL, '2023-04-20', 'not started', '2023-03-25 02:45:50', '2023-03-25 02:45:50'),
(275, 7, 3, 6, NULL, NULL, NULL, NULL, '2023-04-20', 'not started', '2023-03-25 02:45:50', '2023-03-25 02:45:50'),
(276, 7, 1, 6, NULL, NULL, NULL, NULL, '2023-04-21', 'not started', '2023-03-25 02:45:50', '2023-03-25 02:45:50'),
(277, 7, 2, 6, NULL, NULL, NULL, NULL, '2023-04-21', 'not started', '2023-03-25 02:45:50', '2023-03-25 02:45:50'),
(278, 7, 3, 6, NULL, NULL, NULL, NULL, '2023-04-21', 'not started', '2023-03-25 02:45:50', '2023-03-25 02:45:50'),
(279, 7, 1, 6, NULL, NULL, NULL, NULL, '2023-04-24', 'not started', '2023-03-25 02:45:50', '2023-03-25 02:45:50'),
(280, 7, 2, 6, NULL, NULL, NULL, NULL, '2023-04-24', 'not started', '2023-03-25 02:45:50', '2023-03-25 02:45:50'),
(281, 7, 3, 6, NULL, NULL, NULL, NULL, '2023-04-24', 'not started', '2023-03-25 02:45:50', '2023-03-25 02:45:50'),
(282, 7, 1, 6, NULL, NULL, NULL, NULL, '2023-04-25', 'not started', '2023-03-25 02:45:50', '2023-03-25 02:45:50'),
(283, 7, 2, 6, NULL, NULL, NULL, NULL, '2023-04-25', 'not started', '2023-03-25 02:45:50', '2023-03-25 02:45:50'),
(284, 7, 3, 6, NULL, NULL, NULL, NULL, '2023-04-25', 'not started', '2023-03-25 02:45:50', '2023-03-25 02:45:50'),
(285, 7, 1, 6, NULL, NULL, NULL, NULL, '2023-04-26', 'not started', '2023-03-25 02:45:50', '2023-03-25 02:45:50'),
(286, 7, 2, 6, NULL, NULL, NULL, NULL, '2023-04-26', 'not started', '2023-03-25 02:45:50', '2023-03-25 02:45:50'),
(287, 7, 3, 6, NULL, NULL, NULL, NULL, '2023-04-26', 'not started', '2023-03-25 02:45:50', '2023-03-25 02:45:50'),
(288, 7, 1, 6, NULL, NULL, NULL, NULL, '2023-04-27', 'not started', '2023-03-25 02:45:50', '2023-03-25 02:45:50'),
(289, 7, 2, 6, NULL, NULL, NULL, NULL, '2023-04-27', 'not started', '2023-03-25 02:45:50', '2023-03-25 02:45:50'),
(290, 7, 3, 6, NULL, NULL, NULL, NULL, '2023-04-27', 'not started', '2023-03-25 02:45:50', '2023-03-25 02:45:50'),
(291, 7, 1, 6, NULL, NULL, NULL, NULL, '2023-04-28', 'not started', '2023-03-25 02:45:50', '2023-03-25 02:45:50'),
(292, 7, 2, 6, NULL, NULL, NULL, NULL, '2023-04-28', 'not started', '2023-03-25 02:45:50', '2023-03-25 02:45:50'),
(293, 7, 3, 6, NULL, NULL, NULL, NULL, '2023-04-28', 'not started', '2023-03-25 02:45:50', '2023-03-25 02:45:50'),
(294, 7, 1, 6, NULL, NULL, NULL, NULL, '2023-05-01', 'not started', '2023-03-25 02:45:50', '2023-03-25 02:45:50'),
(295, 7, 2, 6, NULL, NULL, NULL, NULL, '2023-05-01', 'not started', '2023-03-25 02:45:50', '2023-03-25 02:45:50'),
(296, 7, 3, 6, NULL, NULL, NULL, NULL, '2023-05-01', 'not started', '2023-03-25 02:45:50', '2023-03-25 02:45:50'),
(297, 7, 1, 6, NULL, NULL, NULL, NULL, '2023-05-02', 'not started', '2023-03-25 02:45:50', '2023-03-25 02:45:50'),
(298, 7, 2, 6, NULL, NULL, NULL, NULL, '2023-05-02', 'not started', '2023-03-25 02:45:50', '2023-03-25 02:45:50'),
(299, 7, 3, 6, NULL, NULL, NULL, NULL, '2023-05-02', 'not started', '2023-03-25 02:45:50', '2023-03-25 02:45:50'),
(300, 7, 1, 6, NULL, NULL, NULL, NULL, '2023-05-03', 'not started', '2023-03-25 02:45:50', '2023-03-25 02:45:50'),
(301, 7, 2, 6, NULL, NULL, NULL, NULL, '2023-05-03', 'not started', '2023-03-25 02:45:50', '2023-03-25 02:45:50'),
(302, 7, 3, 6, NULL, NULL, NULL, NULL, '2023-05-03', 'not started', '2023-03-25 02:45:50', '2023-03-25 02:45:50'),
(303, 7, 1, 6, NULL, NULL, NULL, NULL, '2023-05-04', 'not started', '2023-03-25 02:45:50', '2023-03-25 02:45:50'),
(304, 7, 2, 6, NULL, NULL, NULL, NULL, '2023-05-04', 'not started', '2023-03-25 02:45:50', '2023-03-25 02:45:50'),
(305, 7, 3, 6, NULL, NULL, NULL, NULL, '2023-05-04', 'not started', '2023-03-25 02:45:50', '2023-03-25 02:45:50');

-- --------------------------------------------------------

--
-- Table structure for table `customer_sides`
--

CREATE TABLE `customer_sides` (
  `id` bigint(20) UNSIGNED NOT NULL,
  `customer_id` bigint(20) UNSIGNED NOT NULL,
  `meal_type_id` bigint(20) UNSIGNED NOT NULL,
  `package_id` bigint(20) UNSIGNED NOT NULL,
  `package_plan_side_id` bigint(20) UNSIGNED DEFAULT NULL,
  `side_id` bigint(20) UNSIGNED DEFAULT NULL,
  `chef_id` bigint(20) UNSIGNED DEFAULT NULL,
  `date` varchar(100) COLLATE utf8mb4_unicode_ci DEFAULT NULL,
  `status` varchar(100) COLLATE utf8mb4_unicode_ci DEFAULT 'not started',
  `created_at` timestamp NULL DEFAULT NULL,
  `updated_at` timestamp NULL DEFAULT NULL
) ENGINE=InnoDB DEFAULT CHARSET=utf8mb4 COLLATE=utf8mb4_unicode_ci;

--
-- Dumping data for table `customer_sides`
--

INSERT INTO `customer_sides` (`id`, `customer_id`, `meal_type_id`, `package_id`, `package_plan_side_id`, `side_id`, `chef_id`, `date`, `status`, `created_at`, `updated_at`) VALUES
(1, 1, 4, 5, NULL, NULL, NULL, '2023-03-19', 'not started', '2023-03-19 12:48:11', '2023-03-19 12:48:11'),
(2, 1, 4, 5, NULL, NULL, NULL, '2023-03-20', 'not started', '2023-03-19 12:48:11', '2023-03-19 12:48:11'),
(3, 1, 4, 5, NULL, NULL, NULL, '2023-03-21', 'not started', '2023-03-19 12:48:11', '2023-03-19 12:48:11'),
(4, 1, 4, 5, NULL, NULL, NULL, '2023-03-23', 'not started', '2023-03-19 12:48:11', '2023-03-19 12:48:11'),
(5, 1, 4, 5, NULL, NULL, NULL, '2023-03-24', 'not started', '2023-03-19 12:48:11', '2023-03-19 12:48:11'),
(6, 1, 4, 5, NULL, NULL, NULL, '2023-03-25', 'not started', '2023-03-19 12:48:11', '2023-03-19 12:48:11'),
(7, 1, 4, 5, NULL, NULL, NULL, '2023-03-26', 'not started', '2023-03-19 12:48:11', '2023-03-19 12:48:11'),
(8, 1, 4, 5, NULL, NULL, NULL, '2023-03-27', 'not started', '2023-03-19 12:48:11', '2023-03-19 12:48:11'),
(9, 1, 4, 5, NULL, NULL, NULL, '2023-03-28', 'not started', '2023-03-19 12:48:11', '2023-03-19 12:48:11'),
(10, 1, 4, 5, NULL, NULL, NULL, '2023-03-30', 'not started', '2023-03-19 12:48:11', '2023-03-19 12:48:11'),
(11, 1, 4, 5, NULL, NULL, NULL, '2023-03-31', 'not started', '2023-03-19 12:48:11', '2023-03-19 12:48:11'),
(12, 1, 4, 5, NULL, NULL, NULL, '2023-04-01', 'not started', '2023-03-19 12:48:11', '2023-03-19 12:48:11'),
(13, 1, 4, 5, NULL, NULL, NULL, '2023-04-02', 'not started', '2023-03-19 12:48:11', '2023-03-19 12:48:11'),
(14, 1, 4, 5, NULL, NULL, NULL, '2023-04-03', 'not started', '2023-03-19 12:48:11', '2023-03-19 12:48:11'),
(15, 1, 4, 5, NULL, NULL, NULL, '2023-04-04', 'not started', '2023-03-19 12:48:11', '2023-03-19 12:48:11'),
(16, 1, 4, 5, NULL, NULL, NULL, '2023-04-06', 'not started', '2023-03-19 12:48:11', '2023-03-19 12:48:11'),
(17, 1, 4, 5, NULL, NULL, NULL, '2023-04-07', 'not started', '2023-03-19 12:48:11', '2023-03-19 12:48:11'),
(18, 1, 4, 5, NULL, NULL, NULL, '2023-04-08', 'not started', '2023-03-19 12:48:11', '2023-03-19 12:48:11'),
(19, 1, 4, 5, NULL, NULL, NULL, '2023-04-09', 'not started', '2023-03-19 12:48:11', '2023-03-19 12:48:11'),
(20, 1, 4, 5, NULL, NULL, NULL, '2023-04-10', 'not started', '2023-03-19 12:48:11', '2023-03-19 12:48:11'),
(21, 1, 4, 5, NULL, NULL, NULL, '2023-04-11', 'not started', '2023-03-19 12:48:11', '2023-03-19 12:48:11'),
(22, 1, 4, 5, NULL, NULL, NULL, '2023-04-13', 'not started', '2023-03-19 12:48:11', '2023-03-19 12:48:11'),
(23, 1, 4, 5, NULL, NULL, NULL, '2023-04-14', 'not started', '2023-03-19 12:48:11', '2023-03-19 12:48:11'),
(24, 1, 4, 5, NULL, NULL, NULL, '2023-04-15', 'not started', '2023-03-19 12:48:11', '2023-03-19 12:48:11'),
(25, 1, 4, 5, NULL, NULL, NULL, '2023-04-16', 'not started', '2023-03-19 12:48:11', '2023-03-19 12:48:11'),
(26, 1, 4, 5, NULL, NULL, NULL, '2023-04-17', 'not started', '2023-03-19 12:48:11', '2023-03-19 12:48:11'),
(27, 1, 4, 5, NULL, NULL, NULL, '2023-04-18', 'not started', '2023-03-19 12:48:11', '2023-03-19 12:48:11'),
(28, 1, 4, 5, NULL, NULL, NULL, '2023-04-20', 'not started', '2023-03-19 12:48:11', '2023-03-19 12:48:11'),
(29, 1, 4, 5, NULL, NULL, NULL, '2023-04-21', 'not started', '2023-03-19 12:48:11', '2023-03-19 12:48:11'),
(30, 1, 4, 5, NULL, NULL, NULL, '2023-04-22', 'not started', '2023-03-19 12:48:11', '2023-03-19 12:48:11'),
(31, 2, 4, 5, NULL, NULL, NULL, '2023-03-20', 'not started', '2023-03-20 14:54:38', '2023-03-20 14:54:38'),
(32, 2, 4, 5, NULL, NULL, NULL, '2023-03-21', 'not started', '2023-03-20 14:54:38', '2023-03-20 14:54:38'),
(33, 2, 4, 5, NULL, NULL, NULL, '2023-03-22', 'not started', '2023-03-20 14:54:38', '2023-03-20 14:54:38'),
(34, 2, 4, 5, NULL, NULL, NULL, '2023-03-26', 'not started', '2023-03-20 14:54:38', '2023-03-20 14:54:38'),
(35, 2, 4, 5, NULL, NULL, NULL, '2023-03-27', 'not started', '2023-03-20 14:54:38', '2023-03-20 14:54:38'),
(36, 3, 4, 5, NULL, NULL, NULL, '2023-03-27', 'not started', '2023-03-24 21:23:04', '2023-03-24 21:23:04'),
(37, 3, 4, 5, NULL, NULL, NULL, '2023-03-28', 'not started', '2023-03-24 21:23:04', '2023-03-24 21:23:04'),
(38, 3, 4, 5, NULL, NULL, NULL, '2023-03-29', 'not started', '2023-03-24 21:23:04', '2023-03-24 21:23:04'),
(39, 3, 4, 5, NULL, NULL, NULL, '2023-04-03', 'not started', '2023-03-24 21:23:04', '2023-03-24 21:23:04'),
(40, 3, 4, 5, NULL, NULL, NULL, '2023-04-04', 'not started', '2023-03-24 21:23:04', '2023-03-24 21:23:04'),
(41, 3, 4, 5, NULL, NULL, NULL, '2023-04-05', 'not started', '2023-03-24 21:23:04', '2023-03-24 21:23:04'),
(42, 3, 4, 5, NULL, NULL, NULL, '2023-04-10', 'not started', '2023-03-24 21:23:04', '2023-03-24 21:23:04'),
(43, 3, 4, 5, NULL, NULL, NULL, '2023-04-11', 'not started', '2023-03-24 21:23:04', '2023-03-24 21:23:04'),
(44, 3, 4, 5, NULL, NULL, NULL, '2023-04-12', 'not started', '2023-03-24 21:23:04', '2023-03-24 21:23:04'),
(45, 3, 4, 5, NULL, NULL, NULL, '2023-04-17', 'not started', '2023-03-24 21:23:04', '2023-03-24 21:23:04'),
(46, 4, 4, 7, NULL, NULL, NULL, '2023-03-24', 'not started', '2023-03-25 01:42:50', '2023-03-25 01:42:50'),
(47, 4, 4, 7, NULL, NULL, NULL, '2023-03-25', 'not started', '2023-03-25 01:42:50', '2023-03-25 01:42:50'),
(48, 4, 4, 7, NULL, NULL, NULL, '2023-03-27', 'not started', '2023-03-25 01:42:50', '2023-03-25 01:42:50'),
(49, 4, 4, 7, NULL, NULL, NULL, '2023-03-28', 'not started', '2023-03-25 01:42:50', '2023-03-25 01:42:50'),
(50, 4, 4, 7, NULL, NULL, NULL, '2023-03-29', 'not started', '2023-03-25 01:42:50', '2023-03-25 01:42:50'),
(51, 4, 4, 7, NULL, NULL, NULL, '2023-03-30', 'not started', '2023-03-25 01:42:50', '2023-03-25 01:42:50'),
(52, 4, 4, 7, NULL, NULL, NULL, '2023-03-31', 'not started', '2023-03-25 01:42:50', '2023-03-25 01:42:50'),
(53, 4, 4, 7, NULL, NULL, NULL, '2023-04-01', 'not started', '2023-03-25 01:42:50', '2023-03-25 01:42:50'),
(54, 4, 4, 7, NULL, NULL, NULL, '2023-04-03', 'not started', '2023-03-25 01:42:50', '2023-03-25 01:42:50'),
(55, 4, 4, 7, NULL, NULL, NULL, '2023-04-04', 'not started', '2023-03-25 01:42:50', '2023-03-25 01:42:50'),
(56, 5, 4, 5, NULL, NULL, NULL, '2023-03-25', 'not started', '2023-03-25 02:36:27', '2023-03-25 02:36:27'),
(57, 5, 4, 5, NULL, NULL, NULL, '2023-03-27', 'not started', '2023-03-25 02:36:27', '2023-03-25 02:36:27'),
(58, 5, 4, 5, NULL, NULL, NULL, '2023-03-28', 'not started', '2023-03-25 02:36:27', '2023-03-25 02:36:27'),
(59, 5, 4, 5, NULL, NULL, NULL, '2023-03-29', 'not started', '2023-03-25 02:36:27', '2023-03-25 02:36:27'),
(60, 5, 4, 5, NULL, NULL, NULL, '2023-03-30', 'not started', '2023-03-25 02:36:27', '2023-03-25 02:36:27'),
(61, 5, 4, 5, NULL, NULL, NULL, '2023-03-31', 'not started', '2023-03-25 02:36:27', '2023-03-25 02:36:27'),
(62, 5, 4, 5, NULL, NULL, NULL, '2023-04-01', 'not started', '2023-03-25 02:36:27', '2023-03-25 02:36:27'),
(63, 5, 4, 5, NULL, NULL, NULL, '2023-04-03', 'not started', '2023-03-25 02:36:27', '2023-03-25 02:36:27'),
(64, 5, 4, 5, NULL, NULL, NULL, '2023-04-04', 'not started', '2023-03-25 02:36:27', '2023-03-25 02:36:27'),
(65, 5, 4, 5, NULL, NULL, NULL, '2023-04-05', 'not started', '2023-03-25 02:36:27', '2023-03-25 02:36:27'),
(66, 5, 4, 5, NULL, NULL, NULL, '2023-04-06', 'not started', '2023-03-25 02:36:27', '2023-03-25 02:36:27'),
(67, 5, 4, 5, NULL, NULL, NULL, '2023-04-07', 'not started', '2023-03-25 02:36:27', '2023-03-25 02:36:27'),
(68, 5, 4, 5, NULL, NULL, NULL, '2023-04-08', 'not started', '2023-03-25 02:36:27', '2023-03-25 02:36:27'),
(69, 5, 4, 5, NULL, NULL, NULL, '2023-04-10', 'not started', '2023-03-25 02:36:27', '2023-03-25 02:36:27'),
(70, 5, 4, 5, NULL, NULL, NULL, '2023-04-11', 'not started', '2023-03-25 02:36:27', '2023-03-25 02:36:27'),
(71, 5, 4, 5, NULL, NULL, NULL, '2023-04-12', 'not started', '2023-03-25 02:36:27', '2023-03-25 02:36:27'),
(72, 5, 4, 5, NULL, NULL, NULL, '2023-04-13', 'not started', '2023-03-25 02:36:27', '2023-03-25 02:36:27'),
(73, 5, 4, 5, NULL, NULL, NULL, '2023-04-14', 'not started', '2023-03-25 02:36:27', '2023-03-25 02:36:27'),
(74, 5, 4, 5, NULL, NULL, NULL, '2023-04-15', 'not started', '2023-03-25 02:36:27', '2023-03-25 02:36:27'),
(75, 5, 4, 5, NULL, NULL, NULL, '2023-04-17', 'not started', '2023-03-25 02:36:27', '2023-03-25 02:36:27'),
(76, 5, 4, 5, NULL, NULL, NULL, '2023-04-18', 'not started', '2023-03-25 02:36:27', '2023-03-25 02:36:27'),
(77, 5, 4, 5, NULL, NULL, NULL, '2023-04-19', 'not started', '2023-03-25 02:36:27', '2023-03-25 02:36:27'),
(78, 5, 4, 5, NULL, NULL, NULL, '2023-04-20', 'not started', '2023-03-25 02:36:27', '2023-03-25 02:36:27'),
(79, 5, 4, 5, NULL, NULL, NULL, '2023-04-21', 'not started', '2023-03-25 02:36:27', '2023-03-25 02:36:27'),
(80, 5, 4, 5, NULL, NULL, NULL, '2023-04-22', 'not started', '2023-03-25 02:36:27', '2023-03-25 02:36:27'),
(81, 5, 4, 5, NULL, NULL, NULL, '2023-04-24', 'not started', '2023-03-25 02:36:27', '2023-03-25 02:36:27'),
(82, 5, 4, 5, NULL, NULL, NULL, '2023-04-25', 'not started', '2023-03-25 02:36:27', '2023-03-25 02:36:27'),
(83, 5, 4, 5, NULL, NULL, NULL, '2023-04-26', 'not started', '2023-03-25 02:36:27', '2023-03-25 02:36:27'),
(84, 5, 4, 5, NULL, NULL, NULL, '2023-04-27', 'not started', '2023-03-25 02:36:27', '2023-03-25 02:36:27'),
(85, 5, 4, 5, NULL, NULL, NULL, '2023-04-28', 'not started', '2023-03-25 02:36:27', '2023-03-25 02:36:27'),
(86, 6, 4, 6, NULL, NULL, NULL, '2023-03-24', 'not started', '2023-03-25 02:42:13', '2023-03-25 02:42:13'),
(87, 6, 4, 6, NULL, NULL, NULL, '2023-03-25', 'not started', '2023-03-25 02:42:13', '2023-03-25 02:42:13'),
(88, 6, 4, 6, NULL, NULL, NULL, '2023-03-27', 'not started', '2023-03-25 02:42:13', '2023-03-25 02:42:13'),
(89, 6, 4, 6, NULL, NULL, NULL, '2023-03-28', 'not started', '2023-03-25 02:42:13', '2023-03-25 02:42:13'),
(90, 6, 4, 6, NULL, NULL, NULL, '2023-03-29', 'not started', '2023-03-25 02:42:13', '2023-03-25 02:42:13'),
(91, 7, 4, 6, NULL, NULL, NULL, '2023-03-24', 'not started', '2023-03-25 02:45:50', '2023-03-25 02:45:50'),
(92, 7, 4, 6, NULL, NULL, NULL, '2023-03-27', 'not started', '2023-03-25 02:45:50', '2023-03-25 02:45:50'),
(93, 7, 4, 6, NULL, NULL, NULL, '2023-03-28', 'not started', '2023-03-25 02:45:50', '2023-03-25 02:45:50'),
(94, 7, 4, 6, NULL, NULL, NULL, '2023-03-29', 'not started', '2023-03-25 02:45:50', '2023-03-25 02:45:50'),
(95, 7, 4, 6, NULL, NULL, NULL, '2023-03-30', 'not started', '2023-03-25 02:45:50', '2023-03-25 02:45:50'),
(96, 7, 4, 6, NULL, NULL, NULL, '2023-03-31', 'not started', '2023-03-25 02:45:50', '2023-03-25 02:45:50'),
(97, 7, 4, 6, NULL, NULL, NULL, '2023-04-03', 'not started', '2023-03-25 02:45:50', '2023-03-25 02:45:50'),
(98, 7, 4, 6, NULL, NULL, NULL, '2023-04-04', 'not started', '2023-03-25 02:45:50', '2023-03-25 02:45:50'),
(99, 7, 4, 6, NULL, NULL, NULL, '2023-04-05', 'not started', '2023-03-25 02:45:50', '2023-03-25 02:45:50'),
(100, 7, 4, 6, NULL, NULL, NULL, '2023-04-06', 'not started', '2023-03-25 02:45:50', '2023-03-25 02:45:50'),
(101, 7, 4, 6, NULL, NULL, NULL, '2023-04-07', 'not started', '2023-03-25 02:45:50', '2023-03-25 02:45:50'),
(102, 7, 4, 6, NULL, NULL, NULL, '2023-04-10', 'not started', '2023-03-25 02:45:50', '2023-03-25 02:45:50'),
(103, 7, 4, 6, NULL, NULL, NULL, '2023-04-11', 'not started', '2023-03-25 02:45:50', '2023-03-25 02:45:50'),
(104, 7, 4, 6, NULL, NULL, NULL, '2023-04-12', 'not started', '2023-03-25 02:45:50', '2023-03-25 02:45:50'),
(105, 7, 4, 6, NULL, NULL, NULL, '2023-04-13', 'not started', '2023-03-25 02:45:50', '2023-03-25 02:45:50'),
(106, 7, 4, 6, NULL, NULL, NULL, '2023-04-14', 'not started', '2023-03-25 02:45:50', '2023-03-25 02:45:50'),
(107, 7, 4, 6, NULL, NULL, NULL, '2023-04-17', 'not started', '2023-03-25 02:45:50', '2023-03-25 02:45:50'),
(108, 7, 4, 6, NULL, NULL, NULL, '2023-04-18', 'not started', '2023-03-25 02:45:50', '2023-03-25 02:45:50'),
(109, 7, 4, 6, NULL, NULL, NULL, '2023-04-19', 'not started', '2023-03-25 02:45:50', '2023-03-25 02:45:50'),
(110, 7, 4, 6, NULL, NULL, NULL, '2023-04-20', 'not started', '2023-03-25 02:45:50', '2023-03-25 02:45:50'),
(111, 7, 4, 6, NULL, NULL, NULL, '2023-04-21', 'not started', '2023-03-25 02:45:50', '2023-03-25 02:45:50'),
(112, 7, 4, 6, NULL, NULL, NULL, '2023-04-24', 'not started', '2023-03-25 02:45:50', '2023-03-25 02:45:50'),
(113, 7, 4, 6, NULL, NULL, NULL, '2023-04-25', 'not started', '2023-03-25 02:45:50', '2023-03-25 02:45:50'),
(114, 7, 4, 6, NULL, NULL, NULL, '2023-04-26', 'not started', '2023-03-25 02:45:50', '2023-03-25 02:45:50'),
(115, 7, 4, 6, NULL, NULL, NULL, '2023-04-27', 'not started', '2023-03-25 02:45:50', '2023-03-25 02:45:50'),
(116, 7, 4, 6, NULL, NULL, NULL, '2023-04-28', 'not started', '2023-03-25 02:45:50', '2023-03-25 02:45:50'),
(117, 7, 4, 6, NULL, NULL, NULL, '2023-05-01', 'not started', '2023-03-25 02:45:50', '2023-03-25 02:45:50'),
(118, 7, 4, 6, NULL, NULL, NULL, '2023-05-02', 'not started', '2023-03-25 02:45:50', '2023-03-25 02:45:50'),
(119, 7, 4, 6, NULL, NULL, NULL, '2023-05-03', 'not started', '2023-03-25 02:45:50', '2023-03-25 02:45:50'),
(120, 7, 4, 6, NULL, NULL, NULL, '2023-05-04', 'not started', '2023-03-25 02:45:50', '2023-03-25 02:45:50');

-- --------------------------------------------------------

--
-- Table structure for table `customer_snacks`
--

CREATE TABLE `customer_snacks` (
  `id` bigint(20) UNSIGNED NOT NULL,
  `customer_id` bigint(20) UNSIGNED NOT NULL,
  `meal_type_id` bigint(20) UNSIGNED NOT NULL,
  `package_id` bigint(20) UNSIGNED NOT NULL,
  `package_plan_snack_id` bigint(20) UNSIGNED DEFAULT NULL,
  `snack_id` bigint(20) UNSIGNED DEFAULT NULL,
  `chef_id` bigint(20) UNSIGNED DEFAULT NULL,
  `date` varchar(100) COLLATE utf8mb4_unicode_ci DEFAULT NULL,
  `status` varchar(100) COLLATE utf8mb4_unicode_ci DEFAULT 'not started',
  `created_at` timestamp NULL DEFAULT NULL,
  `updated_at` timestamp NULL DEFAULT NULL
) ENGINE=InnoDB DEFAULT CHARSET=utf8mb4 COLLATE=utf8mb4_unicode_ci;

--
-- Dumping data for table `customer_snacks`
--

INSERT INTO `customer_snacks` (`id`, `customer_id`, `meal_type_id`, `package_id`, `package_plan_snack_id`, `snack_id`, `chef_id`, `date`, `status`, `created_at`, `updated_at`) VALUES
(1, 1, 6, 5, NULL, NULL, NULL, '2023-03-19', 'not started', '2023-03-19 12:48:11', '2023-03-19 12:48:11'),
(2, 1, 6, 5, NULL, NULL, NULL, '2023-03-20', 'not started', '2023-03-19 12:48:11', '2023-03-19 12:48:11'),
(3, 1, 6, 5, NULL, NULL, NULL, '2023-03-21', 'not started', '2023-03-19 12:48:11', '2023-03-19 12:48:11'),
(4, 1, 6, 5, NULL, NULL, NULL, '2023-03-23', 'not started', '2023-03-19 12:48:11', '2023-03-19 12:48:11'),
(5, 1, 6, 5, NULL, NULL, NULL, '2023-03-24', 'not started', '2023-03-19 12:48:11', '2023-03-19 12:48:11'),
(6, 1, 6, 5, NULL, NULL, NULL, '2023-03-25', 'not started', '2023-03-19 12:48:11', '2023-03-19 12:48:11'),
(7, 1, 6, 5, NULL, NULL, NULL, '2023-03-26', 'not started', '2023-03-19 12:48:11', '2023-03-19 12:48:11'),
(8, 1, 6, 5, NULL, NULL, NULL, '2023-03-27', 'not started', '2023-03-19 12:48:11', '2023-03-19 12:48:11'),
(9, 1, 6, 5, NULL, NULL, NULL, '2023-03-28', 'not started', '2023-03-19 12:48:11', '2023-03-19 12:48:11'),
(10, 1, 6, 5, NULL, NULL, NULL, '2023-03-30', 'not started', '2023-03-19 12:48:11', '2023-03-19 12:48:11'),
(11, 1, 6, 5, NULL, NULL, NULL, '2023-03-31', 'not started', '2023-03-19 12:48:11', '2023-03-19 12:48:11'),
(12, 1, 6, 5, NULL, NULL, NULL, '2023-04-01', 'not started', '2023-03-19 12:48:11', '2023-03-19 12:48:11'),
(13, 1, 6, 5, NULL, NULL, NULL, '2023-04-02', 'not started', '2023-03-19 12:48:11', '2023-03-19 12:48:11'),
(14, 1, 6, 5, NULL, NULL, NULL, '2023-04-03', 'not started', '2023-03-19 12:48:11', '2023-03-19 12:48:11'),
(15, 1, 6, 5, NULL, NULL, NULL, '2023-04-04', 'not started', '2023-03-19 12:48:11', '2023-03-19 12:48:11'),
(16, 1, 6, 5, NULL, NULL, NULL, '2023-04-06', 'not started', '2023-03-19 12:48:11', '2023-03-19 12:48:11'),
(17, 1, 6, 5, NULL, NULL, NULL, '2023-04-07', 'not started', '2023-03-19 12:48:11', '2023-03-19 12:48:11'),
(18, 1, 6, 5, NULL, NULL, NULL, '2023-04-08', 'not started', '2023-03-19 12:48:11', '2023-03-19 12:48:11'),
(19, 1, 6, 5, NULL, NULL, NULL, '2023-04-09', 'not started', '2023-03-19 12:48:11', '2023-03-19 12:48:11'),
(20, 1, 6, 5, NULL, NULL, NULL, '2023-04-10', 'not started', '2023-03-19 12:48:11', '2023-03-19 12:48:11'),
(21, 1, 6, 5, NULL, NULL, NULL, '2023-04-11', 'not started', '2023-03-19 12:48:11', '2023-03-19 12:48:11'),
(22, 1, 6, 5, NULL, NULL, NULL, '2023-04-13', 'not started', '2023-03-19 12:48:11', '2023-03-19 12:48:11'),
(23, 1, 6, 5, NULL, NULL, NULL, '2023-04-14', 'not started', '2023-03-19 12:48:11', '2023-03-19 12:48:11'),
(24, 1, 6, 5, NULL, NULL, NULL, '2023-04-15', 'not started', '2023-03-19 12:48:11', '2023-03-19 12:48:11'),
(25, 1, 6, 5, NULL, NULL, NULL, '2023-04-16', 'not started', '2023-03-19 12:48:11', '2023-03-19 12:48:11'),
(26, 1, 6, 5, NULL, NULL, NULL, '2023-04-17', 'not started', '2023-03-19 12:48:11', '2023-03-19 12:48:11'),
(27, 1, 6, 5, NULL, NULL, NULL, '2023-04-18', 'not started', '2023-03-19 12:48:11', '2023-03-19 12:48:11'),
(28, 1, 6, 5, NULL, NULL, NULL, '2023-04-20', 'not started', '2023-03-19 12:48:11', '2023-03-19 12:48:11'),
(29, 1, 6, 5, NULL, NULL, NULL, '2023-04-21', 'not started', '2023-03-19 12:48:11', '2023-03-19 12:48:11'),
(30, 1, 6, 5, NULL, NULL, NULL, '2023-04-22', 'not started', '2023-03-19 12:48:11', '2023-03-19 12:48:11'),
(31, 2, 6, 5, NULL, NULL, NULL, '2023-03-20', 'not started', '2023-03-20 14:54:38', '2023-03-20 14:54:38'),
(32, 2, 6, 5, NULL, NULL, NULL, '2023-03-21', 'not started', '2023-03-20 14:54:38', '2023-03-20 14:54:38'),
(33, 2, 6, 5, NULL, NULL, NULL, '2023-03-22', 'not started', '2023-03-20 14:54:38', '2023-03-20 14:54:38'),
(34, 2, 6, 5, NULL, NULL, NULL, '2023-03-26', 'not started', '2023-03-20 14:54:38', '2023-03-20 14:54:38'),
(35, 2, 6, 5, NULL, NULL, NULL, '2023-03-27', 'not started', '2023-03-20 14:54:38', '2023-03-20 14:54:38'),
(36, 3, 6, 5, NULL, NULL, NULL, '2023-03-27', 'not started', '2023-03-24 21:23:04', '2023-03-24 21:23:04'),
(37, 3, 6, 5, NULL, NULL, NULL, '2023-03-28', 'not started', '2023-03-24 21:23:04', '2023-03-24 21:23:04'),
(38, 3, 6, 5, NULL, NULL, NULL, '2023-03-29', 'not started', '2023-03-24 21:23:04', '2023-03-24 21:23:04'),
(39, 3, 6, 5, NULL, NULL, NULL, '2023-04-03', 'not started', '2023-03-24 21:23:04', '2023-03-24 21:23:04'),
(40, 3, 6, 5, NULL, NULL, NULL, '2023-04-04', 'not started', '2023-03-24 21:23:04', '2023-03-24 21:23:04'),
(41, 3, 6, 5, NULL, NULL, NULL, '2023-04-05', 'not started', '2023-03-24 21:23:04', '2023-03-24 21:23:04'),
(42, 3, 6, 5, NULL, NULL, NULL, '2023-04-10', 'not started', '2023-03-24 21:23:04', '2023-03-24 21:23:04'),
(43, 3, 6, 5, NULL, NULL, NULL, '2023-04-11', 'not started', '2023-03-24 21:23:04', '2023-03-24 21:23:04'),
(44, 3, 6, 5, NULL, NULL, NULL, '2023-04-12', 'not started', '2023-03-24 21:23:04', '2023-03-24 21:23:04'),
(45, 3, 6, 5, NULL, NULL, NULL, '2023-04-17', 'not started', '2023-03-24 21:23:04', '2023-03-24 21:23:04'),
(46, 4, 6, 7, NULL, NULL, NULL, '2023-03-24', 'not started', '2023-03-25 01:42:50', '2023-03-25 01:42:50'),
(47, 4, 6, 7, NULL, NULL, NULL, '2023-03-25', 'not started', '2023-03-25 01:42:50', '2023-03-25 01:42:50'),
(48, 4, 6, 7, NULL, NULL, NULL, '2023-03-27', 'not started', '2023-03-25 01:42:50', '2023-03-25 01:42:50'),
(49, 4, 6, 7, NULL, NULL, NULL, '2023-03-28', 'not started', '2023-03-25 01:42:50', '2023-03-25 01:42:50'),
(50, 4, 6, 7, NULL, NULL, NULL, '2023-03-29', 'not started', '2023-03-25 01:42:50', '2023-03-25 01:42:50'),
(51, 4, 6, 7, NULL, NULL, NULL, '2023-03-30', 'not started', '2023-03-25 01:42:50', '2023-03-25 01:42:50'),
(52, 4, 6, 7, NULL, NULL, NULL, '2023-03-31', 'not started', '2023-03-25 01:42:50', '2023-03-25 01:42:50'),
(53, 4, 6, 7, NULL, NULL, NULL, '2023-04-01', 'not started', '2023-03-25 01:42:50', '2023-03-25 01:42:50'),
(54, 4, 6, 7, NULL, NULL, NULL, '2023-04-03', 'not started', '2023-03-25 01:42:50', '2023-03-25 01:42:50'),
(55, 4, 6, 7, NULL, NULL, NULL, '2023-04-04', 'not started', '2023-03-25 01:42:50', '2023-03-25 01:42:50'),
(56, 5, 6, 5, NULL, NULL, NULL, '2023-03-25', 'not started', '2023-03-25 02:36:27', '2023-03-25 02:36:27'),
(57, 5, 8, 5, NULL, NULL, NULL, '2023-03-25', 'not started', '2023-03-25 02:36:27', '2023-03-25 02:36:27'),
(58, 5, 6, 5, NULL, NULL, NULL, '2023-03-27', 'not started', '2023-03-25 02:36:27', '2023-03-25 02:36:27'),
(59, 5, 8, 5, NULL, NULL, NULL, '2023-03-27', 'not started', '2023-03-25 02:36:27', '2023-03-25 02:36:27'),
(60, 5, 6, 5, NULL, NULL, NULL, '2023-03-28', 'not started', '2023-03-25 02:36:27', '2023-03-25 02:36:27'),
(61, 5, 8, 5, NULL, NULL, NULL, '2023-03-28', 'not started', '2023-03-25 02:36:27', '2023-03-25 02:36:27'),
(62, 5, 6, 5, NULL, NULL, NULL, '2023-03-29', 'not started', '2023-03-25 02:36:27', '2023-03-25 02:36:27'),
(63, 5, 8, 5, NULL, NULL, NULL, '2023-03-29', 'not started', '2023-03-25 02:36:27', '2023-03-25 02:36:27'),
(64, 5, 6, 5, NULL, NULL, NULL, '2023-03-30', 'not started', '2023-03-25 02:36:27', '2023-03-25 02:36:27'),
(65, 5, 8, 5, NULL, NULL, NULL, '2023-03-30', 'not started', '2023-03-25 02:36:27', '2023-03-25 02:36:27'),
(66, 5, 6, 5, NULL, NULL, NULL, '2023-03-31', 'not started', '2023-03-25 02:36:27', '2023-03-25 02:36:27'),
(67, 5, 8, 5, NULL, NULL, NULL, '2023-03-31', 'not started', '2023-03-25 02:36:27', '2023-03-25 02:36:27'),
(68, 5, 6, 5, NULL, NULL, NULL, '2023-04-01', 'not started', '2023-03-25 02:36:27', '2023-03-25 02:36:27'),
(69, 5, 8, 5, NULL, NULL, NULL, '2023-04-01', 'not started', '2023-03-25 02:36:27', '2023-03-25 02:36:27'),
(70, 5, 6, 5, NULL, NULL, NULL, '2023-04-03', 'not started', '2023-03-25 02:36:27', '2023-03-25 02:36:27'),
(71, 5, 8, 5, NULL, NULL, NULL, '2023-04-03', 'not started', '2023-03-25 02:36:27', '2023-03-25 02:36:27'),
(72, 5, 6, 5, NULL, NULL, NULL, '2023-04-04', 'not started', '2023-03-25 02:36:27', '2023-03-25 02:36:27'),
(73, 5, 8, 5, NULL, NULL, NULL, '2023-04-04', 'not started', '2023-03-25 02:36:27', '2023-03-25 02:36:27'),
(74, 5, 6, 5, NULL, NULL, NULL, '2023-04-05', 'not started', '2023-03-25 02:36:27', '2023-03-25 02:36:27'),
(75, 5, 8, 5, NULL, NULL, NULL, '2023-04-05', 'not started', '2023-03-25 02:36:27', '2023-03-25 02:36:27'),
(76, 5, 6, 5, NULL, NULL, NULL, '2023-04-06', 'not started', '2023-03-25 02:36:27', '2023-03-25 02:36:27'),
(77, 5, 8, 5, NULL, NULL, NULL, '2023-04-06', 'not started', '2023-03-25 02:36:27', '2023-03-25 02:36:27'),
(78, 5, 6, 5, NULL, NULL, NULL, '2023-04-07', 'not started', '2023-03-25 02:36:27', '2023-03-25 02:36:27'),
(79, 5, 8, 5, NULL, NULL, NULL, '2023-04-07', 'not started', '2023-03-25 02:36:27', '2023-03-25 02:36:27'),
(80, 5, 6, 5, NULL, NULL, NULL, '2023-04-08', 'not started', '2023-03-25 02:36:27', '2023-03-25 02:36:27'),
(81, 5, 8, 5, NULL, NULL, NULL, '2023-04-08', 'not started', '2023-03-25 02:36:27', '2023-03-25 02:36:27'),
(82, 5, 6, 5, NULL, NULL, NULL, '2023-04-10', 'not started', '2023-03-25 02:36:27', '2023-03-25 02:36:27'),
(83, 5, 8, 5, NULL, NULL, NULL, '2023-04-10', 'not started', '2023-03-25 02:36:27', '2023-03-25 02:36:27'),
(84, 5, 6, 5, NULL, NULL, NULL, '2023-04-11', 'not started', '2023-03-25 02:36:27', '2023-03-25 02:36:27'),
(85, 5, 8, 5, NULL, NULL, NULL, '2023-04-11', 'not started', '2023-03-25 02:36:27', '2023-03-25 02:36:27'),
(86, 5, 6, 5, NULL, NULL, NULL, '2023-04-12', 'not started', '2023-03-25 02:36:27', '2023-03-25 02:36:27'),
(87, 5, 8, 5, NULL, NULL, NULL, '2023-04-12', 'not started', '2023-03-25 02:36:27', '2023-03-25 02:36:27'),
(88, 5, 6, 5, NULL, NULL, NULL, '2023-04-13', 'not started', '2023-03-25 02:36:27', '2023-03-25 02:36:27'),
(89, 5, 8, 5, NULL, NULL, NULL, '2023-04-13', 'not started', '2023-03-25 02:36:27', '2023-03-25 02:36:27'),
(90, 5, 6, 5, NULL, NULL, NULL, '2023-04-14', 'not started', '2023-03-25 02:36:27', '2023-03-25 02:36:27'),
(91, 5, 8, 5, NULL, NULL, NULL, '2023-04-14', 'not started', '2023-03-25 02:36:27', '2023-03-25 02:36:27'),
(92, 5, 6, 5, NULL, NULL, NULL, '2023-04-15', 'not started', '2023-03-25 02:36:27', '2023-03-25 02:36:27'),
(93, 5, 8, 5, NULL, NULL, NULL, '2023-04-15', 'not started', '2023-03-25 02:36:27', '2023-03-25 02:36:27'),
(94, 5, 6, 5, NULL, NULL, NULL, '2023-04-17', 'not started', '2023-03-25 02:36:27', '2023-03-25 02:36:27'),
(95, 5, 8, 5, NULL, NULL, NULL, '2023-04-17', 'not started', '2023-03-25 02:36:27', '2023-03-25 02:36:27'),
(96, 5, 6, 5, NULL, NULL, NULL, '2023-04-18', 'not started', '2023-03-25 02:36:27', '2023-03-25 02:36:27'),
(97, 5, 8, 5, NULL, NULL, NULL, '2023-04-18', 'not started', '2023-03-25 02:36:27', '2023-03-25 02:36:27'),
(98, 5, 6, 5, NULL, NULL, NULL, '2023-04-19', 'not started', '2023-03-25 02:36:27', '2023-03-25 02:36:27'),
(99, 5, 8, 5, NULL, NULL, NULL, '2023-04-19', 'not started', '2023-03-25 02:36:27', '2023-03-25 02:36:27'),
(100, 5, 6, 5, NULL, NULL, NULL, '2023-04-20', 'not started', '2023-03-25 02:36:27', '2023-03-25 02:36:27'),
(101, 5, 8, 5, NULL, NULL, NULL, '2023-04-20', 'not started', '2023-03-25 02:36:27', '2023-03-25 02:36:27'),
(102, 5, 6, 5, NULL, NULL, NULL, '2023-04-21', 'not started', '2023-03-25 02:36:27', '2023-03-25 02:36:27'),
(103, 5, 8, 5, NULL, NULL, NULL, '2023-04-21', 'not started', '2023-03-25 02:36:27', '2023-03-25 02:36:27'),
(104, 5, 6, 5, NULL, NULL, NULL, '2023-04-22', 'not started', '2023-03-25 02:36:27', '2023-03-25 02:36:27'),
(105, 5, 8, 5, NULL, NULL, NULL, '2023-04-22', 'not started', '2023-03-25 02:36:27', '2023-03-25 02:36:27'),
(106, 5, 6, 5, NULL, NULL, NULL, '2023-04-24', 'not started', '2023-03-25 02:36:27', '2023-03-25 02:36:27'),
(107, 5, 8, 5, NULL, NULL, NULL, '2023-04-24', 'not started', '2023-03-25 02:36:27', '2023-03-25 02:36:27'),
(108, 5, 6, 5, NULL, NULL, NULL, '2023-04-25', 'not started', '2023-03-25 02:36:27', '2023-03-25 02:36:27'),
(109, 5, 8, 5, NULL, NULL, NULL, '2023-04-25', 'not started', '2023-03-25 02:36:27', '2023-03-25 02:36:27'),
(110, 5, 6, 5, NULL, NULL, NULL, '2023-04-26', 'not started', '2023-03-25 02:36:27', '2023-03-25 02:36:27'),
(111, 5, 8, 5, NULL, NULL, NULL, '2023-04-26', 'not started', '2023-03-25 02:36:27', '2023-03-25 02:36:27'),
(112, 5, 6, 5, NULL, NULL, NULL, '2023-04-27', 'not started', '2023-03-25 02:36:27', '2023-03-25 02:36:27'),
(113, 5, 8, 5, NULL, NULL, NULL, '2023-04-27', 'not started', '2023-03-25 02:36:27', '2023-03-25 02:36:27'),
(114, 5, 6, 5, NULL, NULL, NULL, '2023-04-28', 'not started', '2023-03-25 02:36:27', '2023-03-25 02:36:27'),
(115, 5, 8, 5, NULL, NULL, NULL, '2023-04-28', 'not started', '2023-03-25 02:36:27', '2023-03-25 02:36:27'),
(116, 6, 6, 6, NULL, NULL, NULL, '2023-03-24', 'not started', '2023-03-25 02:42:13', '2023-03-25 02:42:13'),
(117, 6, 8, 6, NULL, NULL, NULL, '2023-03-24', 'not started', '2023-03-25 02:42:13', '2023-03-25 02:42:13'),
(118, 6, 6, 6, NULL, NULL, NULL, '2023-03-25', 'not started', '2023-03-25 02:42:13', '2023-03-25 02:42:13'),
(119, 6, 8, 6, NULL, NULL, NULL, '2023-03-25', 'not started', '2023-03-25 02:42:13', '2023-03-25 02:42:13'),
(120, 6, 6, 6, NULL, NULL, NULL, '2023-03-27', 'not started', '2023-03-25 02:42:13', '2023-03-25 02:42:13'),
(121, 6, 8, 6, NULL, NULL, NULL, '2023-03-27', 'not started', '2023-03-25 02:42:13', '2023-03-25 02:42:13'),
(122, 6, 6, 6, NULL, NULL, NULL, '2023-03-28', 'not started', '2023-03-25 02:42:13', '2023-03-25 02:42:13'),
(123, 6, 8, 6, NULL, NULL, NULL, '2023-03-28', 'not started', '2023-03-25 02:42:13', '2023-03-25 02:42:13'),
(124, 6, 6, 6, NULL, NULL, NULL, '2023-03-29', 'not started', '2023-03-25 02:42:13', '2023-03-25 02:42:13'),
(125, 6, 8, 6, NULL, NULL, NULL, '2023-03-29', 'not started', '2023-03-25 02:42:13', '2023-03-25 02:42:13'),
(126, 7, 6, 6, NULL, NULL, NULL, '2023-03-24', 'not started', '2023-03-25 02:45:50', '2023-03-25 02:45:50'),
(127, 7, 8, 6, NULL, NULL, NULL, '2023-03-24', 'not started', '2023-03-25 02:45:50', '2023-03-25 02:45:50'),
(128, 7, 6, 6, NULL, NULL, NULL, '2023-03-27', 'not started', '2023-03-25 02:45:50', '2023-03-25 02:45:50'),
(129, 7, 8, 6, NULL, NULL, NULL, '2023-03-27', 'not started', '2023-03-25 02:45:50', '2023-03-25 02:45:50'),
(130, 7, 6, 6, NULL, NULL, NULL, '2023-03-28', 'not started', '2023-03-25 02:45:50', '2023-03-25 02:45:50'),
(131, 7, 8, 6, NULL, NULL, NULL, '2023-03-28', 'not started', '2023-03-25 02:45:50', '2023-03-25 02:45:50'),
(132, 7, 6, 6, NULL, NULL, NULL, '2023-03-29', 'not started', '2023-03-25 02:45:50', '2023-03-25 02:45:50'),
(133, 7, 8, 6, NULL, NULL, NULL, '2023-03-29', 'not started', '2023-03-25 02:45:50', '2023-03-25 02:45:50'),
(134, 7, 6, 6, NULL, NULL, NULL, '2023-03-30', 'not started', '2023-03-25 02:45:50', '2023-03-25 02:45:50'),
(135, 7, 8, 6, NULL, NULL, NULL, '2023-03-30', 'not started', '2023-03-25 02:45:50', '2023-03-25 02:45:50'),
(136, 7, 6, 6, NULL, NULL, NULL, '2023-03-31', 'not started', '2023-03-25 02:45:50', '2023-03-25 02:45:50'),
(137, 7, 8, 6, NULL, NULL, NULL, '2023-03-31', 'not started', '2023-03-25 02:45:50', '2023-03-25 02:45:50'),
(138, 7, 6, 6, NULL, NULL, NULL, '2023-04-03', 'not started', '2023-03-25 02:45:50', '2023-03-25 02:45:50'),
(139, 7, 8, 6, NULL, NULL, NULL, '2023-04-03', 'not started', '2023-03-25 02:45:50', '2023-03-25 02:45:50'),
(140, 7, 6, 6, NULL, NULL, NULL, '2023-04-04', 'not started', '2023-03-25 02:45:50', '2023-03-25 02:45:50'),
(141, 7, 8, 6, NULL, NULL, NULL, '2023-04-04', 'not started', '2023-03-25 02:45:50', '2023-03-25 02:45:50'),
(142, 7, 6, 6, NULL, NULL, NULL, '2023-04-05', 'not started', '2023-03-25 02:45:50', '2023-03-25 02:45:50'),
(143, 7, 8, 6, NULL, NULL, NULL, '2023-04-05', 'not started', '2023-03-25 02:45:50', '2023-03-25 02:45:50'),
(144, 7, 6, 6, NULL, NULL, NULL, '2023-04-06', 'not started', '2023-03-25 02:45:50', '2023-03-25 02:45:50'),
(145, 7, 8, 6, NULL, NULL, NULL, '2023-04-06', 'not started', '2023-03-25 02:45:50', '2023-03-25 02:45:50'),
(146, 7, 6, 6, NULL, NULL, NULL, '2023-04-07', 'not started', '2023-03-25 02:45:50', '2023-03-25 02:45:50'),
(147, 7, 8, 6, NULL, NULL, NULL, '2023-04-07', 'not started', '2023-03-25 02:45:50', '2023-03-25 02:45:50'),
(148, 7, 6, 6, NULL, NULL, NULL, '2023-04-10', 'not started', '2023-03-25 02:45:50', '2023-03-25 02:45:50'),
(149, 7, 8, 6, NULL, NULL, NULL, '2023-04-10', 'not started', '2023-03-25 02:45:50', '2023-03-25 02:45:50'),
(150, 7, 6, 6, NULL, NULL, NULL, '2023-04-11', 'not started', '2023-03-25 02:45:50', '2023-03-25 02:45:50'),
(151, 7, 8, 6, NULL, NULL, NULL, '2023-04-11', 'not started', '2023-03-25 02:45:50', '2023-03-25 02:45:50'),
(152, 7, 6, 6, NULL, NULL, NULL, '2023-04-12', 'not started', '2023-03-25 02:45:50', '2023-03-25 02:45:50'),
(153, 7, 8, 6, NULL, NULL, NULL, '2023-04-12', 'not started', '2023-03-25 02:45:50', '2023-03-25 02:45:50'),
(154, 7, 6, 6, NULL, NULL, NULL, '2023-04-13', 'not started', '2023-03-25 02:45:50', '2023-03-25 02:45:50'),
(155, 7, 8, 6, NULL, NULL, NULL, '2023-04-13', 'not started', '2023-03-25 02:45:50', '2023-03-25 02:45:50'),
(156, 7, 6, 6, NULL, NULL, NULL, '2023-04-14', 'not started', '2023-03-25 02:45:50', '2023-03-25 02:45:50'),
(157, 7, 8, 6, NULL, NULL, NULL, '2023-04-14', 'not started', '2023-03-25 02:45:50', '2023-03-25 02:45:50'),
(158, 7, 6, 6, NULL, NULL, NULL, '2023-04-17', 'not started', '2023-03-25 02:45:50', '2023-03-25 02:45:50'),
(159, 7, 8, 6, NULL, NULL, NULL, '2023-04-17', 'not started', '2023-03-25 02:45:50', '2023-03-25 02:45:50'),
(160, 7, 6, 6, NULL, NULL, NULL, '2023-04-18', 'not started', '2023-03-25 02:45:50', '2023-03-25 02:45:50'),
(161, 7, 8, 6, NULL, NULL, NULL, '2023-04-18', 'not started', '2023-03-25 02:45:50', '2023-03-25 02:45:50'),
(162, 7, 6, 6, NULL, NULL, NULL, '2023-04-19', 'not started', '2023-03-25 02:45:50', '2023-03-25 02:45:50'),
(163, 7, 8, 6, NULL, NULL, NULL, '2023-04-19', 'not started', '2023-03-25 02:45:50', '2023-03-25 02:45:50'),
(164, 7, 6, 6, NULL, NULL, NULL, '2023-04-20', 'not started', '2023-03-25 02:45:50', '2023-03-25 02:45:50'),
(165, 7, 8, 6, NULL, NULL, NULL, '2023-04-20', 'not started', '2023-03-25 02:45:50', '2023-03-25 02:45:50'),
(166, 7, 6, 6, NULL, NULL, NULL, '2023-04-21', 'not started', '2023-03-25 02:45:50', '2023-03-25 02:45:50'),
(167, 7, 8, 6, NULL, NULL, NULL, '2023-04-21', 'not started', '2023-03-25 02:45:50', '2023-03-25 02:45:50'),
(168, 7, 6, 6, NULL, NULL, NULL, '2023-04-24', 'not started', '2023-03-25 02:45:50', '2023-03-25 02:45:50'),
(169, 7, 8, 6, NULL, NULL, NULL, '2023-04-24', 'not started', '2023-03-25 02:45:50', '2023-03-25 02:45:50'),
(170, 7, 6, 6, NULL, NULL, NULL, '2023-04-25', 'not started', '2023-03-25 02:45:50', '2023-03-25 02:45:50'),
(171, 7, 8, 6, NULL, NULL, NULL, '2023-04-25', 'not started', '2023-03-25 02:45:50', '2023-03-25 02:45:50'),
(172, 7, 6, 6, NULL, NULL, NULL, '2023-04-26', 'not started', '2023-03-25 02:45:50', '2023-03-25 02:45:50'),
(173, 7, 8, 6, NULL, NULL, NULL, '2023-04-26', 'not started', '2023-03-25 02:45:50', '2023-03-25 02:45:50'),
(174, 7, 6, 6, NULL, NULL, NULL, '2023-04-27', 'not started', '2023-03-25 02:45:50', '2023-03-25 02:45:50'),
(175, 7, 8, 6, NULL, NULL, NULL, '2023-04-27', 'not started', '2023-03-25 02:45:50', '2023-03-25 02:45:50'),
(176, 7, 6, 6, NULL, NULL, NULL, '2023-04-28', 'not started', '2023-03-25 02:45:50', '2023-03-25 02:45:50'),
(177, 7, 8, 6, NULL, NULL, NULL, '2023-04-28', 'not started', '2023-03-25 02:45:50', '2023-03-25 02:45:50'),
(178, 7, 6, 6, NULL, NULL, NULL, '2023-05-01', 'not started', '2023-03-25 02:45:50', '2023-03-25 02:45:50'),
(179, 7, 8, 6, NULL, NULL, NULL, '2023-05-01', 'not started', '2023-03-25 02:45:50', '2023-03-25 02:45:50'),
(180, 7, 6, 6, NULL, NULL, NULL, '2023-05-02', 'not started', '2023-03-25 02:45:50', '2023-03-25 02:45:50'),
(181, 7, 8, 6, NULL, NULL, NULL, '2023-05-02', 'not started', '2023-03-25 02:45:50', '2023-03-25 02:45:50'),
(182, 7, 6, 6, NULL, NULL, NULL, '2023-05-03', 'not started', '2023-03-25 02:45:50', '2023-03-25 02:45:50'),
(183, 7, 8, 6, NULL, NULL, NULL, '2023-05-03', 'not started', '2023-03-25 02:45:50', '2023-03-25 02:45:50'),
(184, 7, 6, 6, NULL, NULL, NULL, '2023-05-04', 'not started', '2023-03-25 02:45:50', '2023-03-25 02:45:50'),
(185, 7, 8, 6, NULL, NULL, NULL, '2023-05-04', 'not started', '2023-03-25 02:45:50', '2023-03-25 02:45:50');

-- --------------------------------------------------------

--
-- Table structure for table `days_offs`
--

CREATE TABLE `days_offs` (
  `id` bigint(20) UNSIGNED NOT NULL,
  `name` varchar(100) COLLATE utf8mb4_unicode_ci DEFAULT NULL,
  `number` int(11) DEFAULT NULL,
  `created_at` timestamp NULL DEFAULT NULL,
  `updated_at` timestamp NULL DEFAULT NULL
) ENGINE=InnoDB DEFAULT CHARSET=utf8mb4 COLLATE=utf8mb4_unicode_ci;

--
-- Dumping data for table `days_offs`
--

INSERT INTO `days_offs` (`id`, `name`, `number`, `created_at`, `updated_at`) VALUES
(1, 'Sun', NULL, '2023-03-24 05:59:02', '2023-03-24 05:59:02');

-- --------------------------------------------------------

--
-- Table structure for table `delivery_companies`
--

CREATE TABLE `delivery_companies` (
  `id` bigint(20) UNSIGNED NOT NULL,
  `created_at` timestamp NULL DEFAULT NULL,
  `updated_at` timestamp NULL DEFAULT NULL
) ENGINE=InnoDB DEFAULT CHARSET=utf8mb4 COLLATE=utf8mb4_unicode_ci;

-- --------------------------------------------------------

--
-- Table structure for table `delivery_times`
--

CREATE TABLE `delivery_times` (
  `id` bigint(20) UNSIGNED NOT NULL,
  `name` varchar(255) COLLATE utf8mb4_unicode_ci DEFAULT NULL,
  `from` varchar(100) COLLATE utf8mb4_unicode_ci DEFAULT NULL,
  `until` varchar(100) COLLATE utf8mb4_unicode_ci DEFAULT NULL,
  `created_at` timestamp NULL DEFAULT NULL,
  `updated_at` timestamp NULL DEFAULT NULL
) ENGINE=InnoDB DEFAULT CHARSET=utf8mb4 COLLATE=utf8mb4_unicode_ci;

--
-- Dumping data for table `delivery_times`
--

INSERT INTO `delivery_times` (`id`, `name`, `from`, `until`, `created_at`, `updated_at`) VALUES
(1, 'AM', '08:00', '02:00', NULL, NULL),
(2, 'PM', '05:00', '12:00', NULL, NULL);

-- --------------------------------------------------------

--
-- Table structure for table `diseases`
--

CREATE TABLE `diseases` (
  `id` bigint(20) UNSIGNED NOT NULL,
  `name` text COLLATE utf8mb4_unicode_ci,
  `created_at` timestamp NULL DEFAULT NULL,
  `updated_at` timestamp NULL DEFAULT NULL
) ENGINE=InnoDB DEFAULT CHARSET=utf8mb4 COLLATE=utf8mb4_unicode_ci;

-- --------------------------------------------------------

--
-- Table structure for table `drinks`
--

CREATE TABLE `drinks` (
  `id` bigint(20) UNSIGNED NOT NULL,
  `cuisine_id` bigint(20) UNSIGNED DEFAULT NULL,
  `name` text COLLATE utf8mb4_unicode_ci,
  `img` text COLLATE utf8mb4_unicode_ci,
  `type` varchar(100) COLLATE utf8mb4_unicode_ci DEFAULT 'Hot Drink',
  `veg` varchar(100) COLLATE utf8mb4_unicode_ci DEFAULT 'Non-Veg',
  `gluten` varchar(100) COLLATE utf8mb4_unicode_ci DEFAULT 'false',
  `dairy` varchar(100) COLLATE utf8mb4_unicode_ci DEFAULT 'false',
  `menu` varchar(100) COLLATE utf8mb4_unicode_ci DEFAULT 'false',
  `vip` varchar(100) COLLATE utf8mb4_unicode_ci DEFAULT 'false',
  `general` varchar(100) COLLATE utf8mb4_unicode_ci DEFAULT 'false',
  `instructions` text COLLATE utf8mb4_unicode_ci,
  `price` double DEFAULT '0',
  `yield` double DEFAULT '0',
  `serving_number` double DEFAULT '0',
  `serving_price` double DEFAULT '0',
  `serving_weight` double DEFAULT '0',
  `grams` double DEFAULT '0',
  `cals` double DEFAULT '0',
  `proteins` double DEFAULT '0',
  `carbs` double DEFAULT '0',
  `fats` double DEFAULT '0',
  `created_at` timestamp NULL DEFAULT NULL,
  `updated_at` timestamp NULL DEFAULT NULL
) ENGINE=InnoDB DEFAULT CHARSET=utf8mb4 COLLATE=utf8mb4_unicode_ci;

-- --------------------------------------------------------

--
-- Table structure for table `drink_components`
--

CREATE TABLE `drink_components` (
  `id` bigint(20) UNSIGNED NOT NULL,
  `drink_id` bigint(20) UNSIGNED NOT NULL,
  `component_id` bigint(20) UNSIGNED NOT NULL,
  `unit_id` bigint(20) UNSIGNED DEFAULT NULL,
  `type` varchar(100) COLLATE utf8mb4_unicode_ci DEFAULT NULL,
  `role` varchar(100) COLLATE utf8mb4_unicode_ci DEFAULT NULL,
  `quantity` double UNSIGNED DEFAULT '0',
  `quantity_grams` double UNSIGNED DEFAULT '0',
  `cals` double DEFAULT NULL,
  `proteins` double DEFAULT NULL,
  `carbs` double DEFAULT NULL,
  `fats` double DEFAULT NULL,
  `created_at` timestamp NULL DEFAULT NULL,
  `updated_at` timestamp NULL DEFAULT NULL
) ENGINE=InnoDB DEFAULT CHARSET=utf8mb4 COLLATE=utf8mb4_unicode_ci;

-- --------------------------------------------------------

--
-- Table structure for table `drink_packings`
--

CREATE TABLE `drink_packings` (
  `id` bigint(20) UNSIGNED NOT NULL,
  `drink_id` bigint(20) UNSIGNED NOT NULL,
  `name` text COLLATE utf8mb4_unicode_ci,
  `quantity` double UNSIGNED DEFAULT '0',
  `created_at` timestamp NULL DEFAULT NULL,
  `updated_at` timestamp NULL DEFAULT NULL
) ENGINE=InnoDB DEFAULT CHARSET=utf8mb4 COLLATE=utf8mb4_unicode_ci;

-- --------------------------------------------------------

--
-- Table structure for table `drink_portions`
--

CREATE TABLE `drink_portions` (
  `id` bigint(20) UNSIGNED NOT NULL,
  `drink_id` bigint(20) UNSIGNED NOT NULL,
  `portion_id` bigint(20) UNSIGNED NOT NULL,
  `unit_id` bigint(20) UNSIGNED DEFAULT NULL,
  `type` varchar(100) COLLATE utf8mb4_unicode_ci DEFAULT NULL,
  `role` varchar(100) COLLATE utf8mb4_unicode_ci DEFAULT NULL,
  `quantity` double UNSIGNED DEFAULT '0',
  `quantity_grams` double UNSIGNED DEFAULT '0',
  `cals` double DEFAULT NULL,
  `proteins` double DEFAULT NULL,
  `carbs` double DEFAULT NULL,
  `fats` double DEFAULT NULL,
  `created_at` timestamp NULL DEFAULT NULL,
  `updated_at` timestamp NULL DEFAULT NULL
) ENGINE=InnoDB DEFAULT CHARSET=utf8mb4 COLLATE=utf8mb4_unicode_ci;

-- --------------------------------------------------------

--
-- Table structure for table `exclude_lists`
--

CREATE TABLE `exclude_lists` (
  `id` bigint(20) UNSIGNED NOT NULL,
  `name` text COLLATE utf8mb4_unicode_ci,
  `created_at` timestamp NULL DEFAULT NULL,
  `updated_at` timestamp NULL DEFAULT NULL
) ENGINE=InnoDB DEFAULT CHARSET=utf8mb4 COLLATE=utf8mb4_unicode_ci;

--
-- Dumping data for table `exclude_lists`
--

INSERT INTO `exclude_lists` (`id`, `name`, `created_at`, `updated_at`) VALUES
(1, 'Tofu', '2022-10-08 12:20:56', '2022-10-08 12:20:56'),
(2, 'Beans', '2022-10-08 12:20:56', '2022-10-08 12:20:56'),
(3, 'Soy', '2022-10-08 12:20:56', '2022-10-08 12:20:56'),
(4, 'Eggs', '2022-10-08 12:20:57', '2022-10-08 12:20:57'),
(5, 'Seafoods', '2022-10-08 12:20:57', '2022-10-08 12:20:57'),
(6, 'Avocado', '2022-10-08 12:20:57', '2022-10-08 12:20:57'),
(7, 'Kiwi', '2022-10-08 12:20:57', '2022-10-08 12:20:57'),
(8, 'Quinoa', '2022-10-08 12:20:57', '2022-10-08 12:20:57'),
(9, 'Barley', '2022-10-08 12:20:57', '2022-10-08 12:20:57'),
(10, 'Oats', '2022-10-08 12:20:57', '2022-10-08 12:20:57'),
(11, 'Chicken', '2022-10-08 12:20:57', '2022-10-08 12:20:57'),
(12, 'Red Meat', '2022-10-08 12:20:57', '2022-10-08 12:20:57'),
(13, 'Turkey', '2022-10-08 12:20:57', '2022-10-08 12:20:57'),
(14, 'Nuts', '2022-10-08 12:20:57', '2022-10-08 12:20:57'),
(15, 'Chia', '2022-10-08 12:20:57', '2022-10-08 12:20:57'),
(16, 'Sesame', '2022-10-08 12:20:57', '2022-10-08 12:20:57'),
(17, 'Tomato', '2022-10-08 12:20:57', '2022-10-08 12:20:57'),
(18, 'Cucumber', '2022-10-08 12:20:57', '2022-10-08 12:20:57'),
(19, 'Zucchini', '2022-10-08 12:20:57', '2022-10-08 12:20:57'),
(20, 'Onions', '2022-10-08 12:20:57', '2022-10-08 12:20:57'),
(21, 'Bell Peppers', '2022-10-08 12:20:57', '2022-10-08 12:20:57'),
(22, 'Eggplant', '2022-10-08 12:20:58', '2022-10-08 12:20:58'),
(23, 'Parsley', '2022-10-08 12:20:58', '2022-10-08 12:20:58'),
(24, 'Garlic', '2022-10-08 12:20:58', '2022-10-08 12:20:58'),
(25, 'Beans/Red Meat', '2022-10-08 12:20:58', '2022-10-08 12:20:58'),
(26, 'Recaito', '2022-10-08 12:20:58', '2022-10-08 12:20:58'),
(27, 'Shrimp', '2022-10-08 12:20:58', '2022-10-08 12:20:58'),
(28, 'Cucumber/Parsley', '2022-10-08 12:20:58', '2022-10-08 12:20:58'),
(29, 'Eggs/Nuts', '2022-10-08 12:20:58', '2022-10-08 12:20:58'),
(30, 'Nuts/Dairy', '2022-10-08 12:20:58', '2022-10-08 12:20:58');

-- --------------------------------------------------------

--
-- Table structure for table `meals`
--

CREATE TABLE `meals` (
  `id` bigint(20) UNSIGNED NOT NULL,
  `cuisine_id` bigint(20) UNSIGNED DEFAULT NULL,
  `name` text COLLATE utf8mb4_unicode_ci,
  `img` text COLLATE utf8mb4_unicode_ci,
  `department` varchar(100) COLLATE utf8mb4_unicode_ci DEFAULT NULL,
  `validity` int(11) DEFAULT '1',
  `instructions` longtext COLLATE utf8mb4_unicode_ci,
  `gluten` varchar(100) COLLATE utf8mb4_unicode_ci DEFAULT 'false',
  `dairy` varchar(100) COLLATE utf8mb4_unicode_ci DEFAULT 'false',
  `source` varchar(100) COLLATE utf8mb4_unicode_ci DEFAULT NULL,
  `menu` varchar(100) COLLATE utf8mb4_unicode_ci DEFAULT 'false',
  `vip` varchar(100) COLLATE utf8mb4_unicode_ci DEFAULT 'false',
  `general` varchar(100) COLLATE utf8mb4_unicode_ci DEFAULT 'false',
  `serving_desc` text COLLATE utf8mb4_unicode_ci,
  `created_at` timestamp NULL DEFAULT NULL,
  `updated_at` timestamp NULL DEFAULT NULL
) ENGINE=InnoDB DEFAULT CHARSET=utf8mb4 COLLATE=utf8mb4_unicode_ci;

-- --------------------------------------------------------

--
-- Table structure for table `meal_drinks`
--

CREATE TABLE `meal_drinks` (
  `id` bigint(20) UNSIGNED NOT NULL,
  `meal_id` bigint(20) UNSIGNED NOT NULL,
  `drink_id` bigint(20) UNSIGNED NOT NULL,
  `note` text COLLATE utf8mb4_unicode_ci,
  `created_at` timestamp NULL DEFAULT NULL,
  `updated_at` timestamp NULL DEFAULT NULL
) ENGINE=InnoDB DEFAULT CHARSET=utf8mb4 COLLATE=utf8mb4_unicode_ci;

-- --------------------------------------------------------

--
-- Table structure for table `meal_packings`
--

CREATE TABLE `meal_packings` (
  `id` bigint(20) UNSIGNED NOT NULL,
  `meal_id` bigint(20) UNSIGNED NOT NULL,
  `name` text COLLATE utf8mb4_unicode_ci,
  `created_at` timestamp NULL DEFAULT NULL,
  `updated_at` timestamp NULL DEFAULT NULL
) ENGINE=InnoDB DEFAULT CHARSET=utf8mb4 COLLATE=utf8mb4_unicode_ci;

-- --------------------------------------------------------

--
-- Table structure for table `meal_portions`
--

CREATE TABLE `meal_portions` (
  `id` bigint(20) UNSIGNED NOT NULL,
  `meal_id` bigint(20) UNSIGNED NOT NULL,
  `portion_id` bigint(20) UNSIGNED NOT NULL,
  `note` text COLLATE utf8mb4_unicode_ci,
  `created_at` timestamp NULL DEFAULT NULL,
  `updated_at` timestamp NULL DEFAULT NULL
) ENGINE=InnoDB DEFAULT CHARSET=utf8mb4 COLLATE=utf8mb4_unicode_ci;

-- --------------------------------------------------------

--
-- Table structure for table `meal_sauces`
--

CREATE TABLE `meal_sauces` (
  `id` bigint(20) UNSIGNED NOT NULL,
  `meal_id` bigint(20) UNSIGNED NOT NULL,
  `sauce_id` bigint(20) UNSIGNED NOT NULL,
  `note` text COLLATE utf8mb4_unicode_ci,
  `created_at` timestamp NULL DEFAULT NULL,
  `updated_at` timestamp NULL DEFAULT NULL
) ENGINE=InnoDB DEFAULT CHARSET=utf8mb4 COLLATE=utf8mb4_unicode_ci;

-- --------------------------------------------------------

--
-- Table structure for table `meal_sides`
--

CREATE TABLE `meal_sides` (
  `id` bigint(20) UNSIGNED NOT NULL,
  `meal_id` bigint(20) UNSIGNED NOT NULL,
  `side_id` bigint(20) UNSIGNED NOT NULL,
  `note` text COLLATE utf8mb4_unicode_ci,
  `created_at` timestamp NULL DEFAULT NULL,
  `updated_at` timestamp NULL DEFAULT NULL
) ENGINE=InnoDB DEFAULT CHARSET=utf8mb4 COLLATE=utf8mb4_unicode_ci;

-- --------------------------------------------------------

--
-- Table structure for table `meal_snacks`
--

CREATE TABLE `meal_snacks` (
  `id` bigint(20) UNSIGNED NOT NULL,
  `meal_id` bigint(20) UNSIGNED NOT NULL,
  `snack_id` bigint(20) UNSIGNED NOT NULL,
  `note` text COLLATE utf8mb4_unicode_ci,
  `created_at` timestamp NULL DEFAULT NULL,
  `updated_at` timestamp NULL DEFAULT NULL
) ENGINE=InnoDB DEFAULT CHARSET=utf8mb4 COLLATE=utf8mb4_unicode_ci;

-- --------------------------------------------------------

--
-- Table structure for table `meal_types`
--

CREATE TABLE `meal_types` (
  `id` bigint(20) UNSIGNED NOT NULL,
  `name` varchar(255) COLLATE utf8mb4_unicode_ci DEFAULT NULL,
  `shorthand` varchar(100) COLLATE utf8mb4_unicode_ci DEFAULT NULL,
  `created_at` timestamp NULL DEFAULT NULL,
  `updated_at` timestamp NULL DEFAULT NULL
) ENGINE=InnoDB DEFAULT CHARSET=utf8mb4 COLLATE=utf8mb4_unicode_ci;

--
-- Dumping data for table `meal_types`
--

INSERT INTO `meal_types` (`id`, `name`, `shorthand`, `created_at`, `updated_at`) VALUES
(1, 'Breakfast', 'B', '2023-03-02 19:32:08', '2023-03-02 19:32:08'),
(2, 'Lunch', 'L', '2023-03-02 19:32:27', '2023-03-02 19:32:27'),
(3, 'Dinner', 'D', '2023-03-02 19:32:28', '2023-03-02 19:32:28'),
(4, 'Lunch Side', 'LS', '2023-03-02 19:32:29', '2023-03-02 19:32:29'),
(5, 'Dinner Side', 'DS', '2023-03-02 19:32:30', '2023-03-02 19:32:30'),
(6, 'Morning Snack 1', 'S1', '2023-03-02 19:32:31', '2023-03-02 19:32:31'),
(7, 'Morning Snack 2', 'S2', '2023-03-02 19:32:31', '2023-03-02 19:32:31'),
(8, 'Afternoon Snack', 'S3', '2023-03-02 19:32:31', '2023-03-02 19:32:31');

-- --------------------------------------------------------

--
-- Table structure for table `meal_type_items`
--

CREATE TABLE `meal_type_items` (
  `id` bigint(20) UNSIGNED NOT NULL,
  `meal_type_id` bigint(20) UNSIGNED NOT NULL,
  `name` text COLLATE utf8mb4_unicode_ci,
  `created_at` timestamp NULL DEFAULT NULL,
  `updated_at` timestamp NULL DEFAULT NULL
) ENGINE=InnoDB DEFAULT CHARSET=utf8mb4 COLLATE=utf8mb4_unicode_ci;

-- --------------------------------------------------------

--
-- Table structure for table `migrations`
--

CREATE TABLE `migrations` (
  `id` int(10) UNSIGNED NOT NULL,
  `migration` varchar(255) COLLATE utf8mb4_unicode_ci NOT NULL,
  `batch` int(11) NOT NULL
) ENGINE=InnoDB DEFAULT CHARSET=utf8mb4 COLLATE=utf8mb4_unicode_ci;

--
-- Dumping data for table `migrations`
--

INSERT INTO `migrations` (`id`, `migration`, `batch`) VALUES
(9, '2014_10_12_000000_create_users_table', 1),
(10, '2014_10_12_100000_create_password_resets_table', 1),
(11, '2019_08_18_000000_create_cities_table', 1),
(12, '2019_08_18_000000_create_city_districts_table', 1),
(13, '2019_08_19_000000_create_allergy_lists_table', 1),
(14, '2019_08_19_000000_create_exclude_lists_table', 1),
(15, '2019_08_19_000000_create_failed_jobs_table', 1),
(16, '2019_08_19_000000_create_units_table', 1),
(17, '2019_08_19_000001_create_promocodes_table', 1),
(18, '2019_08_19_000002_create_delivery_times_table', 1),
(19, '2023_02_21_062351_create_component_categories_table', 1),
(20, '2023_02_21_062351_create_component_groups_table', 1),
(21, '2023_02_21_062352_create_components_table', 1),
(22, '2023_02_21_062353_create_component_types_table', 1),
(23, '2023_02_21_062354_create_cuisines_table', 1),
(24, '2023_02_21_062354_create_meal_types_table', 1),
(25, '2023_02_21_062355_create_meal_type_items_table', 1),
(26, '2023_02_21_062355_create_packages_table', 1),
(27, '2023_02_21_062355_create_portions_table', 1),
(28, '2023_02_21_062356_create_portion_components_table', 1),
(29, '2023_02_21_062356_create_portion_packings_table', 1),
(30, '2023_02_21_062356_create_portion_portions_table', 1),
(31, '2023_02_21_062358_create_sauces_table', 1),
(32, '2023_02_21_062359_create_sauce_components_table', 1),
(33, '2023_02_21_062359_create_sauce_packings_table', 1),
(34, '2023_02_21_062359_create_sauce_portions_table', 1),
(35, '2023_02_21_062368_create_sides_table', 1),
(36, '2023_02_21_062369_create_side_components_table', 1),
(37, '2023_02_21_062369_create_side_packings_table', 1),
(38, '2023_02_21_062369_create_side_portions_table', 1),
(39, '2023_02_21_062378_create_drinks_table', 1),
(40, '2023_02_21_062379_create_drink_components_table', 1),
(41, '2023_02_21_062379_create_drink_packings_table', 1),
(42, '2023_02_21_062379_create_drink_portions_table', 1),
(43, '2023_02_21_062388_create_snacks_table', 1),
(44, '2023_02_21_062389_create_snack_components_table', 1),
(45, '2023_02_21_062389_create_snack_packings_table', 1),
(46, '2023_02_21_062389_create_snack_portions_table', 1),
(47, '2023_02_21_063130_create_package_intakes_table', 1),
(48, '2023_02_21_084518_create_package_intake_meals_table', 1),
(49, '2023_02_21_092356_create_meals_table', 1),
(50, '2023_02_21_095339_create_meal_sauces_table', 1),
(51, '2023_02_21_095622_create_meal_sides_table', 1),
(52, '2023_02_21_095741_create_meal_drinks_table', 1),
(53, '2023_02_21_095922_create_meal_snacks_table', 1),
(54, '2023_02_21_100039_create_meal_portions_table', 1),
(55, '2023_02_21_100040_create_meal_packings_table', 1),
(56, '2023_03_01_070532_create_package_bundles_table', 1),
(57, '2023_03_01_070909_create_package_bundle_types_table', 1),
(58, '2023_03_01_071159_create_package_bundle_days_table', 1),
(59, '2023_03_02_072615_create_package_meals_table', 1),
(60, '2023_03_02_090646_create_package_meal_portions_table', 1),
(61, '2023_03_02_091834_create_package_meal_sauces_table', 1),
(62, '2023_03_02_092429_create_package_meal_snacks_table', 1),
(63, '2023_03_02_092637_create_package_meal_sides_table', 1),
(64, '2023_03_02_093829_create_package_meal_drinks_table', 1),
(65, '2023_03_02_095720_create_package_meal_packings_table', 1),
(66, '2023_03_02_095721_create_package_plans_table', 1),
(67, '2023_03_02_095722_create_package_plan_meals_table', 1),
(68, '2023_03_02_101117_create_package_plan_snacks_table', 1),
(69, '2023_03_02_101445_create_package_plan_sides_table', 1),
(70, '2023_03_02_101642_create_package_plan_drinks_table', 1),
(71, '2023_03_02_104352_create_customer_leads_table', 1),
(72, '2023_03_02_105611_create_customer_lead_addresses_table', 1),
(73, '2023_03_02_113710_create_customer_lead_excludes_table', 1),
(74, '2023_03_02_113741_create_customer_lead_allergies_table', 1),
(75, '2023_03_02_114913_create_customer_lead_subscriptions_table', 1);

-- --------------------------------------------------------

--
-- Table structure for table `packages`
--

CREATE TABLE `packages` (
  `id` bigint(20) UNSIGNED NOT NULL,
  `name` text COLLATE utf8mb4_unicode_ci,
  `img` text COLLATE utf8mb4_unicode_ci,
  `desc` text COLLATE utf8mb4_unicode_ci,
  `price` double DEFAULT '0',
  `active` varchar(100) COLLATE utf8mb4_unicode_ci DEFAULT 'true',
  `created_at` timestamp NULL DEFAULT NULL,
  `updated_at` timestamp NULL DEFAULT NULL
) ENGINE=InnoDB DEFAULT CHARSET=utf8mb4 COLLATE=utf8mb4_unicode_ci;

--
-- Dumping data for table `packages`
--

INSERT INTO `packages` (`id`, `name`, `img`, `desc`, `price`, `active`, `created_at`, `updated_at`) VALUES
(5, 'Weight Loss', '1678005545.png', 'Lose weight by eating meals. low carbohydrates and high in protein.', 1000, 'true', '2023-03-05 15:39:05', '2023-03-05 15:39:05'),
(6, 'Weight Maintain', '1678006709.png', 'Lose weight by eating meals. low carbohydrates and high in protein.', 1300, 'true', '2023-03-05 15:58:13', '2023-03-05 15:58:29'),
(7, 'Weight Gain', '1678007470.png', 'Gain weight by eating meals. low carbohydrates and high in protein.', 2000, 'true', '2023-03-05 16:11:10', '2023-03-25 01:26:15'),
(8, 'Vegetarian', '1678038930.png', 'Lose, Gain or maintain weight by eating meals. low carbohydrates and high in protein.', 900, 'true', '2023-03-05 16:29:38', '2023-03-25 01:29:10'),
(9, 'Gluten/Dairy-Free', '1678009294.png', 'Gluten/Dairy-Free Plan meals. low carbohydrates and high in protein.', 1300, 'true', '2023-03-05 16:41:34', '2023-03-25 01:27:38');

-- --------------------------------------------------------

--
-- Table structure for table `package_bundles`
--

CREATE TABLE `package_bundles` (
  `id` bigint(20) UNSIGNED NOT NULL,
  `package_id` bigint(20) UNSIGNED NOT NULL,
  `name` text COLLATE utf8mb4_unicode_ci,
  `img` text COLLATE utf8mb4_unicode_ci,
  `note` text COLLATE utf8mb4_unicode_ci,
  `created_at` timestamp NULL DEFAULT NULL,
  `updated_at` timestamp NULL DEFAULT NULL
) ENGINE=InnoDB DEFAULT CHARSET=utf8mb4 COLLATE=utf8mb4_unicode_ci;

--
-- Dumping data for table `package_bundles`
--

INSERT INTO `package_bundles` (`id`, `package_id`, `name`, `img`, `note`, `created_at`, `updated_at`) VALUES
(1, 5, 'Full Day', '1678102434.png', 'This will bring the full calories Target Ranage for The day', '2023-03-06 18:33:54', '2023-03-06 18:33:54'),
(2, 5, 'Half AM', '1678102821.png', NULL, '2023-03-06 18:40:21', '2023-03-06 18:40:21'),
(3, 5, 'Half PM', '1678102883.png', NULL, '2023-03-06 18:41:23', '2023-03-06 18:41:23'),
(4, 5, 'Business Lunch', '1678102963.png', 'Keep Healthy Even At Work!', '2023-03-06 18:42:43', '2023-03-06 18:42:43'),
(47, 6, 'Full Day', '1678102434.png', 'This will bring the full calories Target Ranage for The day', '2023-03-25 02:17:01', '2023-03-25 02:17:01'),
(48, 7, 'Full Day', '1678102434.png', 'This will bring the full calories Target Ranage for The day', '2023-03-25 02:17:01', '2023-03-25 02:17:01'),
(49, 8, 'Full Day', '1678102434.png', 'This will bring the full calories Target Ranage for The day', '2023-03-25 02:17:01', '2023-03-25 02:17:01'),
(50, 9, 'Full Day', '1678102434.png', 'This will bring the full calories Target Ranage for The day', '2023-03-25 02:17:01', '2023-03-25 02:17:01'),
(51, 6, 'Half AM', '1678102821.png', NULL, '2023-03-25 02:17:13', '2023-03-25 02:17:13'),
(52, 7, 'Half AM', '1678102821.png', NULL, '2023-03-25 02:17:13', '2023-03-25 02:17:13'),
(53, 8, 'Half AM', '1678102821.png', NULL, '2023-03-25 02:17:13', '2023-03-25 02:17:13'),
(54, 9, 'Half AM', '1678102821.png', NULL, '2023-03-25 02:17:13', '2023-03-25 02:17:13'),
(55, 6, 'Half PM', '1678102883.png', NULL, '2023-03-25 02:17:25', '2023-03-25 02:17:25'),
(56, 7, 'Half PM', '1678102883.png', NULL, '2023-03-25 02:17:25', '2023-03-25 02:17:25'),
(57, 8, 'Half PM', '1678102883.png', NULL, '2023-03-25 02:17:25', '2023-03-25 02:17:25'),
(58, 9, 'Half PM', '1678102883.png', NULL, '2023-03-25 02:17:25', '2023-03-25 02:17:25'),
(59, 6, 'Business Lunch', '1678102963.png', 'Keep Healthy Even At Work!', '2023-03-25 02:17:35', '2023-03-25 02:17:35'),
(60, 7, 'Business Lunch', '1678102963.png', 'Keep Healthy Even At Work!', '2023-03-25 02:17:35', '2023-03-25 02:17:35'),
(61, 8, 'Business Lunch', '1678102963.png', 'Keep Healthy Even At Work!', '2023-03-25 02:17:35', '2023-03-25 02:17:35'),
(62, 9, 'Business Lunch', '1678102963.png', 'Keep Healthy Even At Work!', '2023-03-25 02:17:35', '2023-03-25 02:17:35');

-- --------------------------------------------------------

--
-- Table structure for table `package_bundle_days`
--

CREATE TABLE `package_bundle_days` (
  `id` bigint(20) UNSIGNED NOT NULL,
  `package_id` bigint(20) UNSIGNED NOT NULL,
  `package_bundle_id` bigint(20) UNSIGNED NOT NULL,
  `days` int(10) UNSIGNED DEFAULT NULL,
  `discount` double DEFAULT '0',
  `created_at` timestamp NULL DEFAULT NULL,
  `updated_at` timestamp NULL DEFAULT NULL
) ENGINE=InnoDB DEFAULT CHARSET=utf8mb4 COLLATE=utf8mb4_unicode_ci;

--
-- Dumping data for table `package_bundle_days`
--

INSERT INTO `package_bundle_days` (`id`, `package_id`, `package_bundle_id`, `days`, `discount`, `created_at`, `updated_at`) VALUES
(3, 5, 2, 5, 0, '2023-03-15 20:51:58', '2023-03-15 20:51:58'),
(4, 5, 2, 10, 0, '2023-03-15 20:51:58', '2023-03-15 20:51:58'),
(5, 5, 2, 20, 5, '2023-03-15 20:51:58', '2023-03-15 20:51:58'),
(6, 5, 2, 30, 10, '2023-03-15 20:51:58', '2023-03-15 20:51:58'),
(35, 5, 4, 5, 0, '2023-03-25 01:36:21', '2023-03-25 01:36:21'),
(36, 5, 4, 10, 0, '2023-03-25 01:36:21', '2023-03-25 01:36:21'),
(37, 5, 4, 20, 0, '2023-03-25 01:36:21', '2023-03-25 01:36:21'),
(38, 5, 4, 30, 0, '2023-03-25 01:36:21', '2023-03-25 01:36:21'),
(91, 5, 3, 5, 0, '2023-03-25 02:16:23', '2023-03-25 02:16:23'),
(92, 5, 3, 10, 0, '2023-03-25 02:16:23', '2023-03-25 02:16:23'),
(93, 5, 3, 20, 0, '2023-03-25 02:16:23', '2023-03-25 02:16:23'),
(94, 5, 3, 30, 10, '2023-03-25 02:16:23', '2023-03-25 02:16:23'),
(103, 8, 49, 5, 0, '2023-03-25 02:17:01', '2023-03-25 02:17:01'),
(104, 8, 49, 10, 0, '2023-03-25 02:17:01', '2023-03-25 02:17:01'),
(105, 8, 49, 20, 0, '2023-03-25 02:17:01', '2023-03-25 02:17:01'),
(106, 8, 49, 30, 0, '2023-03-25 02:17:01', '2023-03-25 02:17:01'),
(107, 9, 50, 5, 0, '2023-03-25 02:17:01', '2023-03-25 02:17:01'),
(108, 9, 50, 10, 0, '2023-03-25 02:17:01', '2023-03-25 02:17:01'),
(109, 9, 50, 20, 0, '2023-03-25 02:17:01', '2023-03-25 02:17:01'),
(110, 9, 50, 30, 0, '2023-03-25 02:17:01', '2023-03-25 02:17:01'),
(111, 6, 51, 5, 0, '2023-03-25 02:17:13', '2023-03-25 02:17:13'),
(112, 6, 51, 10, 0, '2023-03-25 02:17:13', '2023-03-25 02:17:13'),
(113, 6, 51, 20, 5, '2023-03-25 02:17:13', '2023-03-25 02:17:13'),
(114, 6, 51, 30, 10, '2023-03-25 02:17:13', '2023-03-25 02:17:13'),
(115, 7, 52, 5, 0, '2023-03-25 02:17:13', '2023-03-25 02:17:13'),
(116, 7, 52, 10, 0, '2023-03-25 02:17:13', '2023-03-25 02:17:13'),
(117, 7, 52, 20, 5, '2023-03-25 02:17:13', '2023-03-25 02:17:13'),
(118, 7, 52, 30, 10, '2023-03-25 02:17:13', '2023-03-25 02:17:13'),
(119, 8, 53, 5, 0, '2023-03-25 02:17:13', '2023-03-25 02:17:13'),
(120, 8, 53, 10, 0, '2023-03-25 02:17:13', '2023-03-25 02:17:13'),
(121, 8, 53, 20, 5, '2023-03-25 02:17:13', '2023-03-25 02:17:13'),
(122, 8, 53, 30, 10, '2023-03-25 02:17:13', '2023-03-25 02:17:13'),
(123, 9, 54, 5, 0, '2023-03-25 02:17:13', '2023-03-25 02:17:13'),
(124, 9, 54, 10, 0, '2023-03-25 02:17:13', '2023-03-25 02:17:13'),
(125, 9, 54, 20, 5, '2023-03-25 02:17:13', '2023-03-25 02:17:13'),
(126, 9, 54, 30, 10, '2023-03-25 02:17:13', '2023-03-25 02:17:13'),
(127, 6, 55, 5, 0, '2023-03-25 02:17:25', '2023-03-25 02:17:25'),
(128, 6, 55, 10, 0, '2023-03-25 02:17:25', '2023-03-25 02:17:25'),
(129, 6, 55, 20, 0, '2023-03-25 02:17:25', '2023-03-25 02:17:25'),
(130, 6, 55, 30, 10, '2023-03-25 02:17:25', '2023-03-25 02:17:25'),
(131, 7, 56, 5, 0, '2023-03-25 02:17:25', '2023-03-25 02:17:25'),
(132, 7, 56, 10, 0, '2023-03-25 02:17:25', '2023-03-25 02:17:25'),
(133, 7, 56, 20, 0, '2023-03-25 02:17:25', '2023-03-25 02:17:25'),
(134, 7, 56, 30, 10, '2023-03-25 02:17:25', '2023-03-25 02:17:25'),
(135, 8, 57, 5, 0, '2023-03-25 02:17:25', '2023-03-25 02:17:25'),
(136, 8, 57, 10, 0, '2023-03-25 02:17:25', '2023-03-25 02:17:25'),
(137, 8, 57, 20, 0, '2023-03-25 02:17:25', '2023-03-25 02:17:25'),
(138, 8, 57, 30, 10, '2023-03-25 02:17:25', '2023-03-25 02:17:25'),
(139, 9, 58, 5, 0, '2023-03-25 02:17:25', '2023-03-25 02:17:25'),
(140, 9, 58, 10, 0, '2023-03-25 02:17:25', '2023-03-25 02:17:25'),
(141, 9, 58, 20, 0, '2023-03-25 02:17:25', '2023-03-25 02:17:25'),
(142, 9, 58, 30, 10, '2023-03-25 02:17:25', '2023-03-25 02:17:25'),
(143, 6, 59, 5, 0, '2023-03-25 02:17:35', '2023-03-25 02:17:35'),
(144, 6, 59, 10, 0, '2023-03-25 02:17:35', '2023-03-25 02:17:35'),
(145, 6, 59, 20, 0, '2023-03-25 02:17:35', '2023-03-25 02:17:35'),
(146, 6, 59, 30, 0, '2023-03-25 02:17:35', '2023-03-25 02:17:35'),
(147, 7, 60, 5, 0, '2023-03-25 02:17:35', '2023-03-25 02:17:35'),
(148, 7, 60, 10, 0, '2023-03-25 02:17:35', '2023-03-25 02:17:35'),
(149, 7, 60, 20, 0, '2023-03-25 02:17:35', '2023-03-25 02:17:35'),
(150, 7, 60, 30, 0, '2023-03-25 02:17:35', '2023-03-25 02:17:35'),
(151, 8, 61, 5, 0, '2023-03-25 02:17:35', '2023-03-25 02:17:35'),
(152, 8, 61, 10, 0, '2023-03-25 02:17:35', '2023-03-25 02:17:35'),
(153, 8, 61, 20, 0, '2023-03-25 02:17:35', '2023-03-25 02:17:35'),
(154, 8, 61, 30, 0, '2023-03-25 02:17:35', '2023-03-25 02:17:35'),
(155, 9, 62, 5, 0, '2023-03-25 02:17:35', '2023-03-25 02:17:35'),
(156, 9, 62, 10, 0, '2023-03-25 02:17:35', '2023-03-25 02:17:35'),
(157, 9, 62, 20, 0, '2023-03-25 02:17:35', '2023-03-25 02:17:35'),
(158, 9, 62, 30, 0, '2023-03-25 02:17:35', '2023-03-25 02:17:35'),
(163, 6, 47, 5, 0, '2023-03-25 02:19:09', '2023-03-25 02:19:09'),
(164, 6, 47, 10, 0, '2023-03-25 02:19:09', '2023-03-25 02:19:09'),
(165, 6, 47, 20, 0, '2023-03-25 02:19:09', '2023-03-25 02:19:09'),
(166, 6, 47, 30, 0, '2023-03-25 02:19:09', '2023-03-25 02:19:09'),
(171, 7, 48, 5, 0, '2023-03-25 02:19:44', '2023-03-25 02:19:44'),
(172, 7, 48, 10, 0, '2023-03-25 02:19:44', '2023-03-25 02:19:44'),
(173, 7, 48, 20, 0, '2023-03-25 02:19:44', '2023-03-25 02:19:44'),
(174, 7, 48, 30, 0, '2023-03-25 02:19:44', '2023-03-25 02:19:44'),
(187, 5, 1, 5, 0, '2023-03-25 16:03:27', '2023-03-25 16:03:27'),
(188, 5, 1, 10, 0, '2023-03-25 16:03:27', '2023-03-25 16:03:27'),
(189, 5, 1, 20, 0, '2023-03-25 16:03:27', '2023-03-25 16:03:27'),
(190, 5, 1, 30, 5, '2023-03-25 16:03:27', '2023-03-25 16:03:27');

-- --------------------------------------------------------

--
-- Table structure for table `package_bundle_types`
--

CREATE TABLE `package_bundle_types` (
  `id` bigint(20) UNSIGNED NOT NULL,
  `package_id` bigint(20) UNSIGNED NOT NULL,
  `package_bundle_id` bigint(20) UNSIGNED NOT NULL,
  `meal_type_id` bigint(20) UNSIGNED NOT NULL,
  `created_at` timestamp NULL DEFAULT NULL,
  `updated_at` timestamp NULL DEFAULT NULL
) ENGINE=InnoDB DEFAULT CHARSET=utf8mb4 COLLATE=utf8mb4_unicode_ci;

--
-- Dumping data for table `package_bundle_types`
--

INSERT INTO `package_bundle_types` (`id`, `package_id`, `package_bundle_id`, `meal_type_id`, `created_at`, `updated_at`) VALUES
(59, 5, 2, 1, '2023-03-15 20:51:58', '2023-03-15 20:51:58'),
(60, 5, 2, 2, '2023-03-15 20:51:58', '2023-03-15 20:51:58'),
(61, 5, 2, 4, '2023-03-15 20:51:58', '2023-03-15 20:51:58'),
(62, 5, 2, 6, '2023-03-15 20:51:58', '2023-03-15 20:51:58'),
(189, 5, 4, 2, '2023-03-25 01:36:21', '2023-03-25 01:36:21'),
(190, 5, 4, 4, '2023-03-25 01:36:21', '2023-03-25 01:36:21'),
(191, 5, 4, 8, '2023-03-25 01:36:21', '2023-03-25 01:36:21'),
(253, 5, 3, 2, '2023-03-25 02:16:23', '2023-03-25 02:16:23'),
(254, 5, 3, 3, '2023-03-25 02:16:23', '2023-03-25 02:16:23'),
(255, 5, 3, 4, '2023-03-25 02:16:23', '2023-03-25 02:16:23'),
(256, 5, 3, 8, '2023-03-25 02:16:23', '2023-03-25 02:16:23'),
(269, 8, 49, 1, '2023-03-25 02:17:01', '2023-03-25 02:17:01'),
(270, 8, 49, 2, '2023-03-25 02:17:01', '2023-03-25 02:17:01'),
(271, 8, 49, 3, '2023-03-25 02:17:01', '2023-03-25 02:17:01'),
(272, 8, 49, 4, '2023-03-25 02:17:01', '2023-03-25 02:17:01'),
(273, 8, 49, 6, '2023-03-25 02:17:01', '2023-03-25 02:17:01'),
(274, 8, 49, 8, '2023-03-25 02:17:01', '2023-03-25 02:17:01'),
(275, 9, 50, 1, '2023-03-25 02:17:01', '2023-03-25 02:17:01'),
(276, 9, 50, 2, '2023-03-25 02:17:01', '2023-03-25 02:17:01'),
(277, 9, 50, 3, '2023-03-25 02:17:01', '2023-03-25 02:17:01'),
(278, 9, 50, 4, '2023-03-25 02:17:01', '2023-03-25 02:17:01'),
(279, 9, 50, 6, '2023-03-25 02:17:01', '2023-03-25 02:17:01'),
(280, 9, 50, 8, '2023-03-25 02:17:01', '2023-03-25 02:17:01'),
(281, 6, 51, 1, '2023-03-25 02:17:13', '2023-03-25 02:17:13'),
(282, 6, 51, 2, '2023-03-25 02:17:13', '2023-03-25 02:17:13'),
(283, 6, 51, 4, '2023-03-25 02:17:13', '2023-03-25 02:17:13'),
(284, 6, 51, 6, '2023-03-25 02:17:13', '2023-03-25 02:17:13'),
(285, 7, 52, 1, '2023-03-25 02:17:13', '2023-03-25 02:17:13'),
(286, 7, 52, 2, '2023-03-25 02:17:13', '2023-03-25 02:17:13'),
(287, 7, 52, 4, '2023-03-25 02:17:13', '2023-03-25 02:17:13'),
(288, 7, 52, 6, '2023-03-25 02:17:13', '2023-03-25 02:17:13'),
(289, 8, 53, 1, '2023-03-25 02:17:13', '2023-03-25 02:17:13'),
(290, 8, 53, 2, '2023-03-25 02:17:13', '2023-03-25 02:17:13'),
(291, 8, 53, 4, '2023-03-25 02:17:13', '2023-03-25 02:17:13'),
(292, 8, 53, 6, '2023-03-25 02:17:13', '2023-03-25 02:17:13'),
(293, 9, 54, 1, '2023-03-25 02:17:13', '2023-03-25 02:17:13'),
(294, 9, 54, 2, '2023-03-25 02:17:13', '2023-03-25 02:17:13'),
(295, 9, 54, 4, '2023-03-25 02:17:13', '2023-03-25 02:17:13'),
(296, 9, 54, 6, '2023-03-25 02:17:13', '2023-03-25 02:17:13'),
(297, 6, 55, 2, '2023-03-25 02:17:25', '2023-03-25 02:17:25'),
(298, 6, 55, 3, '2023-03-25 02:17:25', '2023-03-25 02:17:25'),
(299, 6, 55, 4, '2023-03-25 02:17:25', '2023-03-25 02:17:25'),
(300, 6, 55, 8, '2023-03-25 02:17:25', '2023-03-25 02:17:25'),
(301, 7, 56, 2, '2023-03-25 02:17:25', '2023-03-25 02:17:25'),
(302, 7, 56, 3, '2023-03-25 02:17:25', '2023-03-25 02:17:25'),
(303, 7, 56, 4, '2023-03-25 02:17:25', '2023-03-25 02:17:25'),
(304, 7, 56, 8, '2023-03-25 02:17:25', '2023-03-25 02:17:25'),
(305, 8, 57, 2, '2023-03-25 02:17:25', '2023-03-25 02:17:25'),
(306, 8, 57, 3, '2023-03-25 02:17:25', '2023-03-25 02:17:25'),
(307, 8, 57, 4, '2023-03-25 02:17:25', '2023-03-25 02:17:25'),
(308, 8, 57, 8, '2023-03-25 02:17:25', '2023-03-25 02:17:25'),
(309, 9, 58, 2, '2023-03-25 02:17:25', '2023-03-25 02:17:25'),
(310, 9, 58, 3, '2023-03-25 02:17:25', '2023-03-25 02:17:25'),
(311, 9, 58, 4, '2023-03-25 02:17:25', '2023-03-25 02:17:25'),
(312, 9, 58, 8, '2023-03-25 02:17:25', '2023-03-25 02:17:25'),
(313, 6, 59, 2, '2023-03-25 02:17:35', '2023-03-25 02:17:35'),
(314, 6, 59, 4, '2023-03-25 02:17:35', '2023-03-25 02:17:35'),
(315, 6, 59, 8, '2023-03-25 02:17:35', '2023-03-25 02:17:35'),
(316, 7, 60, 2, '2023-03-25 02:17:35', '2023-03-25 02:17:35'),
(317, 7, 60, 4, '2023-03-25 02:17:35', '2023-03-25 02:17:35'),
(318, 7, 60, 8, '2023-03-25 02:17:35', '2023-03-25 02:17:35'),
(319, 8, 61, 2, '2023-03-25 02:17:35', '2023-03-25 02:17:35'),
(320, 8, 61, 4, '2023-03-25 02:17:35', '2023-03-25 02:17:35'),
(321, 8, 61, 8, '2023-03-25 02:17:35', '2023-03-25 02:17:35'),
(322, 9, 62, 2, '2023-03-25 02:17:35', '2023-03-25 02:17:35'),
(323, 9, 62, 4, '2023-03-25 02:17:35', '2023-03-25 02:17:35'),
(324, 9, 62, 8, '2023-03-25 02:17:35', '2023-03-25 02:17:35'),
(331, 6, 47, 1, '2023-03-25 02:19:09', '2023-03-25 02:19:09'),
(332, 6, 47, 2, '2023-03-25 02:19:09', '2023-03-25 02:19:09'),
(333, 6, 47, 3, '2023-03-25 02:19:09', '2023-03-25 02:19:09'),
(334, 6, 47, 4, '2023-03-25 02:19:09', '2023-03-25 02:19:09'),
(335, 6, 47, 6, '2023-03-25 02:19:09', '2023-03-25 02:19:09'),
(336, 6, 47, 8, '2023-03-25 02:19:09', '2023-03-25 02:19:09'),
(343, 7, 48, 1, '2023-03-25 02:19:44', '2023-03-25 02:19:44'),
(344, 7, 48, 2, '2023-03-25 02:19:44', '2023-03-25 02:19:44'),
(345, 7, 48, 3, '2023-03-25 02:19:44', '2023-03-25 02:19:44'),
(346, 7, 48, 4, '2023-03-25 02:19:44', '2023-03-25 02:19:44'),
(347, 7, 48, 6, '2023-03-25 02:19:44', '2023-03-25 02:19:44'),
(348, 7, 48, 8, '2023-03-25 02:19:44', '2023-03-25 02:19:44'),
(364, 5, 1, 1, '2023-03-25 16:03:27', '2023-03-25 16:03:27'),
(365, 5, 1, 4, '2023-03-25 16:03:27', '2023-03-25 16:03:27'),
(366, 5, 1, 8, '2023-03-25 16:03:27', '2023-03-25 16:03:27');

-- --------------------------------------------------------

--
-- Table structure for table `package_intakes`
--

CREATE TABLE `package_intakes` (
  `id` bigint(20) UNSIGNED NOT NULL,
  `package_id` bigint(20) UNSIGNED NOT NULL,
  `title` text COLLATE utf8mb4_unicode_ci,
  `range` varchar(255) COLLATE utf8mb4_unicode_ci DEFAULT NULL,
  `desc` text COLLATE utf8mb4_unicode_ci,
  `scale_percentage` double DEFAULT NULL,
  `scale_cals` double DEFAULT NULL,
  `cals` double DEFAULT NULL,
  `proteins` double DEFAULT NULL,
  `carbs` double DEFAULT NULL,
  `fats` double DEFAULT NULL,
  `proteins_percentage` double DEFAULT '0',
  `carbs_percentage` double DEFAULT '0',
  `fats_percentage` double DEFAULT '0',
  `price` double DEFAULT '0',
  `created_at` timestamp NULL DEFAULT NULL,
  `updated_at` timestamp NULL DEFAULT NULL
) ENGINE=InnoDB DEFAULT CHARSET=utf8mb4 COLLATE=utf8mb4_unicode_ci;

--
-- Dumping data for table `package_intakes`
--

INSERT INTO `package_intakes` (`id`, `package_id`, `title`, `range`, `desc`, `scale_percentage`, `scale_cals`, `cals`, `proteins`, `carbs`, `fats`, `proteins_percentage`, `carbs_percentage`, `fats_percentage`, `price`, `created_at`, `updated_at`) VALUES
(12, 5, '1100 - 1300', '1200', 'Nothing', 0, 0, 1200, 360, 540, 300, 30, 45, 25, 250, '2023-03-05 15:39:05', '2023-03-05 15:39:05'),
(13, 5, '1300 - 1600', '1500', 'Nothing', 0, 0, 1500, 450, 675, 375, 30, 45, 25, 280, '2023-03-05 15:39:05', '2023-03-05 15:39:05'),
(14, 6, '1700 - 1900', '1800', 'Nothing', 0, 0, 1800, 630, 810, 360, 35, 45, 20, 280, '2023-03-05 15:58:13', '2023-03-05 15:58:13'),
(15, 6, '1900 - 2100', '2000', 'Nothing', 0, 0, 2000, 700, 900, 400, 35, 45, 20, 295, '2023-03-05 15:58:13', '2023-03-05 15:58:13'),
(16, 7, '2100 - 2300', '2200', 'Nothing', 0, 0, 2200, 550, 1210, 440, 25, 55, 20, 310, '2023-03-05 16:11:10', '2023-03-05 16:11:10'),
(17, 7, '2300 - 2500', '2400', 'Nothing', 0, 0, 2400, 600, 1320, 480, 25, 55, 20, 325, '2023-03-05 16:11:10', '2023-03-05 16:11:10'),
(18, 8, 'Weight loss', '1200', 'Veg Only', 0, 0, 1200, 300, 720, 180, 25, 60, 15, 559, '2023-03-05 16:29:38', '2023-03-05 16:29:38'),
(19, 8, 'Weight Maintain', '1400', 'Veg Only', 0, 0, 1400, 420, 770, 210, 30, 55, 15, 199, '2023-03-05 16:29:38', '2023-03-05 16:29:38'),
(20, 8, 'Weight Gain', '1800', 'Veg', 0, 0, 1800, 450, 990, 360, 25, 55, 20, 255, '2023-03-05 16:29:38', '2023-03-05 16:29:38'),
(21, 9, 'Weight Loss', '1200', 'GLUTEN FREE', 0, 0, 1200, 360, 660, 180, 30, 55, 15, 199, '2023-03-05 16:41:34', '2023-03-05 16:41:34'),
(22, 9, 'Weight Maintain', '1500', 'HEALTHY LIFESTYLE', 0, 0, 1500, 450, 750, 300, 30, 50, 20, 225, '2023-03-05 16:41:34', '2023-03-05 16:41:34'),
(23, 9, 'Weight Gain', '1800', 'GAIN WEIGHT', 0, 0, 1800, 450, 990, 360, 25, 55, 20, 270, '2023-03-05 16:41:34', '2023-03-05 16:41:34');

-- --------------------------------------------------------

--
-- Table structure for table `package_intake_meals`
--

CREATE TABLE `package_intake_meals` (
  `id` bigint(20) UNSIGNED NOT NULL,
  `package_id` bigint(20) UNSIGNED NOT NULL,
  `package_intake_id` bigint(20) UNSIGNED NOT NULL,
  `meal_type_id` bigint(20) UNSIGNED NOT NULL,
  `cals` double DEFAULT '0',
  `proteins` double DEFAULT '0',
  `carbs` double DEFAULT '0',
  `fats` double DEFAULT '0',
  `price` double DEFAULT '0',
  `proteins_percentage` double DEFAULT '0',
  `carbs_percentage` double DEFAULT '0',
  `fats_percentage` double DEFAULT '0',
  `created_at` timestamp NULL DEFAULT NULL,
  `updated_at` timestamp NULL DEFAULT NULL
) ENGINE=InnoDB DEFAULT CHARSET=utf8mb4 COLLATE=utf8mb4_unicode_ci;

--
-- Dumping data for table `package_intake_meals`
--

INSERT INTO `package_intake_meals` (`id`, `package_id`, `package_intake_id`, `meal_type_id`, `cals`, `proteins`, `carbs`, `fats`, `price`, `proteins_percentage`, `carbs_percentage`, `fats_percentage`, `created_at`, `updated_at`) VALUES
(89, 5, 12, 1, 250, 75, 112.5, 62.5, 40, 30, 45, 25, '2023-03-05 15:39:05', '2023-03-05 15:39:05'),
(90, 5, 12, 2, 350, 105, 157.5, 87.5, 50, 30, 45, 25, '2023-03-05 15:39:05', '2023-03-05 15:39:05'),
(91, 5, 12, 3, 200, 60, 90, 50, 40, 30, 45, 25, '2023-03-05 15:39:05', '2023-03-05 15:39:05'),
(92, 5, 12, 4, 100, 30, 45, 25, 30, 30, 45, 25, '2023-03-05 15:39:05', '2023-03-05 15:39:05'),
(93, 5, 12, 5, 100, 30, 45, 25, 30, 30, 45, 25, '2023-03-05 15:39:05', '2023-03-05 15:39:05'),
(94, 5, 12, 6, 100, 30, 45, 25, 20, 30, 45, 25, '2023-03-05 15:39:05', '2023-03-05 15:39:05'),
(95, 5, 12, 7, 100, 30, 45, 25, 20, 30, 45, 25, '2023-03-05 15:39:05', '2023-03-05 15:39:05'),
(96, 5, 12, 8, 100, 30, 45, 25, 20, 30, 45, 25, '2023-03-05 15:39:05', '2023-03-05 15:39:05'),
(97, 5, 13, 1, 300, 90, 135, 75, 50, 30, 45, 25, '2023-03-05 15:39:05', '2023-03-05 15:39:05'),
(98, 5, 13, 2, 400, 120, 180, 100, 60, 30, 45, 25, '2023-03-05 15:39:05', '2023-03-05 15:39:05'),
(99, 5, 13, 3, 250, 75, 112.5, 62.5, 50, 30, 45, 25, '2023-03-05 15:39:05', '2023-03-05 15:39:05'),
(100, 5, 13, 4, 100, 30, 45, 25, 30, 30, 45, 25, '2023-03-05 15:39:05', '2023-03-05 15:39:05'),
(101, 5, 13, 5, 100, 30, 45, 25, 30, 30, 45, 25, '2023-03-05 15:39:05', '2023-03-05 15:39:05'),
(102, 5, 13, 6, 100, 30, 45, 25, 20, 30, 45, 25, '2023-03-05 15:39:05', '2023-03-05 15:39:05'),
(103, 5, 13, 7, 100, 30, 45, 25, 20, 30, 45, 25, '2023-03-05 15:39:05', '2023-03-05 15:39:05'),
(104, 5, 13, 8, 100, 30, 45, 25, 20, 30, 45, 25, '2023-03-05 15:39:05', '2023-03-05 15:39:05'),
(105, 6, 14, 1, 350, 122.5, 157.5, 70, 50, 35, 45, 20, '2023-03-05 15:58:13', '2023-03-05 15:58:13'),
(106, 6, 14, 2, 500, 175, 225, 100, 60, 35, 45, 20, '2023-03-05 15:58:13', '2023-03-05 15:58:13'),
(107, 6, 14, 3, 350, 122.5, 157.5, 70, 50, 35, 45, 20, '2023-03-05 15:58:13', '2023-03-05 15:58:13'),
(108, 6, 14, 4, 100, 35, 45, 20, 30, 35, 45, 20, '2023-03-05 15:58:13', '2023-03-05 15:58:13'),
(109, 6, 14, 5, 100, 35, 45, 20, 30, 35, 45, 20, '2023-03-05 15:58:13', '2023-03-05 15:58:13'),
(110, 6, 14, 6, 100, 35, 45, 20, 20, 35, 45, 20, '2023-03-05 15:58:13', '2023-03-05 15:58:13'),
(111, 6, 14, 7, 100, 35, 45, 20, 20, 35, 45, 20, '2023-03-05 15:58:13', '2023-03-05 15:58:13'),
(112, 6, 14, 8, 100, 35, 45, 20, 20, 35, 45, 20, '2023-03-05 15:58:13', '2023-03-05 15:58:13'),
(113, 6, 15, 1, 450, 157.5, 202.5, 90, 55, 35, 45, 20, '2023-03-05 15:58:13', '2023-03-05 15:58:13'),
(114, 6, 15, 2, 500, 175, 225, 100, 65, 35, 45, 20, '2023-03-05 15:58:13', '2023-03-05 15:58:13'),
(115, 6, 15, 3, 400, 140, 180, 80, 55, 35, 45, 20, '2023-03-05 15:58:13', '2023-03-05 15:58:13'),
(116, 6, 15, 4, 100, 35, 45, 20, 30, 35, 45, 20, '2023-03-05 15:58:13', '2023-03-05 15:58:13'),
(117, 6, 15, 5, 100, 35, 45, 20, 30, 35, 45, 20, '2023-03-05 15:58:13', '2023-03-05 15:58:13'),
(118, 6, 15, 6, 100, 35, 45, 20, 20, 35, 45, 20, '2023-03-05 15:58:13', '2023-03-05 15:58:13'),
(119, 6, 15, 7, 100, 35, 45, 20, 20, 35, 45, 20, '2023-03-05 15:58:13', '2023-03-05 15:58:13'),
(120, 6, 15, 8, 100, 35, 45, 20, 20, 35, 45, 20, '2023-03-05 15:58:13', '2023-03-05 15:58:13'),
(121, 7, 16, 1, 400, 100, 220, 80, 60, 25, 55, 20, '2023-03-05 16:11:10', '2023-03-05 16:11:10'),
(122, 7, 16, 2, 500, 125, 275, 100, 70, 25, 55, 20, '2023-03-05 16:11:10', '2023-03-05 16:11:10'),
(123, 7, 16, 3, 450, 112.5, 247.5, 90, 60, 25, 55, 20, '2023-03-05 16:11:10', '2023-03-05 16:11:10'),
(124, 7, 16, 4, 100, 25, 55, 20, 30, 25, 55, 20, '2023-03-05 16:11:10', '2023-03-05 16:11:10'),
(125, 7, 16, 5, 100, 25, 55, 20, 30, 25, 55, 20, '2023-03-05 16:11:10', '2023-03-05 16:11:10'),
(126, 7, 16, 6, 100, 25, 55, 20, 20, 25, 55, 20, '2023-03-05 16:11:10', '2023-03-05 16:11:10'),
(127, 7, 16, 7, 100, 25, 55, 20, 20, 25, 55, 20, '2023-03-05 16:11:10', '2023-03-05 16:11:10'),
(128, 7, 16, 8, 100, 25, 55, 20, 20, 25, 55, 20, '2023-03-05 16:11:10', '2023-03-05 16:11:10'),
(129, 7, 17, 1, 500, 125, 275, 100, 65, 25, 55, 20, '2023-03-05 16:11:10', '2023-03-05 16:11:10'),
(130, 7, 17, 2, 650, 162.5, 357.5, 130, 75, 25, 55, 20, '2023-03-05 16:11:10', '2023-03-05 16:11:10'),
(131, 7, 17, 3, 500, 125, 275, 100, 65, 25, 55, 20, '2023-03-05 16:11:10', '2023-03-05 16:11:10'),
(132, 7, 17, 4, 150, 37.5, 82.5, 30, 30, 25, 55, 20, '2023-03-05 16:11:10', '2023-03-05 16:11:10'),
(133, 7, 17, 5, 150, 37.5, 82.5, 30, 30, 25, 55, 20, '2023-03-05 16:11:10', '2023-03-05 16:11:10'),
(134, 7, 17, 6, 150, 37.5, 82.5, 30, 20, 25, 55, 20, '2023-03-05 16:11:10', '2023-03-05 16:11:10'),
(135, 7, 17, 7, 150, 37.5, 82.5, 30, 20, 25, 55, 20, '2023-03-05 16:11:10', '2023-03-05 16:11:10'),
(136, 7, 17, 8, 150, 37.5, 82.5, 30, 20, 25, 55, 20, '2023-03-05 16:11:10', '2023-03-05 16:11:10'),
(137, 8, 18, 1, 250, 62.5, 150, 37.5, 30, 25, 60, 15, '2023-03-05 16:29:38', '2023-03-05 16:29:38'),
(138, 8, 18, 2, 300, 75, 180, 45, 399, 25, 60, 15, '2023-03-05 16:29:38', '2023-03-05 16:29:38'),
(139, 8, 18, 3, 200, 50, 120, 30, 30, 25, 60, 15, '2023-03-05 16:29:38', '2023-03-05 16:29:38'),
(140, 8, 18, 4, 100, 25, 60, 15, 20, 25, 60, 15, '2023-03-05 16:29:38', '2023-03-05 16:29:38'),
(141, 8, 18, 5, 100, 25, 60, 15, 20, 25, 60, 15, '2023-03-05 16:29:38', '2023-03-05 16:29:38'),
(142, 8, 18, 6, 100, 25, 60, 15, 20, 25, 60, 15, '2023-03-05 16:29:38', '2023-03-05 16:29:38'),
(143, 8, 18, 7, 100, 25, 60, 15, 20, 25, 60, 15, '2023-03-05 16:29:38', '2023-03-05 16:29:38'),
(144, 8, 18, 8, 100, 25, 60, 15, 20, 25, 60, 15, '2023-03-05 16:29:38', '2023-03-05 16:29:38'),
(145, 8, 19, 1, 300, 90, 165, 45, 30, 30, 55, 15, '2023-03-05 16:29:38', '2023-03-05 16:29:38'),
(146, 8, 19, 2, 400, 120, 220, 60, 39, 30, 55, 15, '2023-03-05 16:29:38', '2023-03-05 16:29:38'),
(147, 8, 19, 3, 300, 90, 165, 45, 30, 30, 55, 15, '2023-03-05 16:29:38', '2023-03-05 16:29:38'),
(148, 8, 19, 4, 100, 30, 55, 15, 20, 30, 55, 15, '2023-03-05 16:29:38', '2023-03-05 16:29:38'),
(149, 8, 19, 5, 100, 30, 55, 15, 20, 30, 55, 15, '2023-03-05 16:29:38', '2023-03-05 16:29:38'),
(150, 8, 19, 6, 100, 30, 55, 15, 20, 30, 55, 15, '2023-03-05 16:29:38', '2023-03-05 16:29:38'),
(151, 8, 19, 7, 100, 30, 55, 15, 20, 30, 55, 15, '2023-03-05 16:29:38', '2023-03-05 16:29:38'),
(152, 8, 19, 8, 100, 30, 55, 15, 20, 30, 55, 15, '2023-03-05 16:29:38', '2023-03-05 16:29:38'),
(153, 8, 20, 1, 350, 87.5, 192.5, 70, 45, 25, 55, 20, '2023-03-05 16:29:38', '2023-03-05 16:29:38'),
(154, 8, 20, 2, 450, 112.5, 247.5, 90, 55, 25, 55, 20, '2023-03-05 16:29:38', '2023-03-05 16:29:38'),
(155, 8, 20, 3, 400, 100, 220, 80, 35, 25, 55, 20, '2023-03-05 16:29:38', '2023-03-05 16:29:38'),
(156, 8, 20, 4, 150, 37.5, 82.5, 30, 25, 25, 55, 20, '2023-03-05 16:29:38', '2023-03-05 16:29:38'),
(157, 8, 20, 5, 100, 25, 55, 20, 20, 25, 55, 20, '2023-03-05 16:29:38', '2023-03-05 16:29:38'),
(158, 8, 20, 6, 150, 37.5, 82.5, 30, 25, 25, 55, 20, '2023-03-05 16:29:38', '2023-03-05 16:29:38'),
(159, 8, 20, 7, 150, 37.5, 82.5, 30, 25, 25, 55, 20, '2023-03-05 16:29:38', '2023-03-05 16:29:38'),
(160, 8, 20, 8, 150, 37.5, 82.5, 30, 25, 25, 55, 20, '2023-03-05 16:29:38', '2023-03-05 16:29:38'),
(161, 9, 21, 1, 250, 75, 137.5, 37.5, 30, 30, 55, 15, '2023-03-05 16:41:34', '2023-03-05 16:41:34'),
(162, 9, 21, 2, 300, 90, 165, 45, 39, 30, 55, 15, '2023-03-05 16:41:34', '2023-03-05 16:41:34'),
(163, 9, 21, 3, 200, 60, 110, 30, 30, 30, 55, 15, '2023-03-05 16:41:34', '2023-03-05 16:41:34'),
(164, 9, 21, 4, 100, 30, 55, 15, 20, 30, 55, 15, '2023-03-05 16:41:34', '2023-03-05 16:41:34'),
(165, 9, 21, 5, 100, 30, 55, 15, 20, 30, 55, 15, '2023-03-05 16:41:34', '2023-03-05 16:41:34'),
(166, 9, 21, 6, 100, 30, 55, 15, 20, 30, 55, 15, '2023-03-05 16:41:34', '2023-03-05 16:41:34'),
(167, 9, 21, 7, 100, 30, 55, 15, 20, 30, 55, 15, '2023-03-05 16:41:34', '2023-03-05 16:41:34'),
(168, 9, 21, 8, 100, 30, 55, 15, 20, 30, 55, 15, '2023-03-05 16:41:34', '2023-03-05 16:41:34'),
(169, 9, 22, 1, 350, 105, 175, 70, 40, 30, 50, 20, '2023-03-05 16:41:34', '2023-03-05 16:41:34'),
(170, 9, 22, 2, 400, 120, 200, 80, 45, 30, 50, 20, '2023-03-05 16:41:34', '2023-03-05 16:41:34'),
(171, 9, 22, 3, 300, 90, 150, 60, 40, 30, 50, 20, '2023-03-05 16:41:34', '2023-03-05 16:41:34'),
(172, 9, 22, 4, 100, 30, 50, 20, 20, 30, 50, 20, '2023-03-05 16:41:34', '2023-03-05 16:41:34'),
(173, 9, 22, 5, 100, 30, 50, 20, 20, 30, 50, 20, '2023-03-05 16:41:34', '2023-03-05 16:41:34'),
(174, 9, 22, 6, 100, 30, 50, 20, 20, 30, 50, 20, '2023-03-05 16:41:34', '2023-03-05 16:41:34'),
(175, 9, 22, 7, 100, 30, 50, 20, 20, 30, 50, 20, '2023-03-05 16:41:34', '2023-03-05 16:41:34'),
(176, 9, 22, 8, 100, 30, 50, 20, 20, 30, 50, 20, '2023-03-05 16:41:34', '2023-03-05 16:41:34'),
(177, 9, 23, 1, 350, 87.5, 192.5, 70, 50, 25, 55, 20, '2023-03-05 16:41:34', '2023-03-05 16:41:34'),
(178, 9, 23, 2, 500, 125, 275, 100, 55, 25, 55, 20, '2023-03-05 16:41:34', '2023-03-05 16:41:34'),
(179, 9, 23, 3, 350, 87.5, 192.5, 70, 50, 25, 55, 20, '2023-03-05 16:41:34', '2023-03-05 16:41:34'),
(180, 9, 23, 4, 100, 25, 55, 20, 20, 25, 55, 20, '2023-03-05 16:41:34', '2023-03-05 16:41:34'),
(181, 9, 23, 5, 100, 25, 55, 20, 20, 25, 55, 20, '2023-03-05 16:41:34', '2023-03-05 16:41:34'),
(182, 9, 23, 6, 150, 37.5, 82.5, 30, 25, 25, 55, 20, '2023-03-05 16:41:34', '2023-03-05 16:41:34'),
(183, 9, 23, 7, 150, 37.5, 82.5, 30, 25, 25, 55, 20, '2023-03-05 16:41:34', '2023-03-05 16:41:34'),
(184, 9, 23, 8, 150, 37.5, 82.5, 30, 25, 25, 55, 20, '2023-03-05 16:41:34', '2023-03-05 16:41:34');

-- --------------------------------------------------------

--
-- Table structure for table `package_meals`
--

CREATE TABLE `package_meals` (
  `id` bigint(20) UNSIGNED NOT NULL,
  `package_id` bigint(20) UNSIGNED NOT NULL,
  `package_intake_id` bigint(20) UNSIGNED NOT NULL,
  `meal_id` bigint(20) UNSIGNED NOT NULL,
  `meal_type_id` bigint(20) UNSIGNED NOT NULL,
  `meal_type_item_id` bigint(20) UNSIGNED DEFAULT NULL,
  `scale_calories` double DEFAULT NULL,
  `scale_percentage` double DEFAULT NULL,
  `oneRange` varchar(100) COLLATE utf8mb4_unicode_ci DEFAULT 'false',
  `price` double DEFAULT '0',
  `serving_price` double DEFAULT '0',
  `cals` double DEFAULT '0',
  `proteins` double DEFAULT '0',
  `carbs` double DEFAULT '0',
  `fats` double DEFAULT '0',
  `yield` varchar(100) COLLATE utf8mb4_unicode_ci DEFAULT NULL,
  `serving_number` double DEFAULT '0',
  `serving_grams` double DEFAULT '0',
  `created_at` timestamp NULL DEFAULT NULL,
  `updated_at` timestamp NULL DEFAULT NULL
) ENGINE=InnoDB DEFAULT CHARSET=utf8mb4 COLLATE=utf8mb4_unicode_ci;

-- --------------------------------------------------------

--
-- Table structure for table `package_meal_drinks`
--

CREATE TABLE `package_meal_drinks` (
  `id` bigint(20) UNSIGNED NOT NULL,
  `package_meal_id` bigint(20) UNSIGNED NOT NULL,
  `meal_drink_id` bigint(20) UNSIGNED NOT NULL,
  `drink_id` bigint(20) UNSIGNED NOT NULL,
  `unit_id` bigint(20) UNSIGNED NOT NULL,
  `quantity` double DEFAULT '0',
  `quantity_grams` double DEFAULT '0',
  `price` double DEFAULT '0',
  `serving_price` double DEFAULT '0',
  `cals` double DEFAULT '0',
  `proteins` double DEFAULT '0',
  `carbs` double DEFAULT '0',
  `fats` double DEFAULT '0',
  `created_at` timestamp NULL DEFAULT NULL,
  `updated_at` timestamp NULL DEFAULT NULL
) ENGINE=InnoDB DEFAULT CHARSET=utf8mb4 COLLATE=utf8mb4_unicode_ci;

-- --------------------------------------------------------

--
-- Table structure for table `package_meal_packings`
--

CREATE TABLE `package_meal_packings` (
  `id` bigint(20) UNSIGNED NOT NULL,
  `package_meal_id` bigint(20) UNSIGNED NOT NULL,
  `meal_packing_id` bigint(20) UNSIGNED NOT NULL,
  `quantity` double DEFAULT '0',
  `created_at` timestamp NULL DEFAULT NULL,
  `updated_at` timestamp NULL DEFAULT NULL
) ENGINE=InnoDB DEFAULT CHARSET=utf8mb4 COLLATE=utf8mb4_unicode_ci;

-- --------------------------------------------------------

--
-- Table structure for table `package_meal_portions`
--

CREATE TABLE `package_meal_portions` (
  `id` bigint(20) UNSIGNED NOT NULL,
  `package_meal_id` bigint(20) UNSIGNED NOT NULL,
  `meal_portion_id` bigint(20) UNSIGNED NOT NULL,
  `portion_id` bigint(20) UNSIGNED NOT NULL,
  `unit_id` bigint(20) UNSIGNED NOT NULL,
  `quantity` double DEFAULT '0',
  `quantity_grams` double DEFAULT '0',
  `price` double DEFAULT '0',
  `serving_price` double DEFAULT '0',
  `cals` double DEFAULT '0',
  `proteins` double DEFAULT '0',
  `carbs` double DEFAULT '0',
  `fats` double DEFAULT '0',
  `created_at` timestamp NULL DEFAULT NULL,
  `updated_at` timestamp NULL DEFAULT NULL
) ENGINE=InnoDB DEFAULT CHARSET=utf8mb4 COLLATE=utf8mb4_unicode_ci;

-- --------------------------------------------------------

--
-- Table structure for table `package_meal_sauces`
--

CREATE TABLE `package_meal_sauces` (
  `id` bigint(20) UNSIGNED NOT NULL,
  `package_meal_id` bigint(20) UNSIGNED NOT NULL,
  `meal_sauce_id` bigint(20) UNSIGNED NOT NULL,
  `sauce_id` bigint(20) UNSIGNED NOT NULL,
  `unit_id` bigint(20) UNSIGNED NOT NULL,
  `quantity` double DEFAULT '0',
  `quantity_grams` double DEFAULT '0',
  `price` double DEFAULT '0',
  `serving_price` double DEFAULT '0',
  `cals` double DEFAULT '0',
  `proteins` double DEFAULT '0',
  `carbs` double DEFAULT '0',
  `fats` double DEFAULT '0',
  `created_at` timestamp NULL DEFAULT NULL,
  `updated_at` timestamp NULL DEFAULT NULL
) ENGINE=InnoDB DEFAULT CHARSET=utf8mb4 COLLATE=utf8mb4_unicode_ci;

-- --------------------------------------------------------

--
-- Table structure for table `package_meal_sides`
--

CREATE TABLE `package_meal_sides` (
  `id` bigint(20) UNSIGNED NOT NULL,
  `package_meal_id` bigint(20) UNSIGNED NOT NULL,
  `meal_side_id` bigint(20) UNSIGNED NOT NULL,
  `side_id` bigint(20) UNSIGNED NOT NULL,
  `unit_id` bigint(20) UNSIGNED NOT NULL,
  `quantity` double DEFAULT '0',
  `quantity_grams` double DEFAULT '0',
  `price` double DEFAULT '0',
  `serving_price` double DEFAULT '0',
  `cals` double DEFAULT '0',
  `proteins` double DEFAULT '0',
  `carbs` double DEFAULT '0',
  `fats` double DEFAULT '0',
  `created_at` timestamp NULL DEFAULT NULL,
  `updated_at` timestamp NULL DEFAULT NULL
) ENGINE=InnoDB DEFAULT CHARSET=utf8mb4 COLLATE=utf8mb4_unicode_ci;

-- --------------------------------------------------------

--
-- Table structure for table `package_meal_snacks`
--

CREATE TABLE `package_meal_snacks` (
  `id` bigint(20) UNSIGNED NOT NULL,
  `package_meal_id` bigint(20) UNSIGNED NOT NULL,
  `meal_snack_id` bigint(20) UNSIGNED NOT NULL,
  `snack_id` bigint(20) UNSIGNED NOT NULL,
  `unit_id` bigint(20) UNSIGNED NOT NULL,
  `quantity` double DEFAULT '0',
  `quantity_grams` double DEFAULT '0',
  `price` double DEFAULT '0',
  `serving_price` double DEFAULT '0',
  `cals` double DEFAULT '0',
  `proteins` double DEFAULT '0',
  `carbs` double DEFAULT '0',
  `fats` double DEFAULT '0',
  `created_at` timestamp NULL DEFAULT NULL,
  `updated_at` timestamp NULL DEFAULT NULL
) ENGINE=InnoDB DEFAULT CHARSET=utf8mb4 COLLATE=utf8mb4_unicode_ci;

-- --------------------------------------------------------

--
-- Table structure for table `package_plans`
--

CREATE TABLE `package_plans` (
  `id` bigint(20) UNSIGNED NOT NULL,
  `package_id` bigint(20) UNSIGNED NOT NULL,
  `package_intake_id` bigint(20) UNSIGNED NOT NULL,
  `date` varchar(100) COLLATE utf8mb4_unicode_ci DEFAULT NULL,
  `created_at` timestamp NULL DEFAULT NULL,
  `updated_at` timestamp NULL DEFAULT NULL
) ENGINE=InnoDB DEFAULT CHARSET=utf8mb4 COLLATE=utf8mb4_unicode_ci;

-- --------------------------------------------------------

--
-- Table structure for table `package_plan_drinks`
--

CREATE TABLE `package_plan_drinks` (
  `id` bigint(20) UNSIGNED NOT NULL,
  `package_id` bigint(20) UNSIGNED NOT NULL,
  `package_intake_id` bigint(20) UNSIGNED NOT NULL,
  `package_plan_id` bigint(20) UNSIGNED DEFAULT NULL,
  `meal_type_id` bigint(20) UNSIGNED DEFAULT NULL,
  `drink_id` bigint(20) UNSIGNED DEFAULT NULL,
  `default` varchar(255) COLLATE utf8mb4_unicode_ci DEFAULT 'false',
  `created_at` timestamp NULL DEFAULT NULL,
  `updated_at` timestamp NULL DEFAULT NULL
) ENGINE=InnoDB DEFAULT CHARSET=utf8mb4 COLLATE=utf8mb4_unicode_ci;

-- --------------------------------------------------------

--
-- Table structure for table `package_plan_meals`
--

CREATE TABLE `package_plan_meals` (
  `id` bigint(20) UNSIGNED NOT NULL,
  `package_id` bigint(20) UNSIGNED NOT NULL,
  `package_intake_id` bigint(20) UNSIGNED NOT NULL,
  `package_plan_id` bigint(20) UNSIGNED DEFAULT NULL,
  `package_meal_id` bigint(20) UNSIGNED DEFAULT NULL,
  `meal_type_id` bigint(20) UNSIGNED DEFAULT NULL,
  `meal_id` bigint(20) UNSIGNED DEFAULT NULL,
  `default` varchar(255) COLLATE utf8mb4_unicode_ci DEFAULT 'false',
  `created_at` timestamp NULL DEFAULT NULL,
  `updated_at` timestamp NULL DEFAULT NULL
) ENGINE=InnoDB DEFAULT CHARSET=utf8mb4 COLLATE=utf8mb4_unicode_ci;

-- --------------------------------------------------------

--
-- Table structure for table `package_plan_sides`
--

CREATE TABLE `package_plan_sides` (
  `id` bigint(20) UNSIGNED NOT NULL,
  `package_id` bigint(20) UNSIGNED NOT NULL,
  `package_intake_id` bigint(20) UNSIGNED NOT NULL,
  `package_plan_id` bigint(20) UNSIGNED DEFAULT NULL,
  `meal_type_id` bigint(20) UNSIGNED DEFAULT NULL,
  `side_id` bigint(20) UNSIGNED DEFAULT NULL,
  `default` varchar(255) COLLATE utf8mb4_unicode_ci DEFAULT 'false',
  `created_at` timestamp NULL DEFAULT NULL,
  `updated_at` timestamp NULL DEFAULT NULL
) ENGINE=InnoDB DEFAULT CHARSET=utf8mb4 COLLATE=utf8mb4_unicode_ci;

-- --------------------------------------------------------

--
-- Table structure for table `package_plan_snacks`
--

CREATE TABLE `package_plan_snacks` (
  `id` bigint(20) UNSIGNED NOT NULL,
  `package_id` bigint(20) UNSIGNED NOT NULL,
  `package_intake_id` bigint(20) UNSIGNED NOT NULL,
  `package_plan_id` bigint(20) UNSIGNED DEFAULT NULL,
  `meal_type_id` bigint(20) UNSIGNED DEFAULT NULL,
  `snack_id` bigint(20) UNSIGNED DEFAULT NULL,
  `default` varchar(255) COLLATE utf8mb4_unicode_ci DEFAULT 'false',
  `created_at` timestamp NULL DEFAULT NULL,
  `updated_at` timestamp NULL DEFAULT NULL
) ENGINE=InnoDB DEFAULT CHARSET=utf8mb4 COLLATE=utf8mb4_unicode_ci;

-- --------------------------------------------------------

--
-- Table structure for table `portions`
--

CREATE TABLE `portions` (
  `id` bigint(20) UNSIGNED NOT NULL,
  `cuisine_id` bigint(20) UNSIGNED DEFAULT NULL,
  `name` text COLLATE utf8mb4_unicode_ci,
  `img` text COLLATE utf8mb4_unicode_ci,
  `source` varchar(100) COLLATE utf8mb4_unicode_ci DEFAULT NULL,
  `validity` int(11) DEFAULT '1',
  `instructions` text COLLATE utf8mb4_unicode_ci,
  `price` double DEFAULT '0',
  `yield` double DEFAULT '0',
  `serving_number` double DEFAULT '0',
  `serving_price` double DEFAULT '0',
  `serving_weight` double DEFAULT '0',
  `grams` double DEFAULT '0',
  `cals` double DEFAULT NULL,
  `proteins` double DEFAULT NULL,
  `carbs` double DEFAULT NULL,
  `fats` double DEFAULT NULL,
  `created_at` timestamp NULL DEFAULT NULL,
  `updated_at` timestamp NULL DEFAULT NULL
) ENGINE=InnoDB DEFAULT CHARSET=utf8mb4 COLLATE=utf8mb4_unicode_ci;

-- --------------------------------------------------------

--
-- Table structure for table `portion_components`
--

CREATE TABLE `portion_components` (
  `id` bigint(20) UNSIGNED NOT NULL,
  `portion_id` bigint(20) UNSIGNED NOT NULL,
  `component_id` bigint(20) UNSIGNED NOT NULL,
  `unit_id` bigint(20) UNSIGNED DEFAULT NULL,
  `type` varchar(100) COLLATE utf8mb4_unicode_ci DEFAULT NULL,
  `role` varchar(100) COLLATE utf8mb4_unicode_ci DEFAULT NULL,
  `quantity` double UNSIGNED DEFAULT '0',
  `quantity_grams` double UNSIGNED DEFAULT '0',
  `percentage` double DEFAULT NULL,
  `cals` double DEFAULT '0',
  `proteins` double DEFAULT '0',
  `carbs` double DEFAULT '0',
  `fats` double DEFAULT '0',
  `created_at` timestamp NULL DEFAULT NULL,
  `updated_at` timestamp NULL DEFAULT NULL
) ENGINE=InnoDB DEFAULT CHARSET=utf8mb4 COLLATE=utf8mb4_unicode_ci;

-- --------------------------------------------------------

--
-- Table structure for table `portion_packings`
--

CREATE TABLE `portion_packings` (
  `id` bigint(20) UNSIGNED NOT NULL,
  `portion_id` bigint(20) UNSIGNED NOT NULL,
  `name` text COLLATE utf8mb4_unicode_ci,
  `quantity` double UNSIGNED DEFAULT '0',
  `created_at` timestamp NULL DEFAULT NULL,
  `updated_at` timestamp NULL DEFAULT NULL
) ENGINE=InnoDB DEFAULT CHARSET=utf8mb4 COLLATE=utf8mb4_unicode_ci;

-- --------------------------------------------------------

--
-- Table structure for table `portion_portions`
--

CREATE TABLE `portion_portions` (
  `id` bigint(20) UNSIGNED NOT NULL,
  `portion_id` bigint(20) UNSIGNED NOT NULL,
  `subportion_id` bigint(20) UNSIGNED DEFAULT NULL,
  `unit_id` bigint(20) UNSIGNED DEFAULT NULL,
  `type` varchar(100) COLLATE utf8mb4_unicode_ci DEFAULT NULL,
  `role` varchar(100) COLLATE utf8mb4_unicode_ci DEFAULT NULL,
  `quantity` double UNSIGNED DEFAULT '0',
  `quantity_grams` double UNSIGNED DEFAULT '0',
  `percentage` double DEFAULT NULL,
  `cals` double DEFAULT '0',
  `proteins` double DEFAULT '0',
  `carbs` double DEFAULT '0',
  `fats` double DEFAULT '0',
  `created_at` timestamp NULL DEFAULT NULL,
  `updated_at` timestamp NULL DEFAULT NULL
) ENGINE=InnoDB DEFAULT CHARSET=utf8mb4 COLLATE=utf8mb4_unicode_ci;

-- --------------------------------------------------------

--
-- Table structure for table `promocodes`
--

CREATE TABLE `promocodes` (
  `id` bigint(20) UNSIGNED NOT NULL,
  `name` text COLLATE utf8mb4_unicode_ci,
  `code` varchar(100) COLLATE utf8mb4_unicode_ci DEFAULT NULL,
  `percentage` double DEFAULT '0',
  `limit` int(11) DEFAULT '1',
  `used` int(11) DEFAULT '0',
  `status` varchar(100) COLLATE utf8mb4_unicode_ci DEFAULT 'active',
  `created_at` timestamp NULL DEFAULT NULL,
  `updated_at` timestamp NULL DEFAULT NULL
) ENGINE=InnoDB DEFAULT CHARSET=utf8mb4 COLLATE=utf8mb4_unicode_ci;

-- --------------------------------------------------------

--
-- Table structure for table `sauces`
--

CREATE TABLE `sauces` (
  `id` bigint(20) UNSIGNED NOT NULL,
  `cuisine_id` bigint(20) UNSIGNED DEFAULT NULL,
  `name` text COLLATE utf8mb4_unicode_ci,
  `img` text COLLATE utf8mb4_unicode_ci,
  `veg` varchar(100) COLLATE utf8mb4_unicode_ci DEFAULT NULL,
  `gluten` varchar(100) COLLATE utf8mb4_unicode_ci DEFAULT 'false',
  `dairy` varchar(100) COLLATE utf8mb4_unicode_ci DEFAULT 'false',
  `menu` varchar(100) COLLATE utf8mb4_unicode_ci DEFAULT 'false',
  `vip` varchar(100) COLLATE utf8mb4_unicode_ci DEFAULT 'false',
  `general` varchar(100) COLLATE utf8mb4_unicode_ci DEFAULT 'false',
  `instructions` text COLLATE utf8mb4_unicode_ci,
  `price` double DEFAULT '0',
  `yield` double DEFAULT '0',
  `serving_number` double DEFAULT '0',
  `serving_price` double DEFAULT '0',
  `serving_weight` double DEFAULT '0',
  `grams` double DEFAULT '0',
  `cals` double DEFAULT '0',
  `proteins` double DEFAULT '0',
  `carbs` double DEFAULT '0',
  `fats` double DEFAULT '0',
  `created_at` timestamp NULL DEFAULT NULL,
  `updated_at` timestamp NULL DEFAULT NULL
) ENGINE=InnoDB DEFAULT CHARSET=utf8mb4 COLLATE=utf8mb4_unicode_ci;

-- --------------------------------------------------------

--
-- Table structure for table `sauce_components`
--

CREATE TABLE `sauce_components` (
  `id` bigint(20) UNSIGNED NOT NULL,
  `sauce_id` bigint(20) UNSIGNED NOT NULL,
  `component_id` bigint(20) UNSIGNED NOT NULL,
  `unit_id` bigint(20) UNSIGNED DEFAULT NULL,
  `type` varchar(100) COLLATE utf8mb4_unicode_ci DEFAULT NULL,
  `role` varchar(100) COLLATE utf8mb4_unicode_ci DEFAULT NULL,
  `quantity` double UNSIGNED DEFAULT '0',
  `quantity_grams` double UNSIGNED DEFAULT '0',
  `cals` double DEFAULT NULL,
  `proteins` double DEFAULT NULL,
  `carbs` double DEFAULT NULL,
  `fats` double DEFAULT NULL,
  `created_at` timestamp NULL DEFAULT NULL,
  `updated_at` timestamp NULL DEFAULT NULL
) ENGINE=InnoDB DEFAULT CHARSET=utf8mb4 COLLATE=utf8mb4_unicode_ci;

-- --------------------------------------------------------

--
-- Table structure for table `sauce_packings`
--

CREATE TABLE `sauce_packings` (
  `id` bigint(20) UNSIGNED NOT NULL,
  `sauce_id` bigint(20) UNSIGNED NOT NULL,
  `name` text COLLATE utf8mb4_unicode_ci,
  `quantity` double UNSIGNED DEFAULT '0',
  `created_at` timestamp NULL DEFAULT NULL,
  `updated_at` timestamp NULL DEFAULT NULL
) ENGINE=InnoDB DEFAULT CHARSET=utf8mb4 COLLATE=utf8mb4_unicode_ci;

-- --------------------------------------------------------

--
-- Table structure for table `sauce_portions`
--

CREATE TABLE `sauce_portions` (
  `id` bigint(20) UNSIGNED NOT NULL,
  `sauce_id` bigint(20) UNSIGNED NOT NULL,
  `portion_id` bigint(20) UNSIGNED NOT NULL,
  `unit_id` bigint(20) UNSIGNED DEFAULT NULL,
  `type` varchar(100) COLLATE utf8mb4_unicode_ci DEFAULT NULL,
  `role` varchar(100) COLLATE utf8mb4_unicode_ci DEFAULT NULL,
  `quantity` double UNSIGNED DEFAULT '0',
  `quantity_grams` double UNSIGNED DEFAULT '0',
  `cals` double DEFAULT NULL,
  `proteins` double DEFAULT NULL,
  `carbs` double DEFAULT NULL,
  `fats` double DEFAULT NULL,
  `created_at` timestamp NULL DEFAULT NULL,
  `updated_at` timestamp NULL DEFAULT NULL
) ENGINE=InnoDB DEFAULT CHARSET=utf8mb4 COLLATE=utf8mb4_unicode_ci;

-- --------------------------------------------------------

--
-- Table structure for table `settings`
--

CREATE TABLE `settings` (
  `id` bigint(20) UNSIGNED NOT NULL,
  `logo` text COLLATE utf8mb4_unicode_ci,
  `bag_price` double DEFAULT '0',
  `created_at` timestamp NULL DEFAULT NULL,
  `updated_at` timestamp NULL DEFAULT NULL
) ENGINE=InnoDB DEFAULT CHARSET=utf8mb4 COLLATE=utf8mb4_unicode_ci;

--
-- Dumping data for table `settings`
--

INSERT INTO `settings` (`id`, `logo`, `bag_price`, `created_at`, `updated_at`) VALUES
(1, '', 100, '2023-03-14 04:52:06', '2023-03-14 04:52:06');

-- --------------------------------------------------------

--
-- Table structure for table `sides`
--

CREATE TABLE `sides` (
  `id` bigint(20) UNSIGNED NOT NULL,
  `cuisine_id` bigint(20) UNSIGNED DEFAULT NULL,
  `name` text COLLATE utf8mb4_unicode_ci,
  `img` text COLLATE utf8mb4_unicode_ci,
  `veg` varchar(100) COLLATE utf8mb4_unicode_ci DEFAULT 'Non-Veg',
  `gluten` varchar(100) COLLATE utf8mb4_unicode_ci DEFAULT 'false',
  `dairy` varchar(100) COLLATE utf8mb4_unicode_ci DEFAULT 'false',
  `menu` varchar(100) COLLATE utf8mb4_unicode_ci DEFAULT 'false',
  `vip` varchar(100) COLLATE utf8mb4_unicode_ci DEFAULT 'false',
  `general` varchar(100) COLLATE utf8mb4_unicode_ci DEFAULT 'false',
  `instructions` text COLLATE utf8mb4_unicode_ci,
  `price` double DEFAULT '0',
  `yield` double DEFAULT '0',
  `serving_number` double DEFAULT '0',
  `serving_price` double DEFAULT '0',
  `serving_weight` double DEFAULT '0',
  `grams` double DEFAULT '0',
  `cals` double DEFAULT '0',
  `proteins` double DEFAULT '0',
  `carbs` double DEFAULT '0',
  `fats` double DEFAULT '0',
  `created_at` timestamp NULL DEFAULT NULL,
  `updated_at` timestamp NULL DEFAULT NULL
) ENGINE=InnoDB DEFAULT CHARSET=utf8mb4 COLLATE=utf8mb4_unicode_ci;

-- --------------------------------------------------------

--
-- Table structure for table `side_components`
--

CREATE TABLE `side_components` (
  `id` bigint(20) UNSIGNED NOT NULL,
  `side_id` bigint(20) UNSIGNED NOT NULL,
  `component_id` bigint(20) UNSIGNED NOT NULL,
  `unit_id` bigint(20) UNSIGNED DEFAULT NULL,
  `type` varchar(100) COLLATE utf8mb4_unicode_ci DEFAULT NULL,
  `role` varchar(100) COLLATE utf8mb4_unicode_ci DEFAULT NULL,
  `quantity` double UNSIGNED DEFAULT '0',
  `quantity_grams` double UNSIGNED DEFAULT '0',
  `cals` double DEFAULT NULL,
  `proteins` double DEFAULT NULL,
  `carbs` double DEFAULT NULL,
  `fats` double DEFAULT NULL,
  `created_at` timestamp NULL DEFAULT NULL,
  `updated_at` timestamp NULL DEFAULT NULL
) ENGINE=InnoDB DEFAULT CHARSET=utf8mb4 COLLATE=utf8mb4_unicode_ci;

-- --------------------------------------------------------

--
-- Table structure for table `side_packings`
--

CREATE TABLE `side_packings` (
  `id` bigint(20) UNSIGNED NOT NULL,
  `side_id` bigint(20) UNSIGNED NOT NULL,
  `name` text COLLATE utf8mb4_unicode_ci,
  `quantity` double UNSIGNED DEFAULT '0',
  `created_at` timestamp NULL DEFAULT NULL,
  `updated_at` timestamp NULL DEFAULT NULL
) ENGINE=InnoDB DEFAULT CHARSET=utf8mb4 COLLATE=utf8mb4_unicode_ci;

-- --------------------------------------------------------

--
-- Table structure for table `side_portions`
--

CREATE TABLE `side_portions` (
  `id` bigint(20) UNSIGNED NOT NULL,
  `side_id` bigint(20) UNSIGNED NOT NULL,
  `portion_id` bigint(20) UNSIGNED NOT NULL,
  `unit_id` bigint(20) UNSIGNED DEFAULT NULL,
  `type` varchar(100) COLLATE utf8mb4_unicode_ci DEFAULT NULL,
  `role` varchar(100) COLLATE utf8mb4_unicode_ci DEFAULT NULL,
  `quantity` double UNSIGNED DEFAULT '0',
  `quantity_grams` double UNSIGNED DEFAULT '0',
  `cals` double DEFAULT NULL,
  `proteins` double DEFAULT NULL,
  `carbs` double DEFAULT NULL,
  `fats` double DEFAULT NULL,
  `created_at` timestamp NULL DEFAULT NULL,
  `updated_at` timestamp NULL DEFAULT NULL
) ENGINE=InnoDB DEFAULT CHARSET=utf8mb4 COLLATE=utf8mb4_unicode_ci;

-- --------------------------------------------------------

--
-- Table structure for table `snacks`
--

CREATE TABLE `snacks` (
  `id` bigint(20) UNSIGNED NOT NULL,
  `cuisine_id` bigint(20) UNSIGNED DEFAULT NULL,
  `name` text COLLATE utf8mb4_unicode_ci,
  `img` text COLLATE utf8mb4_unicode_ci,
  `veg` varchar(100) COLLATE utf8mb4_unicode_ci DEFAULT 'Non-Veg',
  `gluten` varchar(100) COLLATE utf8mb4_unicode_ci DEFAULT 'false',
  `dairy` varchar(100) COLLATE utf8mb4_unicode_ci DEFAULT 'false',
  `menu` varchar(100) COLLATE utf8mb4_unicode_ci DEFAULT 'false',
  `vip` varchar(100) COLLATE utf8mb4_unicode_ci DEFAULT 'false',
  `general` varchar(100) COLLATE utf8mb4_unicode_ci DEFAULT 'false',
  `instructions` text COLLATE utf8mb4_unicode_ci,
  `price` double DEFAULT '0',
  `yield` double DEFAULT '0',
  `serving_number` double DEFAULT '0',
  `serving_price` double DEFAULT '0',
  `serving_weight` double DEFAULT '0',
  `grams` double DEFAULT '0',
  `cals` double DEFAULT '0',
  `proteins` double DEFAULT '0',
  `carbs` double DEFAULT '0',
  `fats` double DEFAULT '0',
  `created_at` timestamp NULL DEFAULT NULL,
  `updated_at` timestamp NULL DEFAULT NULL
) ENGINE=InnoDB DEFAULT CHARSET=utf8mb4 COLLATE=utf8mb4_unicode_ci;

-- --------------------------------------------------------

--
-- Table structure for table `snack_components`
--

CREATE TABLE `snack_components` (
  `id` bigint(20) UNSIGNED NOT NULL,
  `snack_id` bigint(20) UNSIGNED NOT NULL,
  `component_id` bigint(20) UNSIGNED NOT NULL,
  `unit_id` bigint(20) UNSIGNED DEFAULT NULL,
  `type` varchar(100) COLLATE utf8mb4_unicode_ci DEFAULT NULL,
  `role` varchar(100) COLLATE utf8mb4_unicode_ci DEFAULT NULL,
  `quantity` double UNSIGNED DEFAULT '0',
  `quantity_grams` double UNSIGNED DEFAULT '0',
  `cals` double DEFAULT NULL,
  `proteins` double DEFAULT NULL,
  `carbs` double DEFAULT NULL,
  `fats` double DEFAULT NULL,
  `created_at` timestamp NULL DEFAULT NULL,
  `updated_at` timestamp NULL DEFAULT NULL
) ENGINE=InnoDB DEFAULT CHARSET=utf8mb4 COLLATE=utf8mb4_unicode_ci;

-- --------------------------------------------------------

--
-- Table structure for table `snack_packings`
--

CREATE TABLE `snack_packings` (
  `id` bigint(20) UNSIGNED NOT NULL,
  `snack_id` bigint(20) UNSIGNED NOT NULL,
  `name` text COLLATE utf8mb4_unicode_ci,
  `quantity` double UNSIGNED DEFAULT '0',
  `created_at` timestamp NULL DEFAULT NULL,
  `updated_at` timestamp NULL DEFAULT NULL
) ENGINE=InnoDB DEFAULT CHARSET=utf8mb4 COLLATE=utf8mb4_unicode_ci;

-- --------------------------------------------------------

--
-- Table structure for table `snack_portions`
--

CREATE TABLE `snack_portions` (
  `id` bigint(20) UNSIGNED NOT NULL,
  `snack_id` bigint(20) UNSIGNED NOT NULL,
  `portion_id` bigint(20) UNSIGNED NOT NULL,
  `unit_id` bigint(20) UNSIGNED DEFAULT NULL,
  `type` varchar(100) COLLATE utf8mb4_unicode_ci DEFAULT NULL,
  `role` varchar(100) COLLATE utf8mb4_unicode_ci DEFAULT NULL,
  `quantity` double UNSIGNED DEFAULT '0',
  `quantity_grams` double UNSIGNED DEFAULT '0',
  `cals` double DEFAULT NULL,
  `proteins` double DEFAULT NULL,
  `carbs` double DEFAULT NULL,
  `fats` double DEFAULT NULL,
  `created_at` timestamp NULL DEFAULT NULL,
  `updated_at` timestamp NULL DEFAULT NULL
) ENGINE=InnoDB DEFAULT CHARSET=utf8mb4 COLLATE=utf8mb4_unicode_ci;

-- --------------------------------------------------------

--
-- Table structure for table `units`
--

CREATE TABLE `units` (
  `id` bigint(20) UNSIGNED NOT NULL,
  `name` varchar(100) COLLATE utf8mb4_unicode_ci DEFAULT NULL,
  `liters` double DEFAULT '0',
  `grams` double DEFAULT '0',
  `created_at` timestamp NULL DEFAULT NULL,
  `updated_at` timestamp NULL DEFAULT NULL
) ENGINE=InnoDB DEFAULT CHARSET=utf8mb4 COLLATE=utf8mb4_unicode_ci;

--
-- Indexes for dumped tables
--

--
-- Indexes for table `allergy_lists`
--
ALTER TABLE `allergy_lists`
  ADD PRIMARY KEY (`id`);

--
-- Indexes for table `cities`
--
ALTER TABLE `cities`
  ADD PRIMARY KEY (`id`);

--
-- Indexes for table `city_districts`
--
ALTER TABLE `city_districts`
  ADD PRIMARY KEY (`id`),
  ADD KEY `city_districts_city_id_foreign` (`city_id`);

--
-- Indexes for table `components`
--
ALTER TABLE `components`
  ADD PRIMARY KEY (`id`),
  ADD KEY `components_component_category_id_foreign` (`component_category_id`),
  ADD KEY `components_component_group_id_foreign` (`component_group_id`),
  ADD KEY `components_exclude_list_id_foreign` (`exclude_list_id`),
  ADD KEY `components_allergy_list_id_foreign` (`allergy_list_id`);

--
-- Indexes for table `component_categories`
--
ALTER TABLE `component_categories`
  ADD PRIMARY KEY (`id`);

--
-- Indexes for table `component_groups`
--
ALTER TABLE `component_groups`
  ADD PRIMARY KEY (`id`);

--
-- Indexes for table `component_types`
--
ALTER TABLE `component_types`
  ADD PRIMARY KEY (`id`),
  ADD KEY `component_types_component_id_foreign` (`component_id`);

--
-- Indexes for table `cuisines`
--
ALTER TABLE `cuisines`
  ADD PRIMARY KEY (`id`);

--
-- Indexes for table `customer_addresses`
--
ALTER TABLE `customer_addresses`
  ADD PRIMARY KEY (`id`),
  ADD KEY `customer_addresses_customer_id_foreign` (`customer_id`),
  ADD KEY `customer_addresses_city_id_foreign` (`city_id`),
  ADD KEY `customer_addresses_city_district_id_foreign` (`city_district_id`);

--
-- Indexes for table `customer_allergies`
--
ALTER TABLE `customer_allergies`
  ADD PRIMARY KEY (`id`),
  ADD KEY `customer_allergies_customer_id_foreign` (`customer_id`),
  ADD KEY `customer_allergies_allergy_list_id_foreign` (`allergy_list_id`);

--
-- Indexes for table `customer_deliveries`
--
ALTER TABLE `customer_deliveries`
  ADD PRIMARY KEY (`id`),
  ADD KEY `customer_deliveries_customer_id_foreign` (`customer_id`),
  ADD KEY `customer_deliveries_customer_subscription_id_foreign` (`customer_subscription_id`),
  ADD KEY `customer_deliveries_package_id_foreign` (`package_id`),
  ADD KEY `customer_deliveries_delivery_company_id_foreign` (`delivery_company_id`),
  ADD KEY `customer_deliveries_delivery_time_id_foreign` (`delivery_time_id`);

--
-- Indexes for table `customer_drinks`
--
ALTER TABLE `customer_drinks`
  ADD PRIMARY KEY (`id`),
  ADD KEY `customer_drinks_customer_id_foreign` (`customer_id`),
  ADD KEY `customer_drinks_meal_type_id_foreign` (`meal_type_id`),
  ADD KEY `customer_drinks_package_id_foreign` (`package_id`),
  ADD KEY `customer_drinks_package_plan_drink_id_foreign` (`package_plan_drink_id`),
  ADD KEY `customer_drinks_drink_id_foreign` (`drink_id`),
  ADD KEY `customer_drinks_chef_id_foreign` (`chef_id`);

--
-- Indexes for table `customer_excludes`
--
ALTER TABLE `customer_excludes`
  ADD PRIMARY KEY (`id`),
  ADD KEY `customer_excludes_customer_id_foreign` (`customer_id`),
  ADD KEY `customer_excludes_exclude_list_id_foreign` (`exclude_list_id`);

--
-- Indexes for table `customer_lead_addresses`
--
ALTER TABLE `customer_lead_addresses`
  ADD PRIMARY KEY (`id`),
  ADD KEY `customer_lead_addresses_customer_lead_id_foreign` (`customer_lead_id`),
  ADD KEY `customer_lead_addresses_city_id_foreign` (`city_id`),
  ADD KEY `customer_lead_addresses_city_district_id_foreign` (`city_district_id`);

--
-- Indexes for table `customer_lead_allergies`
--
ALTER TABLE `customer_lead_allergies`
  ADD PRIMARY KEY (`id`),
  ADD KEY `customer_lead_allergies_customer_lead_id_foreign` (`customer_lead_id`),
  ADD KEY `customer_lead_allergies_allergy_list_id_foreign` (`allergy_list_id`);

--
-- Indexes for table `customer_lead_excludes`
--
ALTER TABLE `customer_lead_excludes`
  ADD PRIMARY KEY (`id`),
  ADD KEY `customer_lead_excludes_customer_lead_id_foreign` (`customer_lead_id`),
  ADD KEY `customer_lead_excludes_exclude_list_id_foreign` (`exclude_list_id`);

--
-- Indexes for table `customer_meals`
--
ALTER TABLE `customer_meals`
  ADD PRIMARY KEY (`id`),
  ADD KEY `customer_meals_customer_id_foreign` (`customer_id`),
  ADD KEY `customer_meals_meal_type_id_foreign` (`meal_type_id`),
  ADD KEY `customer_meals_package_id_foreign` (`package_id`),
  ADD KEY `customer_meals_package_plan_meal_id_foreign` (`package_plan_meal_id`),
  ADD KEY `customer_meals_package_meal_id_foreign` (`package_meal_id`),
  ADD KEY `customer_meals_meal_id_foreign` (`meal_id`),
  ADD KEY `customer_meals_chef_id_foreign` (`chef_id`);

--
-- Indexes for table `customer_sides`
--
ALTER TABLE `customer_sides`
  ADD PRIMARY KEY (`id`),
  ADD KEY `customer_sides_customer_id_foreign` (`customer_id`),
  ADD KEY `customer_sides_meal_type_id_foreign` (`meal_type_id`),
  ADD KEY `customer_sides_package_id_foreign` (`package_id`),
  ADD KEY `customer_sides_package_plan_side_id_foreign` (`package_plan_side_id`),
  ADD KEY `customer_sides_side_id_foreign` (`side_id`),
  ADD KEY `customer_sides_chef_id_foreign` (`chef_id`);

--
-- Indexes for table `customer_snacks`
--
ALTER TABLE `customer_snacks`
  ADD PRIMARY KEY (`id`),
  ADD KEY `customer_snacks_customer_id_foreign` (`customer_id`),
  ADD KEY `customer_snacks_meal_type_id_foreign` (`meal_type_id`),
  ADD KEY `customer_snacks_package_id_foreign` (`package_id`),
  ADD KEY `customer_snacks_package_plan_snack_id_foreign` (`package_plan_snack_id`),
  ADD KEY `customer_snacks_snack_id_foreign` (`snack_id`),
  ADD KEY `customer_snacks_chef_id_foreign` (`chef_id`);

--
-- Indexes for table `days_offs`
--
ALTER TABLE `days_offs`
  ADD PRIMARY KEY (`id`);

--
-- Indexes for table `delivery_companies`
--
ALTER TABLE `delivery_companies`
  ADD PRIMARY KEY (`id`);

--
-- Indexes for table `delivery_times`
--
ALTER TABLE `delivery_times`
  ADD PRIMARY KEY (`id`);

--
-- Indexes for table `diseases`
--
ALTER TABLE `diseases`
  ADD PRIMARY KEY (`id`);

--
-- Indexes for table `drinks`
--
ALTER TABLE `drinks`
  ADD PRIMARY KEY (`id`),
  ADD KEY `drinks_cuisine_id_foreign` (`cuisine_id`);

--
-- Indexes for table `drink_components`
--
ALTER TABLE `drink_components`
  ADD PRIMARY KEY (`id`),
  ADD KEY `drink_components_drink_id_foreign` (`drink_id`),
  ADD KEY `drink_components_component_id_foreign` (`component_id`),
  ADD KEY `drink_components_unit_id_foreign` (`unit_id`);

--
-- Indexes for table `drink_packings`
--
ALTER TABLE `drink_packings`
  ADD PRIMARY KEY (`id`),
  ADD KEY `drink_packings_drink_id_foreign` (`drink_id`);

--
-- Indexes for table `drink_portions`
--
ALTER TABLE `drink_portions`
  ADD PRIMARY KEY (`id`),
  ADD KEY `drink_portions_drink_id_foreign` (`drink_id`),
  ADD KEY `drink_portions_portion_id_foreign` (`portion_id`),
  ADD KEY `drink_portions_unit_id_foreign` (`unit_id`);

--
-- Indexes for table `exclude_lists`
--
ALTER TABLE `exclude_lists`
  ADD PRIMARY KEY (`id`);

--
-- Indexes for table `meals`
--
ALTER TABLE `meals`
  ADD PRIMARY KEY (`id`),
  ADD KEY `meals_cuisine_id_foreign` (`cuisine_id`);

--
-- Indexes for table `meal_drinks`
--
ALTER TABLE `meal_drinks`
  ADD PRIMARY KEY (`id`),
  ADD KEY `meal_drinks_meal_id_foreign` (`meal_id`),
  ADD KEY `meal_drinks_drink_id_foreign` (`drink_id`);

--
-- Indexes for table `meal_packings`
--
ALTER TABLE `meal_packings`
  ADD PRIMARY KEY (`id`),
  ADD KEY `meal_packings_meal_id_foreign` (`meal_id`);

--
-- Indexes for table `meal_portions`
--
ALTER TABLE `meal_portions`
  ADD PRIMARY KEY (`id`),
  ADD KEY `meal_portions_meal_id_foreign` (`meal_id`),
  ADD KEY `meal_portions_portion_id_foreign` (`portion_id`);

--
-- Indexes for table `meal_sauces`
--
ALTER TABLE `meal_sauces`
  ADD PRIMARY KEY (`id`),
  ADD KEY `meal_sauces_meal_id_foreign` (`meal_id`),
  ADD KEY `meal_sauces_sauce_id_foreign` (`sauce_id`);

--
-- Indexes for table `meal_sides`
--
ALTER TABLE `meal_sides`
  ADD PRIMARY KEY (`id`),
  ADD KEY `meal_sides_meal_id_foreign` (`meal_id`),
  ADD KEY `meal_sides_side_id_foreign` (`side_id`);

--
-- Indexes for table `meal_snacks`
--
ALTER TABLE `meal_snacks`
  ADD PRIMARY KEY (`id`),
  ADD KEY `meal_snacks_meal_id_foreign` (`meal_id`),
  ADD KEY `meal_snacks_snack_id_foreign` (`snack_id`);

--
-- Indexes for table `meal_types`
--
ALTER TABLE `meal_types`
  ADD PRIMARY KEY (`id`);

--
-- Indexes for table `meal_type_items`
--
ALTER TABLE `meal_type_items`
  ADD PRIMARY KEY (`id`),
  ADD KEY `meal_type_items_meal_type_id_foreign` (`meal_type_id`);

--
-- Indexes for table `migrations`
--
ALTER TABLE `migrations`
  ADD PRIMARY KEY (`id`);

--
-- Indexes for table `packages`
--
ALTER TABLE `packages`
  ADD PRIMARY KEY (`id`);

--
-- Indexes for table `package_bundles`
--
ALTER TABLE `package_bundles`
  ADD PRIMARY KEY (`id`),
  ADD KEY `package_bundles_package_id_foreign` (`package_id`);

--
-- Indexes for table `package_bundle_days`
--
ALTER TABLE `package_bundle_days`
  ADD PRIMARY KEY (`id`),
  ADD KEY `package_bundle_days_package_id_foreign` (`package_id`),
  ADD KEY `package_bundle_days_package_bundle_id_foreign` (`package_bundle_id`);

--
-- Indexes for table `package_bundle_types`
--
ALTER TABLE `package_bundle_types`
  ADD PRIMARY KEY (`id`),
  ADD KEY `package_bundle_types_package_id_foreign` (`package_id`),
  ADD KEY `package_bundle_types_package_bundle_id_foreign` (`package_bundle_id`),
  ADD KEY `package_bundle_types_meal_type_id_foreign` (`meal_type_id`);

--
-- Indexes for table `package_intakes`
--
ALTER TABLE `package_intakes`
  ADD PRIMARY KEY (`id`),
  ADD KEY `package_intakes_package_id_foreign` (`package_id`);

--
-- Indexes for table `package_intake_meals`
--
ALTER TABLE `package_intake_meals`
  ADD PRIMARY KEY (`id`),
  ADD KEY `package_intake_meals_package_id_foreign` (`package_id`),
  ADD KEY `package_intake_meals_package_intake_id_foreign` (`package_intake_id`),
  ADD KEY `package_intake_meals_meal_type_id_foreign` (`meal_type_id`);

--
-- Indexes for table `package_meals`
--
ALTER TABLE `package_meals`
  ADD PRIMARY KEY (`id`),
  ADD KEY `package_meals_package_id_foreign` (`package_id`),
  ADD KEY `package_meals_package_intake_id_foreign` (`package_intake_id`),
  ADD KEY `package_meals_meal_id_foreign` (`meal_id`),
  ADD KEY `package_meals_meal_type_id_foreign` (`meal_type_id`),
  ADD KEY `package_meals_meal_type_item_id_foreign` (`meal_type_item_id`);

--
-- Indexes for table `package_meal_drinks`
--
ALTER TABLE `package_meal_drinks`
  ADD PRIMARY KEY (`id`),
  ADD KEY `package_meal_drinks_package_meal_id_foreign` (`package_meal_id`),
  ADD KEY `package_meal_drinks_meal_drink_id_foreign` (`meal_drink_id`),
  ADD KEY `package_meal_drinks_drink_id_foreign` (`drink_id`),
  ADD KEY `package_meal_drinks_unit_id_foreign` (`unit_id`);

--
-- Indexes for table `package_meal_packings`
--
ALTER TABLE `package_meal_packings`
  ADD PRIMARY KEY (`id`),
  ADD KEY `package_meal_packings_package_meal_id_foreign` (`package_meal_id`),
  ADD KEY `package_meal_packings_meal_packing_id_foreign` (`meal_packing_id`);

--
-- Indexes for table `package_meal_portions`
--
ALTER TABLE `package_meal_portions`
  ADD PRIMARY KEY (`id`),
  ADD KEY `package_meal_portions_package_meal_id_foreign` (`package_meal_id`),
  ADD KEY `package_meal_portions_meal_portion_id_foreign` (`meal_portion_id`),
  ADD KEY `package_meal_portions_portion_id_foreign` (`portion_id`),
  ADD KEY `package_meal_portions_unit_id_foreign` (`unit_id`);

--
-- Indexes for table `package_meal_sauces`
--
ALTER TABLE `package_meal_sauces`
  ADD PRIMARY KEY (`id`),
  ADD KEY `package_meal_sauces_package_meal_id_foreign` (`package_meal_id`),
  ADD KEY `package_meal_sauces_meal_sauce_id_foreign` (`meal_sauce_id`),
  ADD KEY `package_meal_sauces_sauce_id_foreign` (`sauce_id`),
  ADD KEY `package_meal_sauces_unit_id_foreign` (`unit_id`);

--
-- Indexes for table `package_meal_sides`
--
ALTER TABLE `package_meal_sides`
  ADD PRIMARY KEY (`id`),
  ADD KEY `package_meal_sides_package_meal_id_foreign` (`package_meal_id`),
  ADD KEY `package_meal_sides_meal_side_id_foreign` (`meal_side_id`),
  ADD KEY `package_meal_sides_side_id_foreign` (`side_id`),
  ADD KEY `package_meal_sides_unit_id_foreign` (`unit_id`);

--
-- Indexes for table `package_meal_snacks`
--
ALTER TABLE `package_meal_snacks`
  ADD PRIMARY KEY (`id`),
  ADD KEY `package_meal_snacks_package_meal_id_foreign` (`package_meal_id`),
  ADD KEY `package_meal_snacks_meal_snack_id_foreign` (`meal_snack_id`),
  ADD KEY `package_meal_snacks_snack_id_foreign` (`snack_id`),
  ADD KEY `package_meal_snacks_unit_id_foreign` (`unit_id`);

--
-- Indexes for table `package_plans`
--
ALTER TABLE `package_plans`
  ADD PRIMARY KEY (`id`),
  ADD KEY `package_plans_package_id_foreign` (`package_id`),
  ADD KEY `package_plans_package_intake_id_foreign` (`package_intake_id`);

--
-- Indexes for table `package_plan_drinks`
--
ALTER TABLE `package_plan_drinks`
  ADD PRIMARY KEY (`id`),
  ADD KEY `package_plan_drinks_package_id_foreign` (`package_id`),
  ADD KEY `package_plan_drinks_package_intake_id_foreign` (`package_intake_id`),
  ADD KEY `package_plan_drinks_package_plan_id_foreign` (`package_plan_id`),
  ADD KEY `package_plan_drinks_meal_type_id_foreign` (`meal_type_id`),
  ADD KEY `package_plan_drinks_drink_id_foreign` (`drink_id`);

--
-- Indexes for table `package_plan_meals`
--
ALTER TABLE `package_plan_meals`
  ADD PRIMARY KEY (`id`),
  ADD KEY `package_plan_meals_package_id_foreign` (`package_id`),
  ADD KEY `package_plan_meals_package_intake_id_foreign` (`package_intake_id`),
  ADD KEY `package_plan_meals_package_plan_id_foreign` (`package_plan_id`),
  ADD KEY `package_plan_meals_package_meal_id_foreign` (`package_meal_id`),
  ADD KEY `package_plan_meals_meal_type_id_foreign` (`meal_type_id`),
  ADD KEY `package_plan_meals_meal_id_foreign` (`meal_id`);

--
-- Indexes for table `package_plan_sides`
--
ALTER TABLE `package_plan_sides`
  ADD PRIMARY KEY (`id`),
  ADD KEY `package_plan_sides_package_id_foreign` (`package_id`),
  ADD KEY `package_plan_sides_package_intake_id_foreign` (`package_intake_id`),
  ADD KEY `package_plan_sides_package_plan_id_foreign` (`package_plan_id`),
  ADD KEY `package_plan_sides_meal_type_id_foreign` (`meal_type_id`),
  ADD KEY `package_plan_sides_side_id_foreign` (`side_id`);

--
-- Indexes for table `package_plan_snacks`
--
ALTER TABLE `package_plan_snacks`
  ADD PRIMARY KEY (`id`),
  ADD KEY `package_plan_snacks_package_id_foreign` (`package_id`),
  ADD KEY `package_plan_snacks_package_intake_id_foreign` (`package_intake_id`),
  ADD KEY `package_plan_snacks_package_plan_id_foreign` (`package_plan_id`),
  ADD KEY `package_plan_snacks_meal_type_id_foreign` (`meal_type_id`),
  ADD KEY `package_plan_snacks_snack_id_foreign` (`snack_id`);

--
-- Indexes for table `portions`
--
ALTER TABLE `portions`
  ADD PRIMARY KEY (`id`),
  ADD KEY `portions_cuisine_id_foreign` (`cuisine_id`);

--
-- Indexes for table `portion_components`
--
ALTER TABLE `portion_components`
  ADD PRIMARY KEY (`id`),
  ADD KEY `portion_components_portion_id_foreign` (`portion_id`),
  ADD KEY `portion_components_component_id_foreign` (`component_id`),
  ADD KEY `portion_components_unit_id_foreign` (`unit_id`);

--
-- Indexes for table `portion_packings`
--
ALTER TABLE `portion_packings`
  ADD PRIMARY KEY (`id`),
  ADD KEY `portion_packings_portion_id_foreign` (`portion_id`);

--
-- Indexes for table `portion_portions`
--
ALTER TABLE `portion_portions`
  ADD PRIMARY KEY (`id`),
  ADD KEY `portion_portions_portion_id_foreign` (`portion_id`),
  ADD KEY `portion_portions_subportion_id_foreign` (`subportion_id`),
  ADD KEY `portion_portions_unit_id_foreign` (`unit_id`);

--
-- Indexes for table `promocodes`
--
ALTER TABLE `promocodes`
  ADD PRIMARY KEY (`id`);

--
-- Indexes for table `sauces`
--
ALTER TABLE `sauces`
  ADD PRIMARY KEY (`id`),
  ADD KEY `sauces_cuisine_id_foreign` (`cuisine_id`);

--
-- Indexes for table `sauce_components`
--
ALTER TABLE `sauce_components`
  ADD PRIMARY KEY (`id`),
  ADD KEY `sauce_components_sauce_id_foreign` (`sauce_id`),
  ADD KEY `sauce_components_component_id_foreign` (`component_id`),
  ADD KEY `sauce_components_unit_id_foreign` (`unit_id`);

--
-- Indexes for table `sauce_packings`
--
ALTER TABLE `sauce_packings`
  ADD PRIMARY KEY (`id`),
  ADD KEY `sauce_packings_sauce_id_foreign` (`sauce_id`);

--
-- Indexes for table `sauce_portions`
--
ALTER TABLE `sauce_portions`
  ADD PRIMARY KEY (`id`),
  ADD KEY `sauce_portions_sauce_id_foreign` (`sauce_id`),
  ADD KEY `sauce_portions_portion_id_foreign` (`portion_id`),
  ADD KEY `sauce_portions_unit_id_foreign` (`unit_id`);

--
-- Indexes for table `settings`
--
ALTER TABLE `settings`
  ADD PRIMARY KEY (`id`);

--
-- Indexes for table `sides`
--
ALTER TABLE `sides`
  ADD PRIMARY KEY (`id`),
  ADD KEY `sides_cuisine_id_foreign` (`cuisine_id`);

--
-- Indexes for table `side_components`
--
ALTER TABLE `side_components`
  ADD PRIMARY KEY (`id`),
  ADD KEY `side_components_side_id_foreign` (`side_id`),
  ADD KEY `side_components_component_id_foreign` (`component_id`),
  ADD KEY `side_components_unit_id_foreign` (`unit_id`);

--
-- Indexes for table `side_packings`
--
ALTER TABLE `side_packings`
  ADD PRIMARY KEY (`id`),
  ADD KEY `side_packings_side_id_foreign` (`side_id`);

--
-- Indexes for table `side_portions`
--
ALTER TABLE `side_portions`
  ADD PRIMARY KEY (`id`),
  ADD KEY `side_portions_side_id_foreign` (`side_id`),
  ADD KEY `side_portions_portion_id_foreign` (`portion_id`),
  ADD KEY `side_portions_unit_id_foreign` (`unit_id`);

--
-- Indexes for table `snacks`
--
ALTER TABLE `snacks`
  ADD PRIMARY KEY (`id`),
  ADD KEY `snacks_cuisine_id_foreign` (`cuisine_id`);

--
-- Indexes for table `snack_components`
--
ALTER TABLE `snack_components`
  ADD PRIMARY KEY (`id`),
  ADD KEY `snack_components_snack_id_foreign` (`snack_id`),
  ADD KEY `snack_components_component_id_foreign` (`component_id`),
  ADD KEY `snack_components_unit_id_foreign` (`unit_id`);

--
-- Indexes for table `snack_packings`
--
ALTER TABLE `snack_packings`
  ADD PRIMARY KEY (`id`),
  ADD KEY `snack_packings_snack_id_foreign` (`snack_id`);

--
-- Indexes for table `snack_portions`
--
ALTER TABLE `snack_portions`
  ADD PRIMARY KEY (`id`),
  ADD KEY `snack_portions_snack_id_foreign` (`snack_id`),
  ADD KEY `snack_portions_portion_id_foreign` (`portion_id`),
  ADD KEY `snack_portions_unit_id_foreign` (`unit_id`);

--
-- Indexes for table `units`
--
ALTER TABLE `units`
  ADD PRIMARY KEY (`id`);

--
-- AUTO_INCREMENT for dumped tables
--

--
-- AUTO_INCREMENT for table `allergy_lists`
--
ALTER TABLE `allergy_lists`
  MODIFY `id` bigint(20) UNSIGNED NOT NULL AUTO_INCREMENT, AUTO_INCREMENT=14;

--
-- AUTO_INCREMENT for table `cities`
--
ALTER TABLE `cities`
  MODIFY `id` bigint(20) UNSIGNED NOT NULL AUTO_INCREMENT, AUTO_INCREMENT=8;

--
-- AUTO_INCREMENT for table `city_districts`
--
ALTER TABLE `city_districts`
  MODIFY `id` bigint(20) UNSIGNED NOT NULL AUTO_INCREMENT, AUTO_INCREMENT=367;

--
-- AUTO_INCREMENT for table `components`
--
ALTER TABLE `components`
  MODIFY `id` bigint(20) UNSIGNED NOT NULL AUTO_INCREMENT;

--
-- AUTO_INCREMENT for table `component_categories`
--
ALTER TABLE `component_categories`
  MODIFY `id` bigint(20) UNSIGNED NOT NULL AUTO_INCREMENT, AUTO_INCREMENT=17;

--
-- AUTO_INCREMENT for table `component_groups`
--
ALTER TABLE `component_groups`
  MODIFY `id` bigint(20) UNSIGNED NOT NULL AUTO_INCREMENT, AUTO_INCREMENT=11;

--
-- AUTO_INCREMENT for table `component_types`
--
ALTER TABLE `component_types`
  MODIFY `id` bigint(20) UNSIGNED NOT NULL AUTO_INCREMENT;

--
-- AUTO_INCREMENT for table `cuisines`
--
ALTER TABLE `cuisines`
  MODIFY `id` bigint(20) UNSIGNED NOT NULL AUTO_INCREMENT;

--
-- AUTO_INCREMENT for table `customer_addresses`
--
ALTER TABLE `customer_addresses`
  MODIFY `id` bigint(20) UNSIGNED NOT NULL AUTO_INCREMENT, AUTO_INCREMENT=10;

--
-- AUTO_INCREMENT for table `customer_allergies`
--
ALTER TABLE `customer_allergies`
  MODIFY `id` bigint(20) UNSIGNED NOT NULL AUTO_INCREMENT, AUTO_INCREMENT=15;

--
-- AUTO_INCREMENT for table `customer_deliveries`
--
ALTER TABLE `customer_deliveries`
  MODIFY `id` bigint(20) UNSIGNED NOT NULL AUTO_INCREMENT, AUTO_INCREMENT=121;

--
-- AUTO_INCREMENT for table `customer_drinks`
--
ALTER TABLE `customer_drinks`
  MODIFY `id` bigint(20) UNSIGNED NOT NULL AUTO_INCREMENT;

--
-- AUTO_INCREMENT for table `customer_excludes`
--
ALTER TABLE `customer_excludes`
  MODIFY `id` bigint(20) UNSIGNED NOT NULL AUTO_INCREMENT, AUTO_INCREMENT=10;

--
-- AUTO_INCREMENT for table `customer_lead_addresses`
--
ALTER TABLE `customer_lead_addresses`
  MODIFY `id` bigint(20) UNSIGNED NOT NULL AUTO_INCREMENT, AUTO_INCREMENT=8;

--
-- AUTO_INCREMENT for table `customer_lead_allergies`
--
ALTER TABLE `customer_lead_allergies`
  MODIFY `id` bigint(20) UNSIGNED NOT NULL AUTO_INCREMENT, AUTO_INCREMENT=11;

--
-- AUTO_INCREMENT for table `customer_lead_excludes`
--
ALTER TABLE `customer_lead_excludes`
  MODIFY `id` bigint(20) UNSIGNED NOT NULL AUTO_INCREMENT, AUTO_INCREMENT=8;

--
-- AUTO_INCREMENT for table `customer_meals`
--
ALTER TABLE `customer_meals`
  MODIFY `id` bigint(20) UNSIGNED NOT NULL AUTO_INCREMENT, AUTO_INCREMENT=306;

--
-- AUTO_INCREMENT for table `customer_sides`
--
ALTER TABLE `customer_sides`
  MODIFY `id` bigint(20) UNSIGNED NOT NULL AUTO_INCREMENT, AUTO_INCREMENT=121;

--
-- AUTO_INCREMENT for table `customer_snacks`
--
ALTER TABLE `customer_snacks`
  MODIFY `id` bigint(20) UNSIGNED NOT NULL AUTO_INCREMENT, AUTO_INCREMENT=186;

--
-- AUTO_INCREMENT for table `days_offs`
--
ALTER TABLE `days_offs`
  MODIFY `id` bigint(20) UNSIGNED NOT NULL AUTO_INCREMENT, AUTO_INCREMENT=2;

--
-- AUTO_INCREMENT for table `delivery_companies`
--
ALTER TABLE `delivery_companies`
  MODIFY `id` bigint(20) UNSIGNED NOT NULL AUTO_INCREMENT;

--
-- AUTO_INCREMENT for table `delivery_times`
--
ALTER TABLE `delivery_times`
  MODIFY `id` bigint(20) UNSIGNED NOT NULL AUTO_INCREMENT, AUTO_INCREMENT=3;

--
-- AUTO_INCREMENT for table `diseases`
--
ALTER TABLE `diseases`
  MODIFY `id` bigint(20) UNSIGNED NOT NULL AUTO_INCREMENT;

--
-- AUTO_INCREMENT for table `drinks`
--
ALTER TABLE `drinks`
  MODIFY `id` bigint(20) UNSIGNED NOT NULL AUTO_INCREMENT;

--
-- AUTO_INCREMENT for table `drink_components`
--
ALTER TABLE `drink_components`
  MODIFY `id` bigint(20) UNSIGNED NOT NULL AUTO_INCREMENT;

--
-- AUTO_INCREMENT for table `drink_packings`
--
ALTER TABLE `drink_packings`
  MODIFY `id` bigint(20) UNSIGNED NOT NULL AUTO_INCREMENT;

--
-- AUTO_INCREMENT for table `drink_portions`
--
ALTER TABLE `drink_portions`
  MODIFY `id` bigint(20) UNSIGNED NOT NULL AUTO_INCREMENT;

--
-- AUTO_INCREMENT for table `exclude_lists`
--
ALTER TABLE `exclude_lists`
  MODIFY `id` bigint(20) UNSIGNED NOT NULL AUTO_INCREMENT, AUTO_INCREMENT=31;

--
-- AUTO_INCREMENT for table `meals`
--
ALTER TABLE `meals`
  MODIFY `id` bigint(20) UNSIGNED NOT NULL AUTO_INCREMENT;

--
-- AUTO_INCREMENT for table `meal_drinks`
--
ALTER TABLE `meal_drinks`
  MODIFY `id` bigint(20) UNSIGNED NOT NULL AUTO_INCREMENT;

--
-- AUTO_INCREMENT for table `meal_packings`
--
ALTER TABLE `meal_packings`
  MODIFY `id` bigint(20) UNSIGNED NOT NULL AUTO_INCREMENT;

--
-- AUTO_INCREMENT for table `meal_portions`
--
ALTER TABLE `meal_portions`
  MODIFY `id` bigint(20) UNSIGNED NOT NULL AUTO_INCREMENT;

--
-- AUTO_INCREMENT for table `meal_sauces`
--
ALTER TABLE `meal_sauces`
  MODIFY `id` bigint(20) UNSIGNED NOT NULL AUTO_INCREMENT;

--
-- AUTO_INCREMENT for table `meal_sides`
--
ALTER TABLE `meal_sides`
  MODIFY `id` bigint(20) UNSIGNED NOT NULL AUTO_INCREMENT;

--
-- AUTO_INCREMENT for table `meal_snacks`
--
ALTER TABLE `meal_snacks`
  MODIFY `id` bigint(20) UNSIGNED NOT NULL AUTO_INCREMENT;

--
-- AUTO_INCREMENT for table `meal_types`
--
ALTER TABLE `meal_types`
  MODIFY `id` bigint(20) UNSIGNED NOT NULL AUTO_INCREMENT, AUTO_INCREMENT=9;

--
-- AUTO_INCREMENT for table `meal_type_items`
--
ALTER TABLE `meal_type_items`
  MODIFY `id` bigint(20) UNSIGNED NOT NULL AUTO_INCREMENT;

--
-- AUTO_INCREMENT for table `migrations`
--
ALTER TABLE `migrations`
  MODIFY `id` int(10) UNSIGNED NOT NULL AUTO_INCREMENT, AUTO_INCREMENT=76;

--
-- AUTO_INCREMENT for table `packages`
--
ALTER TABLE `packages`
  MODIFY `id` bigint(20) UNSIGNED NOT NULL AUTO_INCREMENT, AUTO_INCREMENT=10;

--
-- AUTO_INCREMENT for table `package_bundles`
--
ALTER TABLE `package_bundles`
  MODIFY `id` bigint(20) UNSIGNED NOT NULL AUTO_INCREMENT, AUTO_INCREMENT=63;

--
-- AUTO_INCREMENT for table `package_bundle_days`
--
ALTER TABLE `package_bundle_days`
  MODIFY `id` bigint(20) UNSIGNED NOT NULL AUTO_INCREMENT, AUTO_INCREMENT=191;

--
-- AUTO_INCREMENT for table `package_bundle_types`
--
ALTER TABLE `package_bundle_types`
  MODIFY `id` bigint(20) UNSIGNED NOT NULL AUTO_INCREMENT, AUTO_INCREMENT=367;

--
-- AUTO_INCREMENT for table `package_intakes`
--
ALTER TABLE `package_intakes`
  MODIFY `id` bigint(20) UNSIGNED NOT NULL AUTO_INCREMENT, AUTO_INCREMENT=24;

--
-- AUTO_INCREMENT for table `package_intake_meals`
--
ALTER TABLE `package_intake_meals`
  MODIFY `id` bigint(20) UNSIGNED NOT NULL AUTO_INCREMENT, AUTO_INCREMENT=185;

--
-- AUTO_INCREMENT for table `package_meals`
--
ALTER TABLE `package_meals`
  MODIFY `id` bigint(20) UNSIGNED NOT NULL AUTO_INCREMENT;

--
-- AUTO_INCREMENT for table `package_meal_drinks`
--
ALTER TABLE `package_meal_drinks`
  MODIFY `id` bigint(20) UNSIGNED NOT NULL AUTO_INCREMENT;

--
-- AUTO_INCREMENT for table `package_meal_packings`
--
ALTER TABLE `package_meal_packings`
  MODIFY `id` bigint(20) UNSIGNED NOT NULL AUTO_INCREMENT;

--
-- AUTO_INCREMENT for table `package_meal_portions`
--
ALTER TABLE `package_meal_portions`
  MODIFY `id` bigint(20) UNSIGNED NOT NULL AUTO_INCREMENT;

--
-- AUTO_INCREMENT for table `package_meal_sauces`
--
ALTER TABLE `package_meal_sauces`
  MODIFY `id` bigint(20) UNSIGNED NOT NULL AUTO_INCREMENT;

--
-- AUTO_INCREMENT for table `package_meal_sides`
--
ALTER TABLE `package_meal_sides`
  MODIFY `id` bigint(20) UNSIGNED NOT NULL AUTO_INCREMENT;

--
-- AUTO_INCREMENT for table `package_meal_snacks`
--
ALTER TABLE `package_meal_snacks`
  MODIFY `id` bigint(20) UNSIGNED NOT NULL AUTO_INCREMENT;

--
-- AUTO_INCREMENT for table `package_plans`
--
ALTER TABLE `package_plans`
  MODIFY `id` bigint(20) UNSIGNED NOT NULL AUTO_INCREMENT;

--
-- AUTO_INCREMENT for table `package_plan_drinks`
--
ALTER TABLE `package_plan_drinks`
  MODIFY `id` bigint(20) UNSIGNED NOT NULL AUTO_INCREMENT;

--
-- AUTO_INCREMENT for table `package_plan_meals`
--
ALTER TABLE `package_plan_meals`
  MODIFY `id` bigint(20) UNSIGNED NOT NULL AUTO_INCREMENT;

--
-- AUTO_INCREMENT for table `package_plan_sides`
--
ALTER TABLE `package_plan_sides`
  MODIFY `id` bigint(20) UNSIGNED NOT NULL AUTO_INCREMENT;

--
-- AUTO_INCREMENT for table `package_plan_snacks`
--
ALTER TABLE `package_plan_snacks`
  MODIFY `id` bigint(20) UNSIGNED NOT NULL AUTO_INCREMENT;

--
-- AUTO_INCREMENT for table `portions`
--
ALTER TABLE `portions`
  MODIFY `id` bigint(20) UNSIGNED NOT NULL AUTO_INCREMENT;

--
-- AUTO_INCREMENT for table `portion_components`
--
ALTER TABLE `portion_components`
  MODIFY `id` bigint(20) UNSIGNED NOT NULL AUTO_INCREMENT;

--
-- AUTO_INCREMENT for table `portion_packings`
--
ALTER TABLE `portion_packings`
  MODIFY `id` bigint(20) UNSIGNED NOT NULL AUTO_INCREMENT;

--
-- AUTO_INCREMENT for table `portion_portions`
--
ALTER TABLE `portion_portions`
  MODIFY `id` bigint(20) UNSIGNED NOT NULL AUTO_INCREMENT;

--
-- AUTO_INCREMENT for table `promocodes`
--
ALTER TABLE `promocodes`
  MODIFY `id` bigint(20) UNSIGNED NOT NULL AUTO_INCREMENT;

--
-- AUTO_INCREMENT for table `sauces`
--
ALTER TABLE `sauces`
  MODIFY `id` bigint(20) UNSIGNED NOT NULL AUTO_INCREMENT;

--
-- AUTO_INCREMENT for table `sauce_components`
--
ALTER TABLE `sauce_components`
  MODIFY `id` bigint(20) UNSIGNED NOT NULL AUTO_INCREMENT;

--
-- AUTO_INCREMENT for table `sauce_packings`
--
ALTER TABLE `sauce_packings`
  MODIFY `id` bigint(20) UNSIGNED NOT NULL AUTO_INCREMENT;

--
-- AUTO_INCREMENT for table `sauce_portions`
--
ALTER TABLE `sauce_portions`
  MODIFY `id` bigint(20) UNSIGNED NOT NULL AUTO_INCREMENT;

--
-- AUTO_INCREMENT for table `settings`
--
ALTER TABLE `settings`
  MODIFY `id` bigint(20) UNSIGNED NOT NULL AUTO_INCREMENT, AUTO_INCREMENT=2;

--
-- AUTO_INCREMENT for table `sides`
--
ALTER TABLE `sides`
  MODIFY `id` bigint(20) UNSIGNED NOT NULL AUTO_INCREMENT;

--
-- AUTO_INCREMENT for table `side_components`
--
ALTER TABLE `side_components`
  MODIFY `id` bigint(20) UNSIGNED NOT NULL AUTO_INCREMENT;

--
-- AUTO_INCREMENT for table `side_packings`
--
ALTER TABLE `side_packings`
  MODIFY `id` bigint(20) UNSIGNED NOT NULL AUTO_INCREMENT;

--
-- AUTO_INCREMENT for table `side_portions`
--
ALTER TABLE `side_portions`
  MODIFY `id` bigint(20) UNSIGNED NOT NULL AUTO_INCREMENT;

--
-- AUTO_INCREMENT for table `snacks`
--
ALTER TABLE `snacks`
  MODIFY `id` bigint(20) UNSIGNED NOT NULL AUTO_INCREMENT;

--
-- AUTO_INCREMENT for table `snack_components`
--
ALTER TABLE `snack_components`
  MODIFY `id` bigint(20) UNSIGNED NOT NULL AUTO_INCREMENT;

--
-- AUTO_INCREMENT for table `snack_packings`
--
ALTER TABLE `snack_packings`
  MODIFY `id` bigint(20) UNSIGNED NOT NULL AUTO_INCREMENT;

--
-- AUTO_INCREMENT for table `snack_portions`
--
ALTER TABLE `snack_portions`
  MODIFY `id` bigint(20) UNSIGNED NOT NULL AUTO_INCREMENT;

--
-- AUTO_INCREMENT for table `units`
--
ALTER TABLE `units`
  MODIFY `id` bigint(20) UNSIGNED NOT NULL AUTO_INCREMENT;

--
-- Constraints for dumped tables
--

--
-- Constraints for table `city_districts`
--
ALTER TABLE `city_districts`
  ADD CONSTRAINT `city_districts_city_id_foreign` FOREIGN KEY (`city_id`) REFERENCES `cities` (`id`) ON DELETE CASCADE;

--
-- Constraints for table `components`
--
ALTER TABLE `components`
  ADD CONSTRAINT `components_allergy_list_id_foreign` FOREIGN KEY (`allergy_list_id`) REFERENCES `allergy_lists` (`id`) ON DELETE SET NULL,
  ADD CONSTRAINT `components_component_category_id_foreign` FOREIGN KEY (`component_category_id`) REFERENCES `component_categories` (`id`) ON DELETE CASCADE,
  ADD CONSTRAINT `components_component_group_id_foreign` FOREIGN KEY (`component_group_id`) REFERENCES `component_groups` (`id`) ON DELETE CASCADE,
  ADD CONSTRAINT `components_exclude_list_id_foreign` FOREIGN KEY (`exclude_list_id`) REFERENCES `exclude_lists` (`id`) ON DELETE SET NULL;

--
-- Constraints for table `component_types`
--
ALTER TABLE `component_types`
  ADD CONSTRAINT `component_types_component_id_foreign` FOREIGN KEY (`component_id`) REFERENCES `components` (`id`) ON DELETE CASCADE;

--
-- Constraints for table `customer_addresses`
--
ALTER TABLE `customer_addresses`
  ADD CONSTRAINT `customer_addresses_city_district_id_foreign` FOREIGN KEY (`city_district_id`) REFERENCES `city_districts` (`id`) ON DELETE CASCADE,
  ADD CONSTRAINT `customer_addresses_city_id_foreign` FOREIGN KEY (`city_id`) REFERENCES `cities` (`id`) ON DELETE CASCADE,
  ADD CONSTRAINT `customer_addresses_customer_id_foreign` FOREIGN KEY (`customer_id`) REFERENCES `customers` (`id`) ON DELETE CASCADE;

--
-- Constraints for table `customer_allergies`
--
ALTER TABLE `customer_allergies`
  ADD CONSTRAINT `customer_allergies_allergy_list_id_foreign` FOREIGN KEY (`allergy_list_id`) REFERENCES `allergy_lists` (`id`) ON DELETE CASCADE,
  ADD CONSTRAINT `customer_allergies_customer_id_foreign` FOREIGN KEY (`customer_id`) REFERENCES `customers` (`id`) ON DELETE CASCADE;

--
-- Constraints for table `customer_deliveries`
--
ALTER TABLE `customer_deliveries`
  ADD CONSTRAINT `customer_deliveries_customer_id_foreign` FOREIGN KEY (`customer_id`) REFERENCES `customers` (`id`) ON DELETE CASCADE,
  ADD CONSTRAINT `customer_deliveries_customer_subscription_id_foreign` FOREIGN KEY (`customer_subscription_id`) REFERENCES `customer_subscriptions` (`id`) ON DELETE CASCADE,
  ADD CONSTRAINT `customer_deliveries_delivery_company_id_foreign` FOREIGN KEY (`delivery_company_id`) REFERENCES `delivery_companies` (`id`) ON DELETE SET NULL,
  ADD CONSTRAINT `customer_deliveries_delivery_time_id_foreign` FOREIGN KEY (`delivery_time_id`) REFERENCES `delivery_times` (`id`) ON DELETE SET NULL,
  ADD CONSTRAINT `customer_deliveries_package_id_foreign` FOREIGN KEY (`package_id`) REFERENCES `packages` (`id`) ON DELETE CASCADE;

--
-- Constraints for table `customer_drinks`
--
ALTER TABLE `customer_drinks`
  ADD CONSTRAINT `customer_drinks_chef_id_foreign` FOREIGN KEY (`chef_id`) REFERENCES `chefs` (`id`) ON DELETE SET NULL,
  ADD CONSTRAINT `customer_drinks_customer_id_foreign` FOREIGN KEY (`customer_id`) REFERENCES `customers` (`id`) ON DELETE CASCADE,
  ADD CONSTRAINT `customer_drinks_drink_id_foreign` FOREIGN KEY (`drink_id`) REFERENCES `drinks` (`id`) ON DELETE SET NULL,
  ADD CONSTRAINT `customer_drinks_meal_type_id_foreign` FOREIGN KEY (`meal_type_id`) REFERENCES `meal_types` (`id`) ON DELETE CASCADE,
  ADD CONSTRAINT `customer_drinks_package_id_foreign` FOREIGN KEY (`package_id`) REFERENCES `packages` (`id`) ON DELETE CASCADE,
  ADD CONSTRAINT `customer_drinks_package_plan_drink_id_foreign` FOREIGN KEY (`package_plan_drink_id`) REFERENCES `package_plan_drinks` (`id`) ON DELETE SET NULL;

--
-- Constraints for table `customer_excludes`
--
ALTER TABLE `customer_excludes`
  ADD CONSTRAINT `customer_excludes_customer_id_foreign` FOREIGN KEY (`customer_id`) REFERENCES `customers` (`id`) ON DELETE CASCADE,
  ADD CONSTRAINT `customer_excludes_exclude_list_id_foreign` FOREIGN KEY (`exclude_list_id`) REFERENCES `exclude_lists` (`id`) ON DELETE CASCADE;

--
-- Constraints for table `customer_lead_addresses`
--
ALTER TABLE `customer_lead_addresses`
  ADD CONSTRAINT `customer_lead_addresses_city_district_id_foreign` FOREIGN KEY (`city_district_id`) REFERENCES `city_districts` (`id`) ON DELETE CASCADE,
  ADD CONSTRAINT `customer_lead_addresses_city_id_foreign` FOREIGN KEY (`city_id`) REFERENCES `cities` (`id`) ON DELETE CASCADE,
  ADD CONSTRAINT `customer_lead_addresses_customer_lead_id_foreign` FOREIGN KEY (`customer_lead_id`) REFERENCES `customer_leads` (`id`) ON DELETE CASCADE;

--
-- Constraints for table `customer_lead_allergies`
--
ALTER TABLE `customer_lead_allergies`
  ADD CONSTRAINT `customer_lead_allergies_allergy_list_id_foreign` FOREIGN KEY (`allergy_list_id`) REFERENCES `allergy_lists` (`id`) ON DELETE CASCADE,
  ADD CONSTRAINT `customer_lead_allergies_customer_lead_id_foreign` FOREIGN KEY (`customer_lead_id`) REFERENCES `customer_leads` (`id`) ON DELETE CASCADE;

--
-- Constraints for table `customer_lead_excludes`
--
ALTER TABLE `customer_lead_excludes`
  ADD CONSTRAINT `customer_lead_excludes_customer_lead_id_foreign` FOREIGN KEY (`customer_lead_id`) REFERENCES `customer_leads` (`id`) ON DELETE CASCADE,
  ADD CONSTRAINT `customer_lead_excludes_exclude_list_id_foreign` FOREIGN KEY (`exclude_list_id`) REFERENCES `exclude_lists` (`id`) ON DELETE CASCADE;

--
-- Constraints for table `customer_meals`
--
ALTER TABLE `customer_meals`
  ADD CONSTRAINT `customer_meals_chef_id_foreign` FOREIGN KEY (`chef_id`) REFERENCES `chefs` (`id`) ON DELETE SET NULL,
  ADD CONSTRAINT `customer_meals_customer_id_foreign` FOREIGN KEY (`customer_id`) REFERENCES `customers` (`id`) ON DELETE CASCADE,
  ADD CONSTRAINT `customer_meals_meal_id_foreign` FOREIGN KEY (`meal_id`) REFERENCES `meals` (`id`) ON DELETE SET NULL,
  ADD CONSTRAINT `customer_meals_meal_type_id_foreign` FOREIGN KEY (`meal_type_id`) REFERENCES `meal_types` (`id`) ON DELETE CASCADE,
  ADD CONSTRAINT `customer_meals_package_id_foreign` FOREIGN KEY (`package_id`) REFERENCES `packages` (`id`) ON DELETE CASCADE,
  ADD CONSTRAINT `customer_meals_package_meal_id_foreign` FOREIGN KEY (`package_meal_id`) REFERENCES `package_meals` (`id`) ON DELETE SET NULL,
  ADD CONSTRAINT `customer_meals_package_plan_meal_id_foreign` FOREIGN KEY (`package_plan_meal_id`) REFERENCES `package_plan_meals` (`id`) ON DELETE SET NULL;

--
-- Constraints for table `customer_sides`
--
ALTER TABLE `customer_sides`
  ADD CONSTRAINT `customer_sides_chef_id_foreign` FOREIGN KEY (`chef_id`) REFERENCES `chefs` (`id`) ON DELETE SET NULL,
  ADD CONSTRAINT `customer_sides_customer_id_foreign` FOREIGN KEY (`customer_id`) REFERENCES `customers` (`id`) ON DELETE CASCADE,
  ADD CONSTRAINT `customer_sides_meal_type_id_foreign` FOREIGN KEY (`meal_type_id`) REFERENCES `meal_types` (`id`) ON DELETE CASCADE,
  ADD CONSTRAINT `customer_sides_package_id_foreign` FOREIGN KEY (`package_id`) REFERENCES `packages` (`id`) ON DELETE CASCADE,
  ADD CONSTRAINT `customer_sides_package_plan_side_id_foreign` FOREIGN KEY (`package_plan_side_id`) REFERENCES `package_plan_sides` (`id`) ON DELETE SET NULL,
  ADD CONSTRAINT `customer_sides_side_id_foreign` FOREIGN KEY (`side_id`) REFERENCES `sides` (`id`) ON DELETE SET NULL;

--
-- Constraints for table `customer_snacks`
--
ALTER TABLE `customer_snacks`
  ADD CONSTRAINT `customer_snacks_chef_id_foreign` FOREIGN KEY (`chef_id`) REFERENCES `chefs` (`id`) ON DELETE SET NULL,
  ADD CONSTRAINT `customer_snacks_customer_id_foreign` FOREIGN KEY (`customer_id`) REFERENCES `customers` (`id`) ON DELETE CASCADE,
  ADD CONSTRAINT `customer_snacks_meal_type_id_foreign` FOREIGN KEY (`meal_type_id`) REFERENCES `meal_types` (`id`) ON DELETE CASCADE,
  ADD CONSTRAINT `customer_snacks_package_id_foreign` FOREIGN KEY (`package_id`) REFERENCES `packages` (`id`) ON DELETE CASCADE,
  ADD CONSTRAINT `customer_snacks_package_plan_snack_id_foreign` FOREIGN KEY (`package_plan_snack_id`) REFERENCES `package_plan_snacks` (`id`) ON DELETE SET NULL,
  ADD CONSTRAINT `customer_snacks_snack_id_foreign` FOREIGN KEY (`snack_id`) REFERENCES `snacks` (`id`) ON DELETE SET NULL;

--
-- Constraints for table `drinks`
--
ALTER TABLE `drinks`
  ADD CONSTRAINT `drinks_cuisine_id_foreign` FOREIGN KEY (`cuisine_id`) REFERENCES `cuisines` (`id`) ON DELETE SET NULL;

--
-- Constraints for table `drink_components`
--
ALTER TABLE `drink_components`
  ADD CONSTRAINT `drink_components_component_id_foreign` FOREIGN KEY (`component_id`) REFERENCES `components` (`id`) ON DELETE CASCADE,
  ADD CONSTRAINT `drink_components_drink_id_foreign` FOREIGN KEY (`drink_id`) REFERENCES `drinks` (`id`) ON DELETE CASCADE,
  ADD CONSTRAINT `drink_components_unit_id_foreign` FOREIGN KEY (`unit_id`) REFERENCES `units` (`id`) ON DELETE CASCADE;

--
-- Constraints for table `drink_packings`
--
ALTER TABLE `drink_packings`
  ADD CONSTRAINT `drink_packings_drink_id_foreign` FOREIGN KEY (`drink_id`) REFERENCES `drinks` (`id`) ON DELETE CASCADE;

--
-- Constraints for table `drink_portions`
--
ALTER TABLE `drink_portions`
  ADD CONSTRAINT `drink_portions_drink_id_foreign` FOREIGN KEY (`drink_id`) REFERENCES `drinks` (`id`) ON DELETE CASCADE,
  ADD CONSTRAINT `drink_portions_portion_id_foreign` FOREIGN KEY (`portion_id`) REFERENCES `portions` (`id`) ON DELETE CASCADE,
  ADD CONSTRAINT `drink_portions_unit_id_foreign` FOREIGN KEY (`unit_id`) REFERENCES `units` (`id`) ON DELETE CASCADE;

--
-- Constraints for table `meals`
--
ALTER TABLE `meals`
  ADD CONSTRAINT `meals_cuisine_id_foreign` FOREIGN KEY (`cuisine_id`) REFERENCES `cuisines` (`id`) ON DELETE SET NULL;

--
-- Constraints for table `meal_drinks`
--
ALTER TABLE `meal_drinks`
  ADD CONSTRAINT `meal_drinks_drink_id_foreign` FOREIGN KEY (`drink_id`) REFERENCES `drinks` (`id`) ON DELETE CASCADE,
  ADD CONSTRAINT `meal_drinks_meal_id_foreign` FOREIGN KEY (`meal_id`) REFERENCES `meals` (`id`) ON DELETE CASCADE;

--
-- Constraints for table `meal_packings`
--
ALTER TABLE `meal_packings`
  ADD CONSTRAINT `meal_packings_meal_id_foreign` FOREIGN KEY (`meal_id`) REFERENCES `meals` (`id`) ON DELETE CASCADE;

--
-- Constraints for table `meal_portions`
--
ALTER TABLE `meal_portions`
  ADD CONSTRAINT `meal_portions_meal_id_foreign` FOREIGN KEY (`meal_id`) REFERENCES `meals` (`id`) ON DELETE CASCADE,
  ADD CONSTRAINT `meal_portions_portion_id_foreign` FOREIGN KEY (`portion_id`) REFERENCES `portions` (`id`) ON DELETE CASCADE;

--
-- Constraints for table `meal_sauces`
--
ALTER TABLE `meal_sauces`
  ADD CONSTRAINT `meal_sauces_meal_id_foreign` FOREIGN KEY (`meal_id`) REFERENCES `meals` (`id`) ON DELETE CASCADE,
  ADD CONSTRAINT `meal_sauces_sauce_id_foreign` FOREIGN KEY (`sauce_id`) REFERENCES `sauces` (`id`) ON DELETE CASCADE;

--
-- Constraints for table `meal_sides`
--
ALTER TABLE `meal_sides`
  ADD CONSTRAINT `meal_sides_meal_id_foreign` FOREIGN KEY (`meal_id`) REFERENCES `meals` (`id`) ON DELETE CASCADE,
  ADD CONSTRAINT `meal_sides_side_id_foreign` FOREIGN KEY (`side_id`) REFERENCES `sides` (`id`) ON DELETE CASCADE;

--
-- Constraints for table `meal_snacks`
--
ALTER TABLE `meal_snacks`
  ADD CONSTRAINT `meal_snacks_meal_id_foreign` FOREIGN KEY (`meal_id`) REFERENCES `meals` (`id`) ON DELETE CASCADE,
  ADD CONSTRAINT `meal_snacks_snack_id_foreign` FOREIGN KEY (`snack_id`) REFERENCES `snacks` (`id`) ON DELETE CASCADE;

--
-- Constraints for table `meal_type_items`
--
ALTER TABLE `meal_type_items`
  ADD CONSTRAINT `meal_type_items_meal_type_id_foreign` FOREIGN KEY (`meal_type_id`) REFERENCES `meal_types` (`id`) ON DELETE CASCADE;

--
-- Constraints for table `package_bundles`
--
ALTER TABLE `package_bundles`
  ADD CONSTRAINT `package_bundles_package_id_foreign` FOREIGN KEY (`package_id`) REFERENCES `packages` (`id`) ON DELETE CASCADE;

--
-- Constraints for table `package_bundle_days`
--
ALTER TABLE `package_bundle_days`
  ADD CONSTRAINT `package_bundle_days_package_bundle_id_foreign` FOREIGN KEY (`package_bundle_id`) REFERENCES `package_bundles` (`id`) ON DELETE CASCADE,
  ADD CONSTRAINT `package_bundle_days_package_id_foreign` FOREIGN KEY (`package_id`) REFERENCES `packages` (`id`) ON DELETE CASCADE;

--
-- Constraints for table `package_bundle_types`
--
ALTER TABLE `package_bundle_types`
  ADD CONSTRAINT `package_bundle_types_meal_type_id_foreign` FOREIGN KEY (`meal_type_id`) REFERENCES `meal_types` (`id`) ON DELETE CASCADE,
  ADD CONSTRAINT `package_bundle_types_package_bundle_id_foreign` FOREIGN KEY (`package_bundle_id`) REFERENCES `package_bundles` (`id`) ON DELETE CASCADE,
  ADD CONSTRAINT `package_bundle_types_package_id_foreign` FOREIGN KEY (`package_id`) REFERENCES `packages` (`id`) ON DELETE CASCADE;

--
-- Constraints for table `package_intakes`
--
ALTER TABLE `package_intakes`
  ADD CONSTRAINT `package_intakes_package_id_foreign` FOREIGN KEY (`package_id`) REFERENCES `packages` (`id`) ON DELETE CASCADE;

--
-- Constraints for table `package_intake_meals`
--
ALTER TABLE `package_intake_meals`
  ADD CONSTRAINT `package_intake_meals_meal_type_id_foreign` FOREIGN KEY (`meal_type_id`) REFERENCES `meal_types` (`id`) ON DELETE CASCADE,
  ADD CONSTRAINT `package_intake_meals_package_id_foreign` FOREIGN KEY (`package_id`) REFERENCES `packages` (`id`) ON DELETE CASCADE,
  ADD CONSTRAINT `package_intake_meals_package_intake_id_foreign` FOREIGN KEY (`package_intake_id`) REFERENCES `package_intakes` (`id`) ON DELETE CASCADE;

--
-- Constraints for table `package_meals`
--
ALTER TABLE `package_meals`
  ADD CONSTRAINT `package_meals_meal_id_foreign` FOREIGN KEY (`meal_id`) REFERENCES `meals` (`id`) ON DELETE CASCADE,
  ADD CONSTRAINT `package_meals_meal_type_id_foreign` FOREIGN KEY (`meal_type_id`) REFERENCES `meal_types` (`id`) ON DELETE CASCADE,
  ADD CONSTRAINT `package_meals_meal_type_item_id_foreign` FOREIGN KEY (`meal_type_item_id`) REFERENCES `meal_type_items` (`id`) ON DELETE SET NULL,
  ADD CONSTRAINT `package_meals_package_id_foreign` FOREIGN KEY (`package_id`) REFERENCES `packages` (`id`) ON DELETE CASCADE,
  ADD CONSTRAINT `package_meals_package_intake_id_foreign` FOREIGN KEY (`package_intake_id`) REFERENCES `package_intakes` (`id`) ON DELETE CASCADE;

--
-- Constraints for table `package_meal_drinks`
--
ALTER TABLE `package_meal_drinks`
  ADD CONSTRAINT `package_meal_drinks_drink_id_foreign` FOREIGN KEY (`drink_id`) REFERENCES `drinks` (`id`) ON DELETE CASCADE,
  ADD CONSTRAINT `package_meal_drinks_meal_drink_id_foreign` FOREIGN KEY (`meal_drink_id`) REFERENCES `meal_drinks` (`id`) ON DELETE CASCADE,
  ADD CONSTRAINT `package_meal_drinks_package_meal_id_foreign` FOREIGN KEY (`package_meal_id`) REFERENCES `package_meals` (`id`) ON DELETE CASCADE,
  ADD CONSTRAINT `package_meal_drinks_unit_id_foreign` FOREIGN KEY (`unit_id`) REFERENCES `units` (`id`) ON DELETE CASCADE;

--
-- Constraints for table `package_meal_packings`
--
ALTER TABLE `package_meal_packings`
  ADD CONSTRAINT `package_meal_packings_meal_packing_id_foreign` FOREIGN KEY (`meal_packing_id`) REFERENCES `meal_packings` (`id`) ON DELETE CASCADE,
  ADD CONSTRAINT `package_meal_packings_package_meal_id_foreign` FOREIGN KEY (`package_meal_id`) REFERENCES `package_meals` (`id`) ON DELETE CASCADE;

--
-- Constraints for table `package_meal_portions`
--
ALTER TABLE `package_meal_portions`
  ADD CONSTRAINT `package_meal_portions_meal_portion_id_foreign` FOREIGN KEY (`meal_portion_id`) REFERENCES `meal_portions` (`id`) ON DELETE CASCADE,
  ADD CONSTRAINT `package_meal_portions_package_meal_id_foreign` FOREIGN KEY (`package_meal_id`) REFERENCES `package_meals` (`id`) ON DELETE CASCADE,
  ADD CONSTRAINT `package_meal_portions_portion_id_foreign` FOREIGN KEY (`portion_id`) REFERENCES `portions` (`id`) ON DELETE CASCADE,
  ADD CONSTRAINT `package_meal_portions_unit_id_foreign` FOREIGN KEY (`unit_id`) REFERENCES `units` (`id`) ON DELETE CASCADE;

--
-- Constraints for table `package_meal_sauces`
--
ALTER TABLE `package_meal_sauces`
  ADD CONSTRAINT `package_meal_sauces_meal_sauce_id_foreign` FOREIGN KEY (`meal_sauce_id`) REFERENCES `meal_sauces` (`id`) ON DELETE CASCADE,
  ADD CONSTRAINT `package_meal_sauces_package_meal_id_foreign` FOREIGN KEY (`package_meal_id`) REFERENCES `package_meals` (`id`) ON DELETE CASCADE,
  ADD CONSTRAINT `package_meal_sauces_sauce_id_foreign` FOREIGN KEY (`sauce_id`) REFERENCES `sauces` (`id`) ON DELETE CASCADE,
  ADD CONSTRAINT `package_meal_sauces_unit_id_foreign` FOREIGN KEY (`unit_id`) REFERENCES `units` (`id`) ON DELETE CASCADE;

--
-- Constraints for table `package_meal_sides`
--
ALTER TABLE `package_meal_sides`
  ADD CONSTRAINT `package_meal_sides_meal_side_id_foreign` FOREIGN KEY (`meal_side_id`) REFERENCES `meal_sides` (`id`) ON DELETE CASCADE,
  ADD CONSTRAINT `package_meal_sides_package_meal_id_foreign` FOREIGN KEY (`package_meal_id`) REFERENCES `package_meals` (`id`) ON DELETE CASCADE,
  ADD CONSTRAINT `package_meal_sides_side_id_foreign` FOREIGN KEY (`side_id`) REFERENCES `sides` (`id`) ON DELETE CASCADE,
  ADD CONSTRAINT `package_meal_sides_unit_id_foreign` FOREIGN KEY (`unit_id`) REFERENCES `units` (`id`) ON DELETE CASCADE;

--
-- Constraints for table `package_meal_snacks`
--
ALTER TABLE `package_meal_snacks`
  ADD CONSTRAINT `package_meal_snacks_meal_snack_id_foreign` FOREIGN KEY (`meal_snack_id`) REFERENCES `meal_snacks` (`id`) ON DELETE CASCADE,
  ADD CONSTRAINT `package_meal_snacks_package_meal_id_foreign` FOREIGN KEY (`package_meal_id`) REFERENCES `package_meals` (`id`) ON DELETE CASCADE,
  ADD CONSTRAINT `package_meal_snacks_snack_id_foreign` FOREIGN KEY (`snack_id`) REFERENCES `snacks` (`id`) ON DELETE CASCADE,
  ADD CONSTRAINT `package_meal_snacks_unit_id_foreign` FOREIGN KEY (`unit_id`) REFERENCES `units` (`id`) ON DELETE CASCADE;

--
-- Constraints for table `package_plans`
--
ALTER TABLE `package_plans`
  ADD CONSTRAINT `package_plans_package_id_foreign` FOREIGN KEY (`package_id`) REFERENCES `packages` (`id`) ON DELETE CASCADE,
  ADD CONSTRAINT `package_plans_package_intake_id_foreign` FOREIGN KEY (`package_intake_id`) REFERENCES `package_intakes` (`id`) ON DELETE CASCADE;

--
-- Constraints for table `package_plan_drinks`
--
ALTER TABLE `package_plan_drinks`
  ADD CONSTRAINT `package_plan_drinks_drink_id_foreign` FOREIGN KEY (`drink_id`) REFERENCES `drinks` (`id`) ON DELETE CASCADE,
  ADD CONSTRAINT `package_plan_drinks_meal_type_id_foreign` FOREIGN KEY (`meal_type_id`) REFERENCES `meal_types` (`id`) ON DELETE CASCADE,
  ADD CONSTRAINT `package_plan_drinks_package_id_foreign` FOREIGN KEY (`package_id`) REFERENCES `packages` (`id`) ON DELETE CASCADE,
  ADD CONSTRAINT `package_plan_drinks_package_intake_id_foreign` FOREIGN KEY (`package_intake_id`) REFERENCES `package_intakes` (`id`) ON DELETE CASCADE,
  ADD CONSTRAINT `package_plan_drinks_package_plan_id_foreign` FOREIGN KEY (`package_plan_id`) REFERENCES `package_plans` (`id`) ON DELETE CASCADE;

--
-- Constraints for table `package_plan_meals`
--
ALTER TABLE `package_plan_meals`
  ADD CONSTRAINT `package_plan_meals_meal_id_foreign` FOREIGN KEY (`meal_id`) REFERENCES `meals` (`id`) ON DELETE CASCADE,
  ADD CONSTRAINT `package_plan_meals_meal_type_id_foreign` FOREIGN KEY (`meal_type_id`) REFERENCES `meal_types` (`id`) ON DELETE CASCADE,
  ADD CONSTRAINT `package_plan_meals_package_id_foreign` FOREIGN KEY (`package_id`) REFERENCES `packages` (`id`) ON DELETE CASCADE,
  ADD CONSTRAINT `package_plan_meals_package_intake_id_foreign` FOREIGN KEY (`package_intake_id`) REFERENCES `package_intakes` (`id`) ON DELETE CASCADE,
  ADD CONSTRAINT `package_plan_meals_package_meal_id_foreign` FOREIGN KEY (`package_meal_id`) REFERENCES `package_meals` (`id`) ON DELETE CASCADE,
  ADD CONSTRAINT `package_plan_meals_package_plan_id_foreign` FOREIGN KEY (`package_plan_id`) REFERENCES `package_plans` (`id`) ON DELETE CASCADE;

--
-- Constraints for table `package_plan_sides`
--
ALTER TABLE `package_plan_sides`
  ADD CONSTRAINT `package_plan_sides_meal_type_id_foreign` FOREIGN KEY (`meal_type_id`) REFERENCES `meal_types` (`id`) ON DELETE CASCADE,
  ADD CONSTRAINT `package_plan_sides_package_id_foreign` FOREIGN KEY (`package_id`) REFERENCES `packages` (`id`) ON DELETE CASCADE,
  ADD CONSTRAINT `package_plan_sides_package_intake_id_foreign` FOREIGN KEY (`package_intake_id`) REFERENCES `package_intakes` (`id`) ON DELETE CASCADE,
  ADD CONSTRAINT `package_plan_sides_package_plan_id_foreign` FOREIGN KEY (`package_plan_id`) REFERENCES `package_plans` (`id`) ON DELETE CASCADE,
  ADD CONSTRAINT `package_plan_sides_side_id_foreign` FOREIGN KEY (`side_id`) REFERENCES `sides` (`id`) ON DELETE CASCADE;

--
-- Constraints for table `package_plan_snacks`
--
ALTER TABLE `package_plan_snacks`
  ADD CONSTRAINT `package_plan_snacks_meal_type_id_foreign` FOREIGN KEY (`meal_type_id`) REFERENCES `meal_types` (`id`) ON DELETE CASCADE,
  ADD CONSTRAINT `package_plan_snacks_package_id_foreign` FOREIGN KEY (`package_id`) REFERENCES `packages` (`id`) ON DELETE CASCADE,
  ADD CONSTRAINT `package_plan_snacks_package_intake_id_foreign` FOREIGN KEY (`package_intake_id`) REFERENCES `package_intakes` (`id`) ON DELETE CASCADE,
  ADD CONSTRAINT `package_plan_snacks_package_plan_id_foreign` FOREIGN KEY (`package_plan_id`) REFERENCES `package_plans` (`id`) ON DELETE CASCADE,
  ADD CONSTRAINT `package_plan_snacks_snack_id_foreign` FOREIGN KEY (`snack_id`) REFERENCES `snacks` (`id`) ON DELETE CASCADE;

--
-- Constraints for table `portions`
--
ALTER TABLE `portions`
  ADD CONSTRAINT `portions_cuisine_id_foreign` FOREIGN KEY (`cuisine_id`) REFERENCES `cuisines` (`id`) ON DELETE SET NULL;

--
-- Constraints for table `portion_components`
--
ALTER TABLE `portion_components`
  ADD CONSTRAINT `portion_components_component_id_foreign` FOREIGN KEY (`component_id`) REFERENCES `components` (`id`) ON DELETE CASCADE,
  ADD CONSTRAINT `portion_components_portion_id_foreign` FOREIGN KEY (`portion_id`) REFERENCES `portions` (`id`) ON DELETE CASCADE,
  ADD CONSTRAINT `portion_components_unit_id_foreign` FOREIGN KEY (`unit_id`) REFERENCES `units` (`id`) ON DELETE CASCADE;

--
-- Constraints for table `portion_packings`
--
ALTER TABLE `portion_packings`
  ADD CONSTRAINT `portion_packings_portion_id_foreign` FOREIGN KEY (`portion_id`) REFERENCES `portions` (`id`) ON DELETE CASCADE;

--
-- Constraints for table `portion_portions`
--
ALTER TABLE `portion_portions`
  ADD CONSTRAINT `portion_portions_portion_id_foreign` FOREIGN KEY (`portion_id`) REFERENCES `portions` (`id`) ON DELETE CASCADE,
  ADD CONSTRAINT `portion_portions_subportion_id_foreign` FOREIGN KEY (`subportion_id`) REFERENCES `portions` (`id`) ON DELETE CASCADE,
  ADD CONSTRAINT `portion_portions_unit_id_foreign` FOREIGN KEY (`unit_id`) REFERENCES `units` (`id`) ON DELETE CASCADE;

--
-- Constraints for table `sauces`
--
ALTER TABLE `sauces`
  ADD CONSTRAINT `sauces_cuisine_id_foreign` FOREIGN KEY (`cuisine_id`) REFERENCES `cuisines` (`id`) ON DELETE SET NULL;

--
-- Constraints for table `sauce_components`
--
ALTER TABLE `sauce_components`
  ADD CONSTRAINT `sauce_components_component_id_foreign` FOREIGN KEY (`component_id`) REFERENCES `components` (`id`) ON DELETE CASCADE,
  ADD CONSTRAINT `sauce_components_sauce_id_foreign` FOREIGN KEY (`sauce_id`) REFERENCES `sauces` (`id`) ON DELETE CASCADE,
  ADD CONSTRAINT `sauce_components_unit_id_foreign` FOREIGN KEY (`unit_id`) REFERENCES `units` (`id`) ON DELETE CASCADE;

--
-- Constraints for table `sauce_packings`
--
ALTER TABLE `sauce_packings`
  ADD CONSTRAINT `sauce_packings_sauce_id_foreign` FOREIGN KEY (`sauce_id`) REFERENCES `sauces` (`id`) ON DELETE CASCADE;

--
-- Constraints for table `sauce_portions`
--
ALTER TABLE `sauce_portions`
  ADD CONSTRAINT `sauce_portions_portion_id_foreign` FOREIGN KEY (`portion_id`) REFERENCES `portions` (`id`) ON DELETE CASCADE,
  ADD CONSTRAINT `sauce_portions_sauce_id_foreign` FOREIGN KEY (`sauce_id`) REFERENCES `sauces` (`id`) ON DELETE CASCADE,
  ADD CONSTRAINT `sauce_portions_unit_id_foreign` FOREIGN KEY (`unit_id`) REFERENCES `units` (`id`) ON DELETE CASCADE;

--
-- Constraints for table `sides`
--
ALTER TABLE `sides`
  ADD CONSTRAINT `sides_cuisine_id_foreign` FOREIGN KEY (`cuisine_id`) REFERENCES `cuisines` (`id`) ON DELETE SET NULL;

--
-- Constraints for table `side_components`
--
ALTER TABLE `side_components`
  ADD CONSTRAINT `side_components_component_id_foreign` FOREIGN KEY (`component_id`) REFERENCES `components` (`id`) ON DELETE CASCADE,
  ADD CONSTRAINT `side_components_side_id_foreign` FOREIGN KEY (`side_id`) REFERENCES `sides` (`id`) ON DELETE CASCADE,
  ADD CONSTRAINT `side_components_unit_id_foreign` FOREIGN KEY (`unit_id`) REFERENCES `units` (`id`) ON DELETE CASCADE;

--
-- Constraints for table `side_packings`
--
ALTER TABLE `side_packings`
  ADD CONSTRAINT `side_packings_side_id_foreign` FOREIGN KEY (`side_id`) REFERENCES `sides` (`id`) ON DELETE CASCADE;

--
-- Constraints for table `side_portions`
--
ALTER TABLE `side_portions`
  ADD CONSTRAINT `side_portions_portion_id_foreign` FOREIGN KEY (`portion_id`) REFERENCES `portions` (`id`) ON DELETE CASCADE,
  ADD CONSTRAINT `side_portions_side_id_foreign` FOREIGN KEY (`side_id`) REFERENCES `sides` (`id`) ON DELETE CASCADE,
  ADD CONSTRAINT `side_portions_unit_id_foreign` FOREIGN KEY (`unit_id`) REFERENCES `units` (`id`) ON DELETE CASCADE;

--
-- Constraints for table `snacks`
--
ALTER TABLE `snacks`
  ADD CONSTRAINT `snacks_cuisine_id_foreign` FOREIGN KEY (`cuisine_id`) REFERENCES `cuisines` (`id`) ON DELETE SET NULL;

--
-- Constraints for table `snack_components`
--
ALTER TABLE `snack_components`
  ADD CONSTRAINT `snack_components_component_id_foreign` FOREIGN KEY (`component_id`) REFERENCES `components` (`id`) ON DELETE CASCADE,
  ADD CONSTRAINT `snack_components_snack_id_foreign` FOREIGN KEY (`snack_id`) REFERENCES `snacks` (`id`) ON DELETE CASCADE,
  ADD CONSTRAINT `snack_components_unit_id_foreign` FOREIGN KEY (`unit_id`) REFERENCES `units` (`id`) ON DELETE CASCADE;

--
-- Constraints for table `snack_packings`
--
ALTER TABLE `snack_packings`
  ADD CONSTRAINT `snack_packings_snack_id_foreign` FOREIGN KEY (`snack_id`) REFERENCES `snacks` (`id`) ON DELETE CASCADE;

--
-- Constraints for table `snack_portions`
--
ALTER TABLE `snack_portions`
  ADD CONSTRAINT `snack_portions_portion_id_foreign` FOREIGN KEY (`portion_id`) REFERENCES `portions` (`id`) ON DELETE CASCADE,
  ADD CONSTRAINT `snack_portions_snack_id_foreign` FOREIGN KEY (`snack_id`) REFERENCES `snacks` (`id`) ON DELETE CASCADE,
  ADD CONSTRAINT `snack_portions_unit_id_foreign` FOREIGN KEY (`unit_id`) REFERENCES `units` (`id`) ON DELETE CASCADE;
COMMIT;

